{"id":12659,"date":"2025-01-23T08:36:47","date_gmt":"2025-01-23T08:36:47","guid":{"rendered":"https:\/\/jag.se\/assistans\/vart-erbjudande-3\/"},"modified":"2025-04-10T07:57:15","modified_gmt":"2025-04-10T07:57:15","slug":"skane","status":"publish","type":"page","link":"https:\/\/jag.se\/assistans\/skane\/","title":{"rendered":"Sk\u00e5ne"},"content":{"rendered":"<div class=\"yoast-breadcrumbs\">\t<div class=\"inner\">\n\t\t<span><span><a href=\"https:\/\/jag.se\">JAG start<\/a><\/span> &gt; <span><a href=\"https:\/\/jag.se\/assistans\/\">JAG Personlig assistans<\/a><\/span> &gt; <span class=\"breadcrumb_last\" aria-current=\"page\">Sk\u00e5ne<\/span><\/span>\t<\/div>\n<\/div>\n\n<section class=\"banner\">\n\t<img loading=\"lazy\" decoding=\"async\" width=\"2009\" height=\"854\" src=\"https:\/\/jag.se\/assistans\/wp-content\/uploads\/sites\/2\/2025\/04\/Maja-hemsida-2-e1740049193172-kopiera.webp\" class=\"bg-desktop\" alt=\"En flicka i rullstol p\u00e5 en gr\u00e4smatta. Hennes assistent sitter p\u00e5 huk framf\u00f6r henne.\" srcset=\"https:\/\/jag.se\/assistans\/wp-content\/uploads\/sites\/2\/2025\/04\/Maja-hemsida-2-e1740049193172-kopiera.webp 2009w, https:\/\/jag.se\/assistans\/wp-content\/uploads\/sites\/2\/2025\/04\/Maja-hemsida-2-e1740049193172-kopiera-150x64@2x.webp 300w, https:\/\/jag.se\/assistans\/wp-content\/uploads\/sites\/2\/2025\/04\/Maja-hemsida-2-e1740049193172-kopiera-1024x435.webp 1024w, https:\/\/jag.se\/assistans\/wp-content\/uploads\/sites\/2\/2025\/04\/Maja-hemsida-2-e1740049193172-kopiera-768x326.webp 768w, https:\/\/jag.se\/assistans\/wp-content\/uploads\/sites\/2\/2025\/04\/Maja-hemsida-2-e1740049193172-kopiera-1536x653.webp 1536w, https:\/\/jag.se\/assistans\/wp-content\/uploads\/sites\/2\/2025\/04\/Maja-hemsida-2-e1740049193172-kopiera-1920x816.webp 1920w, https:\/\/jag.se\/assistans\/wp-content\/uploads\/sites\/2\/2025\/04\/Maja-hemsida-2-e1740049193172-kopiera-235x100.webp 235w, https:\/\/jag.se\/assistans\/wp-content\/uploads\/sites\/2\/2025\/04\/Maja-hemsida-2-e1740049193172-kopiera-120x51.webp 120w, https:\/\/jag.se\/assistans\/wp-content\/uploads\/sites\/2\/2025\/04\/Maja-hemsida-2-e1740049193172-kopiera-540x230.webp 540w, https:\/\/jag.se\/assistans\/wp-content\/uploads\/sites\/2\/2025\/04\/Maja-hemsida-2-e1740049193172-kopiera-601x255.webp 601w, https:\/\/jag.se\/assistans\/wp-content\/uploads\/sites\/2\/2025\/04\/Maja-hemsida-2-e1740049193172-kopiera-150x64.webp 150w, https:\/\/jag.se\/assistans\/wp-content\/uploads\/sites\/2\/2025\/04\/Maja-hemsida-2-e1740049193172-kopiera-311x132.webp 311w, https:\/\/jag.se\/assistans\/wp-content\/uploads\/sites\/2\/2025\/04\/Maja-hemsida-2-e1740049193172-kopiera-369x157.webp 369w, https:\/\/jag.se\/assistans\/wp-content\/uploads\/sites\/2\/2025\/04\/Maja-hemsida-2-e1740049193172-kopiera-374x159.webp 374w, https:\/\/jag.se\/assistans\/wp-content\/uploads\/sites\/2\/2025\/04\/Maja-hemsida-2-e1740049193172-kopiera-118x50.webp 118w, https:\/\/jag.se\/assistans\/wp-content\/uploads\/sites\/2\/2025\/04\/Maja-hemsida-2-e1740049193172-kopiera-1317x560.webp 1317w, https:\/\/jag.se\/assistans\/wp-content\/uploads\/sites\/2\/2025\/04\/Maja-hemsida-2-e1740049193172-kopiera-300x128@2x.webp 600w, https:\/\/jag.se\/assistans\/wp-content\/uploads\/sites\/2\/2025\/04\/Maja-hemsida-2-e1740049193172-kopiera-235x100@2x.webp 470w, https:\/\/jag.se\/assistans\/wp-content\/uploads\/sites\/2\/2025\/04\/Maja-hemsida-2-e1740049193172-kopiera-120x51@2x.webp 240w, https:\/\/jag.se\/assistans\/wp-content\/uploads\/sites\/2\/2025\/04\/Maja-hemsida-2-e1740049193172-kopiera-540x230@2x.webp 1080w, https:\/\/jag.se\/assistans\/wp-content\/uploads\/sites\/2\/2025\/04\/Maja-hemsida-2-e1740049193172-kopiera-311x132@2x.webp 622w, https:\/\/jag.se\/assistans\/wp-content\/uploads\/sites\/2\/2025\/04\/Maja-hemsida-2-e1740049193172-kopiera-374x159@2x.webp 748w, https:\/\/jag.se\/assistans\/wp-content\/uploads\/sites\/2\/2025\/04\/Maja-hemsida-2-e1740049193172-kopiera-118x50@2x.webp 236w\" sizes=\"auto, (max-width: 2009px) 100vw, 2009px\" \/><img loading=\"lazy\" decoding=\"async\" width=\"540\" height=\"430\" src=\"https:\/\/jag.se\/assistans\/wp-content\/uploads\/sites\/2\/2025\/04\/Maja-hemsida-2-e1740049193172-1-kopiera-2-mobil-540x430.webp\" class=\"bg-mobile\" alt=\"En flicka i rullstol p\u00e5 en gr\u00e4smatta. Hennes assistent sitter p\u00e5 huk framf\u00f6r henne.\" srcset=\"https:\/\/jag.se\/assistans\/wp-content\/uploads\/sites\/2\/2025\/04\/Maja-hemsida-2-e1740049193172-1-kopiera-2-mobil-540x430.webp 540w, https:\/\/jag.se\/assistans\/wp-content\/uploads\/sites\/2\/2025\/04\/Maja-hemsida-2-e1740049193172-1-kopiera-2-mobil-300x239.webp 300w, https:\/\/jag.se\/assistans\/wp-content\/uploads\/sites\/2\/2025\/04\/Maja-hemsida-2-e1740049193172-1-kopiera-2-mobil-768x612.webp 768w, https:\/\/jag.se\/assistans\/wp-content\/uploads\/sites\/2\/2025\/04\/Maja-hemsida-2-e1740049193172-1-kopiera-2-mobil-126x100.webp 126w, https:\/\/jag.se\/assistans\/wp-content\/uploads\/sites\/2\/2025\/04\/Maja-hemsida-2-e1740049193172-1-kopiera-2-mobil-120x96.webp 120w, https:\/\/jag.se\/assistans\/wp-content\/uploads\/sites\/2\/2025\/04\/Maja-hemsida-2-e1740049193172-1-kopiera-2-mobil-601x479.webp 601w, https:\/\/jag.se\/assistans\/wp-content\/uploads\/sites\/2\/2025\/04\/Maja-hemsida-2-e1740049193172-1-kopiera-2-mobil-150x119.webp 150w, https:\/\/jag.se\/assistans\/wp-content\/uploads\/sites\/2\/2025\/04\/Maja-hemsida-2-e1740049193172-1-kopiera-2-mobil-311x248.webp 311w, https:\/\/jag.se\/assistans\/wp-content\/uploads\/sites\/2\/2025\/04\/Maja-hemsida-2-e1740049193172-1-kopiera-2-mobil-369x294.webp 369w, https:\/\/jag.se\/assistans\/wp-content\/uploads\/sites\/2\/2025\/04\/Maja-hemsida-2-e1740049193172-1-kopiera-2-mobil-374x298.webp 374w, https:\/\/jag.se\/assistans\/wp-content\/uploads\/sites\/2\/2025\/04\/Maja-hemsida-2-e1740049193172-1-kopiera-2-mobil-63x50.webp 63w, https:\/\/jag.se\/assistans\/wp-content\/uploads\/sites\/2\/2025\/04\/Maja-hemsida-2-e1740049193172-1-kopiera-2-mobil-703x560.webp 703w, https:\/\/jag.se\/assistans\/wp-content\/uploads\/sites\/2\/2025\/04\/Maja-hemsida-2-e1740049193172-1-kopiera-2-mobil.webp 800w\" sizes=\"auto, (max-width: 540px) 100vw, 540px\" \/>\t<div class=\"inner\">\n\t\t\t\t\t<div class=\"text-block  none\">\n\t\t\t\t\t\t\t\t\t<h3>Har du flera stora funktionsneds\u00e4ttningar? <\/h3>\n\t\t\t\t\t\t\t\t\t<p data-pm-slice=\"1 1 [&quot;list&quot;,{},&quot;list_item&quot;,{&quot;indent&quot;:1,&quot;type&quot;:&quot;bulleted&quot;}]\">D\u00e5 har du hamnat alldeles r\u00e4tt. Vi \u00e4r Sveriges st\u00f6rsta och sn\u00e4llaste privata assistansanordnare som drivs utan vinstsyfte. Vi st\u00e5r stadigt och finns h\u00e4r f\u00f6r dig som bor i Sk\u00e5ne.\ud83e\ude77<\/p>\n\t\t\t\t<a href=\"https:\/\/outlook.office365.com\/book\/Medlemsrekrytering@jag.se\/\" target=\"_blank\" class=\"button inverted none\">Boka samtal om assistans<\/a> \t\t\t<\/div>\n\t\t\t\t<\/div>\n<\/section>\n\n\n\n<h1 class=\"wp-block-heading\">Personlig assistans i Malm\u00f6, Lund, Helsingborg och hela Sk\u00e5ne <\/h1>\n\n\n<section class=\"text-block white  \">\n    <div class=\"block-icon\"><\/div>\n\t<div class=\"inner\">\n\t\t<div class=\"text-block-content\">\n\t\t\t\t\t<h2 class=\"\">Du \u00e4r stj\u00e4rnan i showen!<\/h2>\n\t\t\t\t\t<p><strong>Om du har flera stora funktionsneds\u00e4ttningar d\u00e4r en p\u00e5verkar den intellektuella f\u00f6rm\u00e5gan har du hamnat mitt i prick. <\/strong><strong>Vi st\u00e5r p\u00e5 din sida. Det kommer du m\u00e4rka b\u00e5de i assistansen och i k\u00e4mpagl\u00f6den i riksf\u00f6reningen. D\u00e4r det arbetas innovativt f\u00f6r att s\u00e4kra personlig assistans f\u00f6r dig med st\u00f6rst behov, nu men ocks\u00e5 i framtiden.\u00a0<\/strong><\/p>\n<p>Hos oss kretsar allt kring dig och dina behov. Den personliga assistansen anpassas efter dina \u00f6nskem\u00e5l och beslut. JAG Personlig assistans skapades f\u00f6r just dig som beh\u00f6ver ett starkt st\u00f6d med arbetsledning, kontinuitet och bemanning av en person du har f\u00f6rtroende f\u00f6r och som finns n\u00e4ra dig. Det ser till att din assistans blir som du vill ha den.<\/p>\n<p>V\u00e5rt m\u00e5l \u00e4r att du ska f\u00e5 den b\u00e4sta m\u00f6jliga personligt anpassade assistansen i livets alla situationer, i stort som sm\u00e5tt.<\/p>\n<p>Som privat assistansanordnare har vi tillst\u00e5nd fr\u00e5n Inspektionen f\u00f6r v\u00e5rd och omsorg (IVO). Vi f\u00f6ljer reglerna i LSS och Socialf\u00f6rs\u00e4kringsbalken och ser till att du f\u00e5r den assistans du beh\u00f6ver.<\/p>\n<p>Hos oss har m\u00e5nga assistansanv\u00e4ndare en legal f\u00f6retr\u00e4dare. Har du en legal f\u00f6retr\u00e4dare vet du redan att det \u00e4r din hj\u00e4lte i bakgrunden. Som hj\u00e4lper dig att fatta viktiga beslut och ser till att dina r\u00e4ttigheter och intressen skyddas.\u00a0<\/p>\n<p><strong>Fr\u00e5n Malm\u00f6 till Lund, Helsingborg och hela Sk\u00e5ne \u2013 vi finns h\u00e4r f\u00f6r att g\u00f6ra din vardag enklare, tryggare och mer sj\u00e4lvst\u00e4ndig. \ud83d\udcaa<\/strong><\/p>\n\t\t<\/div>\n<\/section>\n\n\n<section class=\"links-list white-bg\">\n\t<div class=\"inner\">\n\t\t\t\t<ul >\n\t\t\t\t\t\t\t<li><a href=\"https:\/\/outlook.office365.com\/book\/Medlemsrekrytering@jag.se\/\">Boka samtal om assistans<\/a><\/li>\n\t\t\t\t\t\t<\/ul>\n\t\t\t\t<\/div>\n<\/section>\n\n\n<section class=\"text-block ocean  \">\n    <div class=\"block-icon\"><\/div>\n\t<div class=\"inner\">\n\t\t<div class=\"text-block-content\">\n\t\t\t\t\t<h2 class=\"\">Vill du veta om vi passar f\u00f6r dig? <\/h2>\n\t\t\t\t\t<p>Funderar du p\u00e5 anordnarbyte eller att ans\u00f6kan om personlig assistans? D\u00e5 finns vi h\u00e4r f\u00f6r dig och svarar p\u00e5 dina fr\u00e5gor.<\/p>\n<p>Ring\u00a0 <a href=\"tel:08-789 30 03\">08-789 30 03<\/a> eller <a href=\"https:\/\/outlook.office365.com\/book\/Medlemsrekrytering@jag.se\/\">boka ett digitalt samtal. <\/a><\/p>\n<p>Det \u00e4r oss du tr\u00e4ffar n\u00e4r du h\u00f6r av dig:<\/p>\n<img decoding=\"async\" class=\"wp-image-12430 aligncenter\" src=\"https:\/\/jag.se\/assistans\/wp-content\/uploads\/sites\/2\/2025\/04\/medlemsrek_2025-kopiera.webp\" \/>\n<p style=\"text-align: center\"><em>Carina Ingren, Solveig Tillander, Cecilia Wiest\u00e5l och Hansine Hjellum.<br \/><\/em><\/p>\n<p><strong>Carina Ingren<\/strong>\u00a0<a href=\"tel:076-545 30 30\">076-545 30 30<\/a><strong><br \/>Solveig Tillander<\/strong>\u00a0<a href=\"tel:076-545 30 42\">076-545 30 42<\/a> <br \/><strong>Cecilia Wiest\u00e5l<\/strong>\u00a0<a href=\"tel:076-545 30 71\">076-545 30 71<\/a><strong><br \/>Hansine Hjellum<\/strong>\u00a0<a href=\"tel:076-545 30 72\">076-545 30 72<\/a><\/p>\n<p><strong>Vill du veta mer innan du kontaktar oss kan du titta p\u00e5 v\u00e5ra f\u00f6rel\u00e4sningar om anordnarbyte och juridiskt st\u00f6d:<\/strong><\/p>\n<p><strong><a href=\"https:\/\/sv-se.eu.invajo.com\/event\/jagpersonligassistans\/attbytatilljagsomassistansanordnarevadinnebardet.2\">Att byta till JAG som assistansanordnare &#8211; vad inneb\u00e4r det? (30 min)<\/a><\/strong><\/p>\n<p><strong><a href=\"https:\/\/sv-se.eu.invajo.com\/event\/jagpersonligassistans\/omjuridisktstodvidansokanompersonligassistans\">Juridiskt st\u00f6d f\u00f6r att ans\u00f6ka om personlig assistans (30 min)<\/a><\/strong><\/p>\n\t\t<\/div>\n<\/section>\n\n\n<section class=\"text-block white  \">\n    <div class=\"block-icon\"><\/div>\n\t<div class=\"inner\">\n\t\t<div class=\"text-block-content\">\n\t\t\t\t\t<h2 class=\"\">Maja Lorentz i Lund<\/h2>\n\t\t\t\t\t<p>Maja Lorentz bor i Lund och \u00e4r assistansanv\u00e4ndare i JAG.\u00a0<\/p>\n<p>Sommaren 2020 var Maja med i v\u00e5r YouTube-serie <strong>K\u00e4ra assistent<\/strong> d\u00e4r man fick f\u00f6lja Maja, tillsammans med hennes personliga assistent Engla Theander, och Majas familj i vardagen. I avsnitten \u00e5ker de bland annat p\u00e5 l\u00e4ger och firar midsommar. M\u00f6t Maja i f\u00f6rsta avsnittet l\u00e4ngre ner!<\/p>\n<p>&nbsp;<\/p>\n<img decoding=\"async\" src=\"https:\/\/jag.se\/assistans\/wp-content\/uploads\/sites\/2\/2025\/04\/KL5D9978-scaled-3-kopiera.webp\" \/>\n\t\t<\/div>\n<\/section>\n\n\n<section class=\"text-block vvb-rose  \">\n    <div class=\"block-icon\"><\/div>\n\t<div class=\"inner\">\n\t\t<div class=\"text-block-content\">\n\t\t\t\t\t<h2 class=\"\">Tr\u00e4ffpunkt i Malm\u00f6<\/h2>\n\t\t\t\t\t<p><span lang=\"SV\">Vi har tillg\u00e5ng till lokaler hos <a href=\"https:\/\/www.foreningenparaplyet.se\/\" target=\"_blank\" rel=\"noopener\">F\u00f6reningen Paraplyet,<\/a> Industrigatan 33 i Malm\u00f6 (se markeringen p\u00e5 kartan). <\/span><\/p>\n<p><span lang=\"SV\"><strong>F\u00f6reningen JAG Sk\u00e5ne<\/strong> \u00e4r intressepolitiskt aktiva och arbetar b\u00e5de med kulturella uttryck i funktionsr\u00e4ttsfr\u00e5gor och med att p\u00e5verka lokala politiker. F\u00f6reningen ordnar \u00e4ven aktiviteter f\u00f6r medlemmarna f\u00f6r att \u00f6ka gemenskapen i omr\u00e5det.<\/span><\/p>\n<p><span lang=\"SV\">Styrelsen i F\u00f6reningen JAG Sk\u00e5ne best\u00e5r av<span class=\"ui-provider ep bee bef beg beh bei bej bek bel bem ben beo bep beq ber bes bet beu bev bew bex bey bez bfa bfb bfc bfd bfe bff bfg bfh bfi bfj bfk bfl\" dir=\"ltr\"> Kenny Brandt och Kajsa Magnusson. Om du vill komma i kontakt med f\u00f6reningen kan du mejla Maria Arkest\u00e5l p\u00e5 <strong><span style=\"text-decoration: underline\"><a class=\"fui-Link ___1eya986 f3rmtva f1ewtqcl fyind8e f1k6fduh f1w7gpdv fk6fouc fjoy568 figsok6 f1hu3pq6 f11qmguv f19f4twv f1tyq0we f1g0x7ka fhxju0i f1qch9an f1cnd47f fqv5qza f1vmzxwi f1o700av f13mvf36 f1cmlufx f9n3di6 f1ids18y f1tx3yz7 f1deo86v f1eh06m1 f1iescvh fhgqx19 f1olyrje f1p93eir f1nev41a f1h8hb77 f1x7u7e9 f10aw75t fsle3fq f17ae5zn\" title=\"mailto:maria.arkestal@jag.se\" href=\"mailto:maria.arkestal@jag.se\" target=\"_blank\" rel=\"noreferrer noopener\" aria-label=\"L\u00e4nk maria.arkestal@jag.se\">maria.arkestal@jag.se<\/a><\/span><\/strong><\/span><\/span><\/p>\n<p>&nbsp;<\/p>\n<img decoding=\"async\" class=\"aligncenter\" src=\"https:\/\/jag.se\/assistans\/wp-content\/uploads\/sites\/2\/2025\/01\/Skarmbild-2025-01-31-145054.png\" \/>\n\t\t<\/div>\n<\/section>\n\n\n<section class=\"text-block pink  \">\n    <div class=\"block-icon\"><\/div>\n\t<div class=\"inner\">\n\t\t<div class=\"text-block-content\">\n\t\t\t\t\t<h2 class=\"\">Passion och p\u00e5verkan <\/h2>\n\t\t\t\t\t<p>Riksf\u00f6reningen\u00a0 JAG jobbar uth\u00e5lligt och passionerat f\u00f6r att barn, ungdomar och vuxna med stora funktionsneds\u00e4ttningar varav en \u00e4r den intellektuella f\u00f6rm\u00e5gan, nu och i framtiden, ska ha r\u00e4tt till personlig assistans.\u00a0<\/p>\n<p><a href=\"https:\/\/jag.se\/opinion\/\" target=\"_blank\" rel=\"noopener\">Vill du veta mer om Riksf\u00f6reningen JAG? L\u00e4s vidare h\u00e4r!<\/a><\/p>\n<p>&nbsp;<\/p>\n<img decoding=\"async\" class=\"aligncenter\" src=\"https:\/\/jag.se\/assistans\/wp-content\/uploads\/sites\/2\/2025\/04\/a03677c1a41d5e24_org-9-scaled-kopiera.webp\" \/>\n\t\t<\/div>\n<\/section>\n\n\n<section class=\"text-block vvb-rose  \">\n    <div class=\"block-icon\"><\/div>\n\t<div class=\"inner\">\n\t\t<div class=\"text-block-content\">\n\t\t\t\t\t<h2 class=\"\">Utbildningar inom personlig assistans<\/h2>\n\t\t\t\t\t<p>Vi erbjuder utbildningar inom personlig assistans f\u00f6r:<\/p>\n<ul>\n<li>assistansanv\u00e4ndare<\/li>\n<li>assistenter<\/li>\n<li>arbetsledare<\/li>\n<li>f\u00f6retr\u00e4dare\/gode m\u00e4n<\/li>\n<\/ul>\n<p>I utbildningarna f\u00e5r du m\u00f6ta m\u00e4nniskor med olika kompetenser och erfarenheter. De som f\u00f6rel\u00e4ser kan vara externa f\u00f6rel\u00e4sare, r\u00e5dgivare fr\u00e5n JAG Personlig assistans, assistansanv\u00e4ndare, assistenter eller arbetsledare.<\/p>\n<p>M\u00e5nga utbildningar \u00e4r webbaserade men vi erbjuder \u00e4ven fysiska utbildningar i v\u00e5ra kurslokaler i Stockholm och p\u00e5 v\u00e5ra tr\u00e4ffpunkter ute i landet.\u00a0<\/p>\n<p>&nbsp;<\/p>\n<img loading=\"lazy\" decoding=\"async\" class=\"aligncenter\" src=\"https:\/\/jag.se\/assistans\/wp-content\/uploads\/sites\/2\/2025\/04\/simon_utb-e1740048390388-kopiera-1.webp\" width=\"491\" height=\"350\" \/>\n<p>&nbsp;<\/p>\n<img loading=\"lazy\" decoding=\"async\" class=\"aligncenter\" src=\"https:\/\/jag.se\/assistans\/wp-content\/uploads\/sites\/2\/2025\/04\/richard-e1740399852987-kopiera.webp\" width=\"491\" height=\"348\" \/>\n\t\t<\/div>\n<\/section>\n\n\n<section class=\"text-block white  \">\n    <div class=\"block-icon\"><\/div>\n\t<div class=\"inner\">\n\t\t<div class=\"text-block-content\">\n\t\t\t\t\t<h2 class=\"\">Maja Lorentz i K\u00e4ra assistent<\/h2>\n\t\t\t\t\t<p><span class=\"yt-core-attributed-string--link-inherit-color\" dir=\"auto\"><a class=\"yt-core-attributed-string__link yt-core-attributed-string__link--call-to-action-color\" href=\"https:\/\/www.youtube.com\/hashtag\/k%C3%A4raassistent\" target=\"\">#K\u00e4raAssistent<\/a><\/span><span class=\"yt-core-attributed-string--link-inherit-color\" dir=\"auto\">, en serie &#8211; om livet, v\u00e4nner, vardag och fest. Personlig assistans g\u00f6r livet m\u00f6jligt n\u00e4r du har stora funktionsneds\u00e4ttningar. Som personlig assistent g\u00f6r du skillnad varje dag i en annan m\u00e4nniskas liv. <a href=\"https:\/\/youtube.com\/@jagpersonligassistans?si=MtszCzwclNVo0nAg\" target=\"_blank\" rel=\"noopener\">Du hittar alla avsnitt p\u00e5 v\u00e5r Youtube.<\/a><\/span><\/p>\n\t\t<\/div>\n<\/section>\n\n\n\n<figure class=\"wp-block-embed aligncenter is-type-video is-provider-youtube wp-block-embed-youtube wp-embed-aspect-16-9 wp-has-aspect-ratio\"><div class=\"wp-block-embed__wrapper\">\n<iframe loading=\"lazy\" title=\"#K\u00e4raAssistent s\u00e4song 4 del 6\" width=\"500\" height=\"281\" src=\"https:\/\/www.youtube.com\/embed\/vEHtlM6_dkY?feature=oembed\" frameborder=\"0\" allow=\"accelerometer; autoplay; clipboard-write; encrypted-media; gyroscope; picture-in-picture; web-share\" referrerpolicy=\"strict-origin-when-cross-origin\" allowfullscreen><\/iframe>\n<\/div><\/figure>\n\n\n\t<section class=\"job-bubbles\">\n\t\t<div class=\"inner\">\n\t\t\t<div class=\"bubbles-wrap\">\n\t\t\t\t\t\t\t<div class=\"bubble bubble-1\">\n\t\t\t\t\tMed en fungerande assistans s\u00e5 blir det ju verkligen att leva&#8230;\t\t\t\t<\/div>\n\t\t\t\t\t\t\t\t<div class=\"bubble bubble-2\">\n\t\t\t\t\t&#8230;och det \u00e4r det som \u00e4r den stora skillnaden. \t\t\t\t<\/div>\n\t\t\t\t\t\t\t<\/div>\n\t\t<\/div>\n\t<\/section>\n\t\n\n<section class=\"links-list white-bg\">\n\t<div class=\"inner\">\n\t\t\t\t<ul >\n\t\t\t\t\t\t\t<li><a href=\"https:\/\/outlook.office365.com\/book\/Medlemsrekrytering@jag.se\/\">Boka samtal om assistans<\/a><\/li>\n\t\t\t\t\t\t\t\t<li><a href=\"https:\/\/jag.se\/assistans\/vart-erbjudande\/\">V\u00e5rt erbjudande<\/a><\/li>\n\t\t\t\t\t\t\t\t<li><a href=\"https:\/\/jag.se\/assistans\/juridisk-radgivning\/\">Juridiska r\u00e5dgivning<\/a><\/li>\n\t\t\t\t\t\t\t\t<li><a href=\"https:\/\/jag.se\/assistans\/byta-assistansanordnare\/\">Byta till oss som assistansanordnare<\/a><\/li>\n\t\t\t\t\t\t<\/ul>\n\t\t\t\t<\/div>\n<\/section>\n\n\n","protected":false},"excerpt":{"rendered":"<p>Personlig assistans i Malm\u00f6, Lund, Helsingborg och hela Sk\u00e5ne<\/p>\n","protected":false},"author":12,"featured_media":0,"parent":0,"menu_order":36,"comment_status":"closed","ping_status":"closed","template":"","meta":{"footnotes":""},"class_list":["post-12659","page","type-page","status-publish","hentry"],"acf":[],"_links":{"self":[{"href":"https:\/\/jag.se\/assistans\/wp-json\/wp\/v2\/pages\/12659","targetHints":{"allow":["GET"]}}],"collection":[{"href":"https:\/\/jag.se\/assistans\/wp-json\/wp\/v2\/pages"}],"about":[{"href":"https:\/\/jag.se\/assistans\/wp-json\/wp\/v2\/types\/page"}],"author":[{"embeddable":true,"href":"https:\/\/jag.se\/assistans\/wp-json\/wp\/v2\/users\/12"}],"replies":[{"embeddable":true,"href":"https:\/\/jag.se\/assistans\/wp-json\/wp\/v2\/comments?post=12659"}],"version-history":[{"count":597,"href":"https:\/\/jag.se\/assistans\/wp-json\/wp\/v2\/pages\/12659\/revisions"}],"predecessor-version":[{"id":14092,"href":"https:\/\/jag.se\/assistans\/wp-json\/wp\/v2\/pages\/12659\/revisions\/14092"}],"wp:attachment":[{"href":"https:\/\/jag.se\/assistans\/wp-json\/wp\/v2\/media?parent=12659"}],"curies":[{"name":"wp","href":"https:\/\/api.w.org\/{rel}","templated":true}]}}