{"id":12943,"date":"2025-03-05T14:27:25","date_gmt":"2025-03-05T14:27:25","guid":{"rendered":"https:\/\/jag.se\/assistans\/?page_id=12943"},"modified":"2026-04-20T08:32:22","modified_gmt":"2026-04-20T08:32:22","slug":"vastra-gotaland","status":"publish","type":"page","link":"https:\/\/jag.se\/assistans\/vastra-gotaland\/","title":{"rendered":"V\u00e4stra G\u00f6taland"},"content":{"rendered":"<div class=\"yoast-breadcrumbs\">\t<div class=\"inner\">\n\t\t<span><span><a href=\"https:\/\/jag.se\">JAG start<\/a><\/span> &gt; <span><a href=\"https:\/\/jag.se\/assistans\/\">JAG Personlig assistans<\/a><\/span> &gt; <span class=\"breadcrumb_last\" aria-current=\"page\">V\u00e4stra G\u00f6taland<\/span><\/span>\t<\/div>\n<\/div>\n\n<section class=\"banner\">\n\t<img loading=\"lazy\" decoding=\"async\" width=\"2560\" height=\"1003\" src=\"https:\/\/jag.se\/assistans\/wp-content\/uploads\/sites\/2\/2025\/04\/vincent-hemsida-e1740048133353-kopiera-scaled.webp\" class=\"bg-desktop\" alt=\"Tv\u00e5 unga m\u00e4n g\u00e5r efter en grusv\u00e4g med armarna om varandras axlar.\" srcset=\"https:\/\/jag.se\/assistans\/wp-content\/uploads\/sites\/2\/2025\/04\/vincent-hemsida-e1740048133353-kopiera-scaled.webp 2560w, https:\/\/jag.se\/assistans\/wp-content\/uploads\/sites\/2\/2025\/04\/vincent-hemsida-e1740048133353-kopiera-scaled-150x59@2x.webp 300w, https:\/\/jag.se\/assistans\/wp-content\/uploads\/sites\/2\/2025\/04\/vincent-hemsida-e1740048133353-kopiera-scaled-1024x401.webp 1024w, https:\/\/jag.se\/assistans\/wp-content\/uploads\/sites\/2\/2025\/04\/vincent-hemsida-e1740048133353-kopiera-scaled-768x301.webp 768w, https:\/\/jag.se\/assistans\/wp-content\/uploads\/sites\/2\/2025\/04\/vincent-hemsida-e1740048133353-kopiera-scaled-1536x602.webp 1536w, https:\/\/jag.se\/assistans\/wp-content\/uploads\/sites\/2\/2025\/04\/vincent-hemsida-e1740048133353-kopiera-scaled-2048x802.webp 2048w, https:\/\/jag.se\/assistans\/wp-content\/uploads\/sites\/2\/2025\/04\/vincent-hemsida-e1740048133353-kopiera-scaled-1920x752.webp 1920w, https:\/\/jag.se\/assistans\/wp-content\/uploads\/sites\/2\/2025\/04\/vincent-hemsida-e1740048133353-kopiera-scaled-255x100.webp 255w, https:\/\/jag.se\/assistans\/wp-content\/uploads\/sites\/2\/2025\/04\/vincent-hemsida-e1740048133353-kopiera-scaled-120x47.webp 120w, https:\/\/jag.se\/assistans\/wp-content\/uploads\/sites\/2\/2025\/04\/vincent-hemsida-e1740048133353-kopiera-scaled-540x212.webp 540w, https:\/\/jag.se\/assistans\/wp-content\/uploads\/sites\/2\/2025\/04\/vincent-hemsida-e1740048133353-kopiera-scaled-601x235.webp 601w, https:\/\/jag.se\/assistans\/wp-content\/uploads\/sites\/2\/2025\/04\/vincent-hemsida-e1740048133353-kopiera-scaled-150x59.webp 150w, https:\/\/jag.se\/assistans\/wp-content\/uploads\/sites\/2\/2025\/04\/vincent-hemsida-e1740048133353-kopiera-scaled-311x122.webp 311w, https:\/\/jag.se\/assistans\/wp-content\/uploads\/sites\/2\/2025\/04\/vincent-hemsida-e1740048133353-kopiera-scaled-369x145.webp 369w, https:\/\/jag.se\/assistans\/wp-content\/uploads\/sites\/2\/2025\/04\/vincent-hemsida-e1740048133353-kopiera-scaled-374x147.webp 374w, https:\/\/jag.se\/assistans\/wp-content\/uploads\/sites\/2\/2025\/04\/vincent-hemsida-e1740048133353-kopiera-scaled-128x50.webp 128w, https:\/\/jag.se\/assistans\/wp-content\/uploads\/sites\/2\/2025\/04\/vincent-hemsida-e1740048133353-kopiera-scaled-1429x560.webp 1429w, https:\/\/jag.se\/assistans\/wp-content\/uploads\/sites\/2\/2025\/04\/vincent-hemsida-e1740048133353-kopiera-scaled-300x118@2x.webp 600w, https:\/\/jag.se\/assistans\/wp-content\/uploads\/sites\/2\/2025\/04\/vincent-hemsida-e1740048133353-kopiera-scaled-255x100@2x.webp 510w, https:\/\/jag.se\/assistans\/wp-content\/uploads\/sites\/2\/2025\/04\/vincent-hemsida-e1740048133353-kopiera-scaled-120x47@2x.webp 240w, https:\/\/jag.se\/assistans\/wp-content\/uploads\/sites\/2\/2025\/04\/vincent-hemsida-e1740048133353-kopiera-scaled-540x212@2x.webp 1080w, https:\/\/jag.se\/assistans\/wp-content\/uploads\/sites\/2\/2025\/04\/vincent-hemsida-e1740048133353-kopiera-scaled-311x122@2x.webp 622w, https:\/\/jag.se\/assistans\/wp-content\/uploads\/sites\/2\/2025\/04\/vincent-hemsida-e1740048133353-kopiera-scaled-374x147@2x.webp 748w, https:\/\/jag.se\/assistans\/wp-content\/uploads\/sites\/2\/2025\/04\/vincent-hemsida-e1740048133353-kopiera-scaled-128x50@2x.webp 256w\" sizes=\"auto, (max-width: 2560px) 100vw, 2560px\" \/><img loading=\"lazy\" decoding=\"async\" width=\"540\" height=\"360\" src=\"https:\/\/jag.se\/assistans\/wp-content\/uploads\/sites\/2\/2025\/04\/vincent-simon-230620_fotolinneabengtsson-4495x3000_8490-1-scaled-kopiera-mobil-2-540x360.webp\" class=\"bg-mobile\" alt=\"Tv\u00e5 unga m\u00e4n sitter ner utomhus och har armarna om varandras axlar.\" srcset=\"https:\/\/jag.se\/assistans\/wp-content\/uploads\/sites\/2\/2025\/04\/vincent-simon-230620_fotolinneabengtsson-4495x3000_8490-1-scaled-kopiera-mobil-2-540x360.webp 540w, https:\/\/jag.se\/assistans\/wp-content\/uploads\/sites\/2\/2025\/04\/vincent-simon-230620_fotolinneabengtsson-4495x3000_8490-1-scaled-kopiera-mobil-2-300x200.webp 300w, https:\/\/jag.se\/assistans\/wp-content\/uploads\/sites\/2\/2025\/04\/vincent-simon-230620_fotolinneabengtsson-4495x3000_8490-1-scaled-kopiera-mobil-2-768x513.webp 768w, https:\/\/jag.se\/assistans\/wp-content\/uploads\/sites\/2\/2025\/04\/vincent-simon-230620_fotolinneabengtsson-4495x3000_8490-1-scaled-kopiera-mobil-2-150x100.webp 150w, https:\/\/jag.se\/assistans\/wp-content\/uploads\/sites\/2\/2025\/04\/vincent-simon-230620_fotolinneabengtsson-4495x3000_8490-1-scaled-kopiera-mobil-2-120x80.webp 120w, https:\/\/jag.se\/assistans\/wp-content\/uploads\/sites\/2\/2025\/04\/vincent-simon-230620_fotolinneabengtsson-4495x3000_8490-1-scaled-kopiera-mobil-2-601x401.webp 601w, https:\/\/jag.se\/assistans\/wp-content\/uploads\/sites\/2\/2025\/04\/vincent-simon-230620_fotolinneabengtsson-4495x3000_8490-1-scaled-kopiera-mobil-2-311x208.webp 311w, https:\/\/jag.se\/assistans\/wp-content\/uploads\/sites\/2\/2025\/04\/vincent-simon-230620_fotolinneabengtsson-4495x3000_8490-1-scaled-kopiera-mobil-2-369x246.webp 369w, https:\/\/jag.se\/assistans\/wp-content\/uploads\/sites\/2\/2025\/04\/vincent-simon-230620_fotolinneabengtsson-4495x3000_8490-1-scaled-kopiera-mobil-2-374x250.webp 374w, https:\/\/jag.se\/assistans\/wp-content\/uploads\/sites\/2\/2025\/04\/vincent-simon-230620_fotolinneabengtsson-4495x3000_8490-1-scaled-kopiera-mobil-2-419x280.webp 419w, https:\/\/jag.se\/assistans\/wp-content\/uploads\/sites\/2\/2025\/04\/vincent-simon-230620_fotolinneabengtsson-4495x3000_8490-1-scaled-kopiera-mobil-2-75x50.webp 75w, https:\/\/jag.se\/assistans\/wp-content\/uploads\/sites\/2\/2025\/04\/vincent-simon-230620_fotolinneabengtsson-4495x3000_8490-1-scaled-kopiera-mobil-2-839x560.webp 839w, https:\/\/jag.se\/assistans\/wp-content\/uploads\/sites\/2\/2025\/04\/vincent-simon-230620_fotolinneabengtsson-4495x3000_8490-1-scaled-kopiera-mobil-2.webp 899w\" sizes=\"auto, (max-width: 540px) 100vw, 540px\" \/>\t<div class=\"inner\">\n\t\t\t\t\t<div class=\"text-block  none\">\n\t\t\t\t\t\t\t\t\t<h3>Letar du efter en h\u00e5rd och tuff assistansanordnare?<\/h3>\n\t\t\t\t\t\t\t\t\t<p data-pm-slice=\"1 1 [&quot;list&quot;,{},&quot;list_item&quot;,{&quot;indent&quot;:1,&quot;type&quot;:&quot;bulleted&quot;}]\">D\u00e5 \u00e4r vi inget f\u00f6r dig. JAG \u00e4r Sveriges st\u00f6rsta och sn\u00e4llaste privata assistansanordnare som drivs utan vinstsyfte. Vi st\u00e5r stadigt och finns h\u00e4r f\u00f6r dig som bor i V\u00e4stra G\u00f6taland. \ud83e\ude77<\/p>\n\t\t\t\t<a href=\"https:\/\/outlook.office365.com\/book\/Medlemsrekrytering@jag.se\/\" target=\"_blank\" class=\"button inverted none\">Boka samtal om assistans<\/a> \t\t\t<\/div>\n\t\t\t\t<\/div>\n<\/section>\n\n\n\n<h1 class=\"wp-block-heading\">Personlig assistans i hela V\u00e4stra G\u00f6taland<\/h1>\n\n\n<section class=\"text-block white  \">\n    <div class=\"block-icon\"><\/div>\n\t<div class=\"inner\">\n\t\t<div class=\"text-block-content\">\n\t\t\t\t\t<h2 class=\"\">Vi \u00e4r grymma p\u00e5 att bedriva trygg assistans f\u00f6r dig med st\u00f6rst behov<\/h2>\n\t\t\t\t\t<p>I hela V\u00e4stra G\u00f6taland \u2013 Fr\u00e5n Uddevalla, G\u00f6teborg till Trollh\u00e4ttan finns vi finns h\u00e4r f\u00f6r att g\u00f6ra din vardag enklare, tryggare och mer sj\u00e4lvst\u00e4ndig.<\/p>\n<p>Om du har du flera stora funktionsneds\u00e4ttningar d\u00e4r en p\u00e5verkar den intellektuella f\u00f6rm\u00e5gan kan vi vara ett bra val f\u00f6r dig. JAG Personlig assistans skapades f\u00f6r dig som beh\u00f6ver ett starkt st\u00f6d med arbetsledning, kontinuitet och bemanning av en person du har f\u00f6rtroende f\u00f6r och som finns n\u00e4ra dig. Det s\u00e4kerst\u00e4ller att din assistans blir som du vill ha den.<\/p>\n<p>V\u00e5rt m\u00e5l \u00e4r att ge dig b\u00e4sta m\u00f6jliga personligt anpassade assistans i livets alla situationer.<\/p>\n\t\t<\/div>\n<\/section>\n\n\n<section class=\"text-block ocean  \">\n    <div class=\"block-icon\"><\/div>\n\t<div class=\"inner\">\n\t\t<div class=\"text-block-content\">\n\t\t\t\t\t<h2 class=\"\">Vill du veta om vi passar f\u00f6r dig?<\/h2>\n\t\t\t\t\t<p>Funderar du p\u00e5 anordnarbyte eller att ans\u00f6kan om personlig assistans? Vi finns h\u00e4r f\u00f6r dig och svarar p\u00e5 dina fr\u00e5gor.<\/p>\n<p>Ring\u00a0 <a href=\"tel:08-789 30 03\">08-789 30 03<\/a> eller <a href=\"https:\/\/outlook.office365.com\/book\/Medlemsrekrytering@jag.se\/\">boka ett digitalt samtal. <\/a><\/p>\n<p>Det \u00e4r oss du tr\u00e4ffar n\u00e4r du h\u00f6r av dig:<\/p>\n<img decoding=\"async\" class=\"wp-image-12430 aligncenter\" src=\"https:\/\/jag.se\/assistans\/wp-content\/uploads\/sites\/2\/2025\/04\/medlemsrek_2025-kopiera.webp\" \/>\n<p style=\"text-align: center\"><em>Carina Ingren, Solveig Tillander, Cecilia Wiest\u00e5l och Hansine Hjellum.<br \/><\/em><\/p>\n<p><strong>Carina Ingren<\/strong>\u00a0<a href=\"tel:076-545 30 30\">076-545 30 30<\/a><strong><br \/>Solveig Tillander<\/strong>\u00a0<a href=\"tel:076-545 30 42\">076-545 30 42<\/a> <br \/><strong>Cecilia Wiest\u00e5l<\/strong>\u00a0<a href=\"tel:076-545 30 71\">076-545 30 71<\/a><strong><br \/>Hansine Hjellum<\/strong>\u00a0<a href=\"tel:076-545 30 72\">076-545 30 72<\/a><\/p>\n<p><strong>Vill du veta mer innan du kontaktar oss kan du titta p\u00e5 v\u00e5ra f\u00f6rel\u00e4sningar om anordnarbyte och juridiskt st\u00f6d:<\/strong><\/p>\n<p><strong><a href=\"https:\/\/sv-se.eu.invajo.com\/event\/jagpersonligassistans\/attbytatilljagsomassistansanordnarevadinnebardet.2\">Att byta till JAG som assistansanordnare &#8211; vad inneb\u00e4r det? (30 min)<\/a><\/strong><\/p>\n<p><strong><a href=\"https:\/\/sv-se.eu.invajo.com\/event\/jagpersonligassistans\/omjuridisktstodvidansokanompersonligassistans\">Juridiskt st\u00f6d f\u00f6r att ans\u00f6ka om personlig assistans (30 min)<\/a><\/strong><\/p>\n\t\t<\/div>\n<\/section>\n\n\n<section class=\"links-list white-bg\">\n\t<div class=\"inner\">\n\t\t\t\t<ul >\n\t\t\t\t\t\t\t<li><a href=\"https:\/\/outlook.office365.com\/book\/Medlemsrekrytering@jag.se\/\">Boka samtal om assistans<\/a><\/li>\n\t\t\t\t\t\t<\/ul>\n\t\t\t\t<\/div>\n<\/section>\n\n\n<section class=\"text-block vvb-rose  \">\n    <div class=\"block-icon\"><\/div>\n\t<div class=\"inner\">\n\t\t<div class=\"text-block-content\">\n\t\t\t\t\t<h2 class=\"\">Vincent Dagemark<\/h2>\n\t\t\t\t\t<p>Vincent Dagemark bor i Kungsbacka och \u00e4r en assistansanv\u00e4ndare i JAG. P\u00e5 fritiden tycker han om att DJ:a och spela spel.\u00a0<\/p>\n<p><strong>Sommaren 2024<\/strong> var Vincent med i JAGs YouTube\u2011serie <em>K\u00e4ra assistent<\/em>, d\u00e4r man fick f\u00f6lja Vincent tillsammans med sin personliga assistent Samuel Segelstr\u00f6m i vardagen. <strong>I serien<\/strong> f\u00e5r man bland annat se Vincent flytta in i sin alldeles egna l\u00e4genhet och <strong>dessutom<\/strong> \u00e5ka p\u00e5 utflykt med sin pappa. <strong>Sammanfattningsvis ger avsnitten en varm och n\u00e4ra inblick i hans liv.<\/strong><\/p>\n<p>Se Vincents f\u00f6rsta avsnitt l\u00e4ngre ner!<\/p>\n<p>&nbsp;<\/p>\n<img loading=\"lazy\" decoding=\"async\" class=\"aligncenter\" src=\"https:\/\/jag.se\/assistans\/wp-content\/uploads\/sites\/2\/2025\/04\/vincent-simon-230620_fotolinneabengtsson-4495x3000_8490-1-scaled-kopiera.webp\" width=\"975\" height=\"651\" \/>\n\t\t<\/div>\n<\/section>\n\n\n<section class=\"text-block ocean  \">\n    <div class=\"block-icon\"><\/div>\n\t<div class=\"inner\">\n\t\t<div class=\"text-block-content\">\n\t\t\t\t\t<h2 class=\"\">Tr\u00e4ffpunkter i V\u00e4stra G\u00f6taland<\/h2>\n\t\t\t\t\t<p>I Tibro och Uddevalla finns det tr\u00e4ffpunkter d\u00e4r medlemmar i JAG kan delta i roliga aktiviteter som att skapa konst och musik, laga mat, titta p\u00e5 film, spela spel och tr\u00e4na. Det g\u00e5r \u00e4ven att anv\u00e4nda tr\u00e4ffpunkterna f\u00f6r arbetsintervjuer och assistansm\u00f6ten.\u00a0<\/p>\n<p>F\u00f6r kontakt kan man mejla <a href=\"mailto:annasofia.grosch@gmail.com\">annasofia.grosch@gmail.com<\/a><\/p>\n<p>&nbsp;<\/p>\n<img decoding=\"async\" class=\"aligncenter\" src=\"https:\/\/jag.se\/assistans\/wp-content\/uploads\/sites\/2\/2025\/02\/Skarmbild-2025-02-19-184817.png\" \/>\n<p><span lang=\"SV\">Tr\u00e4ffpunkten i Uddevalla, Kilb\u00e4cksgatan 42, Uddevalla (se markeringen p\u00e5 kartan).<\/span><\/p>\n<p>&nbsp;<\/p>\n<img loading=\"lazy\" decoding=\"async\" class=\"aligncenter\" src=\"https:\/\/jag.se\/assistans\/wp-content\/uploads\/sites\/2\/2025\/02\/Skarmbild-2025-02-19-184855.png\" width=\"819\" height=\"762\" \/>\n<p><span lang=\"SV\">Tr\u00e4ffpunkten i Tibro, Mariestadsv\u00e4gen 29, Tibro (se markeringen p\u00e5 kartan).<\/span><\/p>\n<p><strong>F\u00f6reningen JAG V\u00e4stra G\u00f6taland<br \/><\/strong><span lang=\"SV\">F\u00f6reningen JAG V\u00e4stra G\u00f6talands styrelse best\u00e5r av o<\/span>rdf\u00f6rande Birgitta Tullberg och ledam\u00f6terna Johan K\u00e4ller,\u00a0 Malin Karlsson och Simon Storm. Det \u00e4r f\u00f6reningen som arrangerar aktiviteter p\u00e5 tr\u00e4ffpunkterna.\u00a0<\/p>\n<p><a href=\"https:\/\/www.facebook.com\/groups\/1900293303572939\/\" target=\"_blank\" rel=\"noopener\"><span lang=\"SV\">F\u00f6reningen JAG V\u00e4stra G\u00f6taland Facebookgrupp.<\/span><\/a><\/p>\n\t\t<\/div>\n<\/section>\n\n\n<section class=\"text-block pink  \">\n    <div class=\"block-icon\"><\/div>\n\t<div class=\"inner\">\n\t\t<div class=\"text-block-content\">\n\t\t\t\t\t<h2 class=\"\">Passion och p\u00e5verkan<\/h2>\n\t\t\t\t\t<p>Riksf\u00f6reningen\u00a0 JAG jobbar uth\u00e5lligt och passionerat f\u00f6r att barn, ungdomar och vuxna med stora funktionsneds\u00e4ttningar varav en \u00e4r den intellektuella f\u00f6rm\u00e5gan, nu och i framtiden, ska ha r\u00e4tt till personlig assistans.\u00a0<\/p>\n<p><a href=\"https:\/\/jag.se\/opinion\/\" target=\"_blank\" rel=\"noopener\">Vill du veta mer om Riksf\u00f6reningen JAG? L\u00e4s mer h\u00e4r!<\/a><\/p>\n<p>&nbsp;<\/p>\n<img loading=\"lazy\" decoding=\"async\" class=\"aligncenter\" src=\"https:\/\/jag.se\/assistans\/wp-content\/uploads\/sites\/2\/2025\/04\/a03677c1a41d5e24_org-9-scaled-kopiera.webp\" width=\"981\" height=\"490\" \/>\n\t\t<\/div>\n<\/section>\n\n\n<section class=\"text-block vvb-rose  \">\n    <div class=\"block-icon\"><\/div>\n\t<div class=\"inner\">\n\t\t<div class=\"text-block-content\">\n\t\t\t\t\t<h2 class=\"\">Utbildningar inom personlig assistans<\/h2>\n\t\t\t\t\t<p>Vi erbjuder utbildningar inom personlig assistans f\u00f6r:<\/p>\n<ul>\n<li>assistansanv\u00e4ndare<\/li>\n<li>assistenter<\/li>\n<li>arbetsledare<\/li>\n<li>f\u00f6retr\u00e4dare\/gode m\u00e4n<\/li>\n<\/ul>\n<p>I utbildningarna f\u00e5r man m\u00f6ta m\u00e4nniskor med olika kompetenser och erfarenheter. De som f\u00f6rel\u00e4ser kan vara externa f\u00f6rel\u00e4sare, r\u00e5dgivare fr\u00e5n JAG Personlig assistans, assistansanv\u00e4ndare, assistenter eller arbetsledare.<\/p>\n<p>M\u00e5nga utbildningar \u00e4r webbaserade. I kurslokalerna i Stockholm och p\u00e5 v\u00e5ra tr\u00e4ffpunkter erbjuds \u00a0\u00e4ven fysiska utbildningar.<\/p>\n<p>&nbsp;<\/p>\n<p>&nbsp;<\/p>\n<img loading=\"lazy\" decoding=\"async\" class=\"aligncenter\" src=\"https:\/\/jag.se\/assistans\/wp-content\/uploads\/sites\/2\/2025\/04\/simon_utb-e1740048390388-kopiera-1.webp\" width=\"480\" height=\"342\" \/>\n<p>&nbsp;<\/p>\n<img loading=\"lazy\" decoding=\"async\" class=\"aligncenter\" src=\"https:\/\/jag.se\/assistans\/wp-content\/uploads\/sites\/2\/2025\/04\/richard-e1740399852987-kopiera.webp\" width=\"483\" height=\"343\" \/>\n\t\t<\/div>\n<\/section>\n\n\n<section class=\"text-block white  \">\n    <div class=\"block-icon\"><\/div>\n\t<div class=\"inner\">\n\t\t<div class=\"text-block-content\">\n\t\t\t\t\t<h2 class=\"\">K\u00e4ra assistent<\/h2>\n\t\t\t\t\t<p><span class=\"yt-core-attributed-string--link-inherit-color\" dir=\"auto\"><a class=\"yt-core-attributed-string__link yt-core-attributed-string__link--call-to-action-color\" href=\"https:\/\/www.youtube.com\/hashtag\/k%C3%A4raassistent\" target=\"\">#K\u00e4raAssistent<\/a><\/span><span class=\"yt-core-attributed-string--link-inherit-color\" dir=\"auto\">, en serie &#8211; om livet, v\u00e4nner, vardag och fest. Personlig assistans g\u00f6r livet m\u00f6jligt n\u00e4r du har stora funktionsneds\u00e4ttningar. Som personlig assistent g\u00f6r du skillnad varje dag i en annan m\u00e4nniskas liv.<\/span><\/p>\n\t\t<\/div>\n<\/section>\n\n\n\n<figure class=\"wp-block-embed aligncenter is-type-video is-provider-youtube wp-block-embed-youtube wp-embed-aspect-16-9 wp-has-aspect-ratio\"><div class=\"wp-block-embed__wrapper\">\n<iframe loading=\"lazy\" title=\"#K\u00e4raAssistent s\u00e4song 6 del 4\" width=\"500\" height=\"281\" src=\"https:\/\/www.youtube.com\/embed\/PmBA2QE1JXU?start=40&#038;feature=oembed\" frameborder=\"0\" allow=\"accelerometer; autoplay; clipboard-write; encrypted-media; gyroscope; picture-in-picture; web-share\" referrerpolicy=\"strict-origin-when-cross-origin\" allowfullscreen><\/iframe>\n<\/div><\/figure>\n\n\n<section class=\"links-list white-bg\">\n\t<div class=\"inner\">\n\t\t\t\t<ul >\n\t\t\t\t\t\t\t<li><a href=\"https:\/\/outlook.office365.com\/book\/Medlemsrekrytering@jag.se\/\">Boka samtal om assistans<\/a><\/li>\n\t\t\t\t\t\t\t\t<li><a href=\"https:\/\/jag.se\/assistans\/vart-erbjudande\/\">V\u00e5rt erbjudande<\/a><\/li>\n\t\t\t\t\t\t\t\t<li><a href=\"https:\/\/jag.se\/assistans\/byta-assistansanordnare\/\">Byta anordnare till oss<\/a><\/li>\n\t\t\t\t\t\t\t\t<li><a href=\"https:\/\/jag.se\/assistans\/juridisk-radgivning\/\">Juridiskt st\u00f6d<\/a><\/li>\n\t\t\t\t\t\t<\/ul>\n\t\t\t\t<\/div>\n<\/section>\n","protected":false},"excerpt":{"rendered":"<p>Personlig assistans i hela V\u00e4stra G\u00f6taland<\/p>\n","protected":false},"author":12,"featured_media":0,"parent":0,"menu_order":34,"comment_status":"closed","ping_status":"closed","template":"","meta":{"footnotes":""},"class_list":["post-12943","page","type-page","status-publish","hentry"],"acf":[],"_links":{"self":[{"href":"https:\/\/jag.se\/assistans\/wp-json\/wp\/v2\/pages\/12943","targetHints":{"allow":["GET"]}}],"collection":[{"href":"https:\/\/jag.se\/assistans\/wp-json\/wp\/v2\/pages"}],"about":[{"href":"https:\/\/jag.se\/assistans\/wp-json\/wp\/v2\/types\/page"}],"author":[{"embeddable":true,"href":"https:\/\/jag.se\/assistans\/wp-json\/wp\/v2\/users\/12"}],"replies":[{"embeddable":true,"href":"https:\/\/jag.se\/assistans\/wp-json\/wp\/v2\/comments?post=12943"}],"version-history":[{"count":178,"href":"https:\/\/jag.se\/assistans\/wp-json\/wp\/v2\/pages\/12943\/revisions"}],"predecessor-version":[{"id":15588,"href":"https:\/\/jag.se\/assistans\/wp-json\/wp\/v2\/pages\/12943\/revisions\/15588"}],"wp:attachment":[{"href":"https:\/\/jag.se\/assistans\/wp-json\/wp\/v2\/media?parent=12943"}],"curies":[{"name":"wp","href":"https:\/\/api.w.org\/{rel}","templated":true}]}}