{"id":13729,"date":"2025-04-03T11:50:32","date_gmt":"2025-04-03T11:50:32","guid":{"rendered":"https:\/\/jag.se\/assistans\/?page_id=13729"},"modified":"2026-04-23T12:18:03","modified_gmt":"2026-04-23T12:18:03","slug":"etiska-riktlinjer","status":"publish","type":"page","link":"https:\/\/jag.se\/assistans\/etiska-riktlinjer\/","title":{"rendered":"Etiska riktlinjer"},"content":{"rendered":"<div class=\"yoast-breadcrumbs\">\t<div class=\"inner\">\n\t\t<span><span><a href=\"https:\/\/jag.se\">JAG start<\/a><\/span> &gt; <span><a href=\"https:\/\/jag.se\/assistans\/\">JAG Personlig assistans<\/a><\/span> &gt; <span class=\"breadcrumb_last\" aria-current=\"page\">Etiska riktlinjer<\/span><\/span>\t<\/div>\n<\/div>\n\n\n<h1 class=\"wp-block-heading\">JAG Personlig assistans \u00e4r stolt medlem i Fremia<\/h1>\n\n\n<div class=\"wp-block-image\">\n<figure class=\"aligncenter size-full\"><img loading=\"lazy\" decoding=\"async\" width=\"700\" height=\"170\" src=\"https:\/\/jag.se\/assistans\/wp-content\/uploads\/sites\/2\/2026\/04\/fremia-medlemsmarke-etiska-riktlinjer-svart-2026-digital.png\" alt=\"\" class=\"wp-image-15904\" srcset=\"https:\/\/jag.se\/assistans\/wp-content\/uploads\/sites\/2\/2026\/04\/fremia-medlemsmarke-etiska-riktlinjer-svart-2026-digital.png 700w, https:\/\/jag.se\/assistans\/wp-content\/uploads\/sites\/2\/2026\/04\/fremia-medlemsmarke-etiska-riktlinjer-svart-2026-digital-150x36@2x.png 300w, https:\/\/jag.se\/assistans\/wp-content\/uploads\/sites\/2\/2026\/04\/fremia-medlemsmarke-etiska-riktlinjer-svart-2026-digital-320x78.png 320w, https:\/\/jag.se\/assistans\/wp-content\/uploads\/sites\/2\/2026\/04\/fremia-medlemsmarke-etiska-riktlinjer-svart-2026-digital-120x29.png 120w, https:\/\/jag.se\/assistans\/wp-content\/uploads\/sites\/2\/2026\/04\/fremia-medlemsmarke-etiska-riktlinjer-svart-2026-digital-540x131.png 540w, https:\/\/jag.se\/assistans\/wp-content\/uploads\/sites\/2\/2026\/04\/fremia-medlemsmarke-etiska-riktlinjer-svart-2026-digital-601x146.png 601w, https:\/\/jag.se\/assistans\/wp-content\/uploads\/sites\/2\/2026\/04\/fremia-medlemsmarke-etiska-riktlinjer-svart-2026-digital-150x36.png 150w, https:\/\/jag.se\/assistans\/wp-content\/uploads\/sites\/2\/2026\/04\/fremia-medlemsmarke-etiska-riktlinjer-svart-2026-digital-311x76.png 311w, https:\/\/jag.se\/assistans\/wp-content\/uploads\/sites\/2\/2026\/04\/fremia-medlemsmarke-etiska-riktlinjer-svart-2026-digital-369x90.png 369w, https:\/\/jag.se\/assistans\/wp-content\/uploads\/sites\/2\/2026\/04\/fremia-medlemsmarke-etiska-riktlinjer-svart-2026-digital-374x91.png 374w, https:\/\/jag.se\/assistans\/wp-content\/uploads\/sites\/2\/2026\/04\/fremia-medlemsmarke-etiska-riktlinjer-svart-2026-digital-206x50.png 206w, https:\/\/jag.se\/assistans\/wp-content\/uploads\/sites\/2\/2026\/04\/fremia-medlemsmarke-etiska-riktlinjer-svart-2026-digital-300x73@2x.png 600w, https:\/\/jag.se\/assistans\/wp-content\/uploads\/sites\/2\/2026\/04\/fremia-medlemsmarke-etiska-riktlinjer-svart-2026-digital-320x78@2x.png 640w, https:\/\/jag.se\/assistans\/wp-content\/uploads\/sites\/2\/2026\/04\/fremia-medlemsmarke-etiska-riktlinjer-svart-2026-digital-120x29@2x.png 240w, https:\/\/jag.se\/assistans\/wp-content\/uploads\/sites\/2\/2026\/04\/fremia-medlemsmarke-etiska-riktlinjer-svart-2026-digital-311x76@2x.png 622w, https:\/\/jag.se\/assistans\/wp-content\/uploads\/sites\/2\/2026\/04\/fremia-medlemsmarke-etiska-riktlinjer-svart-2026-digital-206x50@2x.png 412w\" sizes=\"auto, (max-width: 700px) 100vw, 700px\" \/><\/figure>\n<\/div>\n\n<section class=\"text-block white  \">\n    <div class=\"block-icon\"><\/div>\n\t<div class=\"inner\">\n\t\t<div class=\"text-block-content\">\n\t\t\t\t\t<h2 class=\"\">Vi f\u00f6ljer de etiska riktlinjerna<\/h2>\n\t\t\t\t\t<p><strong><span data-teams=\"true\">Fremia \u00e4r v\u00e5r arbetsgivarorganisation som JAG Personlig assistans \u00e4r medlem i. <\/span><\/strong><strong>Medlemsverksamheterna inom personlig assistans hos Fremia \u00e4r v\u00e4rdegrundsstyrda. Fremias etiska riktlinjer \u00e4r avsedda att verka i linje med FN-konventionen om r\u00e4ttigheter f\u00f6r personer med funktionsneds\u00e4ttning och att fr\u00e4mja assistansreformens l\u00e5ngsiktighet.<\/strong><\/p>\n<p>Den som \u00e4r medlem i Fremia f\u00f6ruts\u00e4tts f\u00f6lja:<\/p>\n<ul>\n<li>lagar<\/li>\n<li>f\u00f6rordningar<\/li>\n<li>f\u00f6reskrifter och allm\u00e4nna r\u00e5d<\/li>\n<\/ul>\n<p>De etiska riktlinjerna utg\u00f6r ett komplement till dessa. Att f\u00f6lja de etiska riktlinjerna \u00e4r en f\u00f6ruts\u00e4ttning f\u00f6r medlemskapet i Fremia.\u00a0<\/p>\n\t\t<\/div>\n<\/section>\n\n\n<section class=\"text-block white  \">\n    <div class=\"block-icon\"><\/div>\n\t<div class=\"inner\">\n\t\t<div class=\"text-block-content\">\n\t\t\t\t\t<h2 class=\"\">Relationen till assistansanv\u00e4ndaren<\/h2>\n\t\t\t\t\t<p><strong>Som medlem ska vi arbeta aktivt f\u00f6r att m\u00f6jligg\u00f6ra assistansanv\u00e4ndarens sj\u00e4lvbest\u00e4mmande och s\u00e4kerst\u00e4lla den enskildes integritet i assistansen. S\u00e5 ska ske exempelvis vid rekrytering, arbetsledning och f\u00f6rdelning av assistansers\u00e4ttning.<\/strong><\/p>\n<p>Assistansanv\u00e4ndarens sj\u00e4lvbest\u00e4mmande och integritet ska vara utg\u00e5ngspunkten f\u00f6r kvalitets- och uppf\u00f6ljningssystem samt f\u00f6r de personliga assistenternas f\u00f6rst\u00e5else f\u00f6r uppdragsgivarperspektivet.<\/p>\n<p>Barns r\u00e4ttigheter ska s\u00e4kerst\u00e4llas betr\u00e4ffande relevant och anpassad information samt m\u00f6jligheten f\u00f6r barn att f\u00f6ra fram sina \u00e5sikter. Detta ska ske i samarbete med barnets v\u00e5rdnadshavare. S\u00e4rskild h\u00e4nsyn ska \u00e4ven tas till unga vuxnas behov av utveckling och m\u00f6jlighet att v\u00e4xa upp till sj\u00e4lvbest\u00e4mmande individer, eventuellt med hj\u00e4lp av f\u00f6rordnat beslutsst\u00f6d.<\/p>\n<p>Det skriftliga avtalet mellan anordnare och assistansanv\u00e4ndaren ska:<\/p>\n<ul>\n<li>definiera uppdraget samt tydligt reglera respektive parts r\u00e4ttigheter respektive skyldigheter<\/li>\n<li>avtalet ska inte ha bindningstid och upps\u00e4gningstidens l\u00e4ngd b\u00f6r vara kortast m\u00f6jlig med h\u00e4nsyn tagen till att anordnaren, utifr\u00e5n god arbetsgivar- och anordnarsed, kan avsluta uppdraget<\/li>\n<li>det ska vara tydligt f\u00f6r assistansanv\u00e4ndaren hur assistansers\u00e4ttningen f\u00f6rdelas och kan anv\u00e4ndas samt p\u00e5 vilket s\u00e4tt anv\u00e4ndningen av timmar och ers\u00e4ttning \u00e5terredovisas och kan utg\u00f6ra beslutsunderlag<\/li>\n<li>assistansanordnaren ska garantera en ansvarsfull hantering av avtal, avslut och \u00f6verg\u00e5ng till ny assistansanordnare<\/li>\n<li>i kontakt med potentiella kunder ska anordnaren agera respektfullt<\/li>\n<\/ul>\n\t\t<\/div>\n<\/section>\n\n\n<section class=\"text-block white  \">\n    <div class=\"block-icon\"><\/div>\n\t<div class=\"inner\">\n\t\t<div class=\"text-block-content\">\n\t\t\t\t\t<h2 class=\"\">Relationen till arbetstagarna<\/h2>\n\t\t\t\t\t<p>Som medlem f\u00f6ljer vi<\/p>\n<ul>\n<li>arbetsr\u00e4ttsliga regelverk<\/li>\n<li>f\u00f6rordningar<\/li>\n<li>f\u00f6reskrifter och kollektivsavtalsenliga anst\u00e4llnings- och arbetsvillkor, med bibeh\u00e5llen m\u00e5ls\u00e4ttning att v\u00e4rna sj\u00e4lvbest\u00e4mmande och integritet f\u00f6r assistansanv\u00e4ndaren.<\/li>\n<\/ul>\n<p>Vi ska som medlem arbeta aktivt f\u00f6r att s\u00e4kerst\u00e4lla att de anst\u00e4llda har kunskap om och f\u00f6rst\u00e5else f\u00f6r den lagstiftning, de regelverk och de avtal som direkt ber\u00f6r dem. Som medlem ska vi \u00e4ven verka f\u00f6r en konstruktiv samverkan med fackliga avtalsparter. Vi ska ocks\u00e5 v\u00e4rna yrkesrollen personlig assistent och verka f\u00f6r utvecklad status f\u00f6r yrket och i \u00f6vrigt till\u00e4mpa god arbetsgivarsed.<\/p>\n\t\t<\/div>\n<\/section>\n\n\n<section class=\"text-block white  \">\n    <div class=\"block-icon\"><\/div>\n\t<div class=\"inner\">\n\t\t<div class=\"text-block-content\">\n\t\t\t\t\t<h2 class=\"\">Relationen till myndigheter och samh\u00e4lle<\/h2>\n\t\t\t\t\t<p><strong>F\u00f6r alla som \u00e4r p\u00e5 olika s\u00e4tt \u00e4r involverade i den personliga assistansen \u00e4r det viktigt att reformen har ett stort f\u00f6rtroende i hela samh\u00e4llet. Som medlem i Fremia har vi d\u00e4rf\u00f6r ett ansvar att i v\u00e5r verksamhet agera p\u00e5 ett s\u00e4tt som uppr\u00e4tth\u00e5ller detta f\u00f6rtroende.<\/strong><\/p>\n<p>Detta handlar bland annat om att bedriva en l\u00e5ngsiktigt h\u00e5llbar verksamhet, en ansvarsfull anv\u00e4ndning av assistansers\u00e4ttningen inklusive sanningsenlig redovisning av utf\u00f6rd personlig assistans, att motverka mutor och korruption samt en \u00f6ppenhet f\u00f6r att bli granskad och j\u00e4mf\u00f6rd.<\/p>\n<p>Vi ska i d\u00e4rut\u00f6ver verka f\u00f6r en konstruktiv relation med myndigheter och politik.<\/p>\n\t\t<\/div>\n<\/section>\n\n\n<section class=\"links-list white-bg\">\n\t<div class=\"inner\">\n\t\t\t\t<ul >\n\t\t\t\t\t\t\t<li><a href=\"https:\/\/jag.se\/assistans\/vart-erbjudande\/\">Att ha sin assistans hos oss<\/a><\/li>\n\t\t\t\t\t\t\t\t<li><a href=\"https:\/\/jag.se\/assistans\/kontakt\/\">Kontakta oss g\u00e4rna<\/a><\/li>\n\t\t\t\t\t\t<\/ul>\n\t\t\t\t<\/div>\n<\/section>\n","protected":false},"excerpt":{"rendered":"<p>JAG Personlig assistans \u00e4r stolt medlem i Fremia<\/p>\n","protected":false},"author":6,"featured_media":0,"parent":0,"menu_order":3,"comment_status":"closed","ping_status":"closed","template":"","meta":{"footnotes":""},"class_list":["post-13729","page","type-page","status-publish","hentry"],"acf":[],"_links":{"self":[{"href":"https:\/\/jag.se\/assistans\/wp-json\/wp\/v2\/pages\/13729","targetHints":{"allow":["GET"]}}],"collection":[{"href":"https:\/\/jag.se\/assistans\/wp-json\/wp\/v2\/pages"}],"about":[{"href":"https:\/\/jag.se\/assistans\/wp-json\/wp\/v2\/types\/page"}],"author":[{"embeddable":true,"href":"https:\/\/jag.se\/assistans\/wp-json\/wp\/v2\/users\/6"}],"replies":[{"embeddable":true,"href":"https:\/\/jag.se\/assistans\/wp-json\/wp\/v2\/comments?post=13729"}],"version-history":[{"count":85,"href":"https:\/\/jag.se\/assistans\/wp-json\/wp\/v2\/pages\/13729\/revisions"}],"predecessor-version":[{"id":15905,"href":"https:\/\/jag.se\/assistans\/wp-json\/wp\/v2\/pages\/13729\/revisions\/15905"}],"wp:attachment":[{"href":"https:\/\/jag.se\/assistans\/wp-json\/wp\/v2\/media?parent=13729"}],"curies":[{"name":"wp","href":"https:\/\/api.w.org\/{rel}","templated":true}]}}