{"id":15299,"date":"2026-02-18T12:36:55","date_gmt":"2026-02-18T12:36:55","guid":{"rendered":"https:\/\/jag.se\/assistans\/intresseanmalan-2\/"},"modified":"2026-02-24T12:11:46","modified_gmt":"2026-02-24T12:11:46","slug":"sommarjobb","status":"publish","type":"page","link":"https:\/\/jag.se\/assistans\/sommarjobb\/","title":{"rendered":"sommarjobb personlig assistent"},"content":{"rendered":"\n<h1 class=\"wp-block-heading\">Sommarjobba som personlig assistent<\/h1>\n\n\n<section class=\"text-block ocean  \">\n    <div class=\"block-icon\"><\/div>\n\t<div class=\"inner\">\n\t\t<div class=\"text-block-content\">\n\t\t\t\t<p>Vad roligt att du \u00e4r intresserad av att arbeta som personlig assistent hos oss i sommar!<\/p>\n<p>N\u00e4r du har registrerat din intresseanm\u00e4lan kan v\u00e5ra arbetsledare i olika assistanser hitta och kontakta dig.<strong> V\u00e4lj det l\u00e4n du vill arbeta i och skicka in din ans\u00f6kan<\/strong> \u2013 s\u00e5 \u00e4r du ett steg n\u00e4rmare ett meningsfullt sommarjobb d\u00e4r du g\u00f6r skillnad varje dag.\u00a0<\/p>\n\t\t<\/div>\n<\/section>\n\n\n<section class=\"links-list white-bg\">\n\t<div class=\"inner\">\n\t\t\t\t<ul class=\"two-col\">\n\t\t\t\t\t\t\t<li><a href=\"https:\/\/emp.jobylon.com\/jobs\/pp\/b68c62ec-5835-48ee-80ad-2969569f8bd0\/340499\/\">Norrbotten<\/a><\/li>\n\t\t\t\t\t\t\t\t<li><a href=\"https:\/\/emp.jobylon.com\/jobs\/pp\/60d6a93c-d270-459e-8568-767ecbb00d47\/340500\/\">V\u00e4sterbotten<\/a><\/li>\n\t\t\t\t\t\t\t\t<li><a href=\"https:\/\/emp.jobylon.com\/jobs\/pp\/4800bbad-c5bb-40b1-8ed6-ed402fe0a424\/340502\/\">V\u00e4sternorrland<\/a><\/li>\n\t\t\t\t\t\t\t\t<li><a href=\"https:\/\/emp.jobylon.com\/jobs\/pp\/ed2de60c-8f12-4d6b-871b-b649d4f9288e\/340503\/\">G\u00e4vleborg<\/a><\/li>\n\t\t\t\t\t\t\t\t<li><a href=\"https:\/\/emp.jobylon.com\/jobs\/pp\/c8dece38-3d7e-4b35-8ab3-1a48e716acbe\/340504\/\">Dalarna<\/a><\/li>\n\t\t\t\t\t\t\t\t<li><a href=\"https:\/\/emp.jobylon.com\/jobs\/pp\/ca4289be-e888-437c-98af-6f337cf103e7\/340506\/\">Uppsala<\/a><\/li>\n\t\t\t\t\t\t\t\t<li><a href=\"https:\/\/emp.jobylon.com\/jobs\/pp\/e4f80879-6f05-4568-b630-7ce4cf7295d7\/340507\/\">V\u00e4rmland<\/a><\/li>\n\t\t\t\t\t\t\t\t<li><a href=\"https:\/\/emp.jobylon.com\/jobs\/pp\/d3186f68-5cc8-4faf-80b0-91f8f5433e39\/340508\/\">V\u00e4stmanland<\/a><\/li>\n\t\t\t\t\t\t\t\t<li><a href=\"https:\/\/emp.jobylon.com\/jobs\/pp\/dcf5c3b0-4647-40bc-8d86-9b33c7a6e2a5\/340486\/\">Stockholm<\/a><\/li>\n\t\t\t\t\t\t\t\t<li><a href=\"https:\/\/emp.jobylon.com\/jobs\/pp\/d7f9257d-d0d1-4dc6-9694-39e2c14c4068\/340509\/\">\u00d6rebro<\/a><\/li>\n\t\t\t\t\t\t\t\t<li><a href=\"https:\/\/emp.jobylon.com\/jobs\/pp\/b3a7e388-b611-46fd-a610-2040822fa392\/340510\/\">S\u00f6dermanland<\/a><\/li>\n\t\t\t\t\t\t\t\t<li><a href=\"https:\/\/emp.jobylon.com\/jobs\/pp\/047aa5d6-e4b4-4840-97fc-247a1cd25270\/340512\/\">\u00d6sterg\u00f6tland<\/a><\/li>\n\t\t\t\t\t\t\t\t<li><a href=\"https:\/\/emp.jobylon.com\/jobs\/pp\/ce293e55-8580-41a4-8edd-1b310bece215\/340514\/\">J\u00f6nk\u00f6ping<\/a><\/li>\n\t\t\t\t\t\t\t\t<li><a href=\"https:\/\/emp.jobylon.com\/jobs\/pp\/c9f7ae28-a850-4864-b817-a18eeb23f655\/340515\/\">V\u00e4stra G\u00f6taland<\/a><\/li>\n\t\t\t\t\t\t\t\t<li><a href=\"https:\/\/emp.jobylon.com\/jobs\/pp\/25655dcd-03bb-40e0-84c9-9883200e04a9\/340516\/\">Gotland<\/a><\/li>\n\t\t\t\t\t\t\t\t<li><a href=\"https:\/\/emp.jobylon.com\/jobs\/pp\/8811ab16-cbf3-4c76-9619-4955397be823\/340519\/\">Kronoberg<\/a><\/li>\n\t\t\t\t\t\t\t\t<li><a href=\"https:\/\/emp.jobylon.com\/jobs\/pp\/6a77877a-a0c3-48da-9973-dd28c1989ee3\/340522\/\">Halland<\/a><\/li>\n\t\t\t\t\t\t\t\t<li><a href=\"https:\/\/emp.jobylon.com\/jobs\/pp\/95eeb52f-b466-4565-8ac1-408993548ed7\/340524\/\">Kalmar<\/a><\/li>\n\t\t\t\t\t\t\t\t<li><a href=\"https:\/\/emp.jobylon.com\/jobs\/pp\/167bea4a-0972-496b-8675-6b1c5bd9cb8d\/340525\/\">Blekinge<\/a><\/li>\n\t\t\t\t\t\t\t\t<li><a href=\"https:\/\/emp.jobylon.com\/jobs\/pp\/d35f696c-a2a8-44ec-89a1-34dc5b0bf433\/340526\/\">Sk\u00e5ne<\/a><\/li>\n\t\t\t\t\t\t\t\t<li><a href=\"https:\/\/emp.jobylon.com\/jobs\/pp\/85c2f1dd-ed44-46b2-9758-76ebd6bbad57\/340527\/\">J\u00e4mtland<\/a><\/li>\n\t\t\t\t\t\t<\/ul>\n\t\t\t\t<\/div>\n<\/section>\n\n\n<section class=\"text-block white  \">\n    <div class=\"block-icon\"><\/div>\n\t<div class=\"inner\">\n\t\t<div class=\"text-block-content\">\n\t\t\t\t\t<h2 class=\"\">Rekryteringsprocessen<\/h2>\n\t\t\t\t\t<p>Din ans\u00f6kan blir synlig f\u00f6r v\u00e5ra assistansanv\u00e4ndare och deras personliga arbetsledare. Blir du utvald kontaktar arbetsledaren dig f\u00f6r en intervju. Innan du b\u00f6rjar arbeta f\u00e5r du en betald introduktion s\u00e5 du kan k\u00e4nna dig trygg i ditt uppdrag.<\/p>\n<p>Som en del av v\u00e5r rekrytering genomf\u00f6r vi alltid en bakgrundskontroll innan anst\u00e4llning. Om du blir aktuell f\u00f6r en tj\u00e4nst hos en minder\u00e5rig uppdragsgivare beh\u00f6ver du \u00e4ven visa upp ett utdrag ur polisens belastningsregister. <a href=\"https:\/\/polisen.se\/tjanster-tillstand\/belastningsregistret\/barn-med-funktionsnedsattning\/\" target=\"_blank\" rel=\"noopener\">Du ans\u00f6ker sj\u00e4lv om detta via Polismyndigheten<\/a>. V\u00e4lj utdraget som g\u00e4ller f\u00f6r\u00a0&#8221;Arbete med barn med funktionsneds\u00e4ttning&#8221;.<\/p>\n\t\t<\/div>\n<\/section>\n\n\n<section class=\"text-block vvb-rose  \">\n    <div class=\"block-icon\"><\/div>\n\t<div class=\"inner\">\n\t\t<div class=\"text-block-content\">\n\t\t\t\t\t<h2 class=\"\">Om oss som arbetsgivare<\/h2>\n\t\t\t\t\t<p><span data-teams=\"true\">JAG Personlig assistans var med och drev fram assistansreformen och en pilotverksamhet med personlig assistans startade redan 1992. Idag har vi \u00f6ver 4 000 anst\u00e4llda personliga assistenter. <\/p>\n<p><\/span>Vi har kollektivavtal med Kommunal och erbjuder alla anst\u00e4llda betald introduktion, fortbildning och friskv\u00e5rdsbidrag. Som anst\u00e4lld i JAG g\u00f6r du skillnad varje dag.<\/p>\n<p>Vi f\u00e5r h\u00f6ga betyg i medarbetarn\u00f6jdhet. 50+ enligt eNPS, i niv\u00e5 med Apple och Sony. (P\u00e5 en skala fr\u00e5n -100 till +100). <\/p>\n<p>Hos oss f\u00e5r du r\u00e4tt f\u00f6ruts\u00e4ttningar att v\u00e4xa i din roll \u2013 och m\u00f6jlighet att g\u00f6ra verklig skillnad. <\/p>\n<p><a href=\"https:\/\/jag.se\/assistans\/formaner\/\" target=\"_blank\" rel=\"noopener\">L\u00e4s g\u00e4rna mer om vilka f\u00f6rm\u00e5ner vi erbjuder v\u00e5r anst\u00e4llda.<\/a><\/p>\n\t\t<\/div>\n<\/section>\n\n\n\n<h2 class=\"wp-block-heading has-text-align-center\">Vad s\u00e4ger v\u00e5ra anst\u00e4llda?<\/h2>\n\n\n\n<figure class=\"wp-block-embed aligncenter is-type-video is-provider-youtube wp-block-embed-youtube wp-embed-aspect-16-9 wp-has-aspect-ratio\"><div class=\"wp-block-embed__wrapper\">\n<iframe loading=\"lazy\" title=\"Det b\u00e4sta med yrket\" width=\"422\" height=\"750\" src=\"https:\/\/www.youtube.com\/embed\/npyJWjZM3e4?feature=oembed\" frameborder=\"0\" allow=\"accelerometer; autoplay; clipboard-write; encrypted-media; gyroscope; picture-in-picture; web-share\" referrerpolicy=\"strict-origin-when-cross-origin\" allowfullscreen><\/iframe>\n<\/div><\/figure>\n\n\n\n<figure class=\"wp-block-embed aligncenter is-type-video is-provider-youtube wp-block-embed-youtube wp-embed-aspect-16-9 wp-has-aspect-ratio\"><div class=\"wp-block-embed__wrapper\">\n<iframe loading=\"lazy\" title=\"Du l\u00e4r dig om livet!\" width=\"422\" height=\"750\" src=\"https:\/\/www.youtube.com\/embed\/1UEPj-nSWDQ?feature=oembed\" frameborder=\"0\" allow=\"accelerometer; autoplay; clipboard-write; encrypted-media; gyroscope; picture-in-picture; web-share\" referrerpolicy=\"strict-origin-when-cross-origin\" allowfullscreen><\/iframe>\n<\/div><\/figure>\n\n\n<section class=\"links-list white-bg\">\n\t<div class=\"inner\">\n\t\t\t\t<ul >\n\t\t\t\t\t\t\t<li><a href=\"https:\/\/jag.se\/assistans\/yrket-personlig-assistent\/\">Vad inneb\u00e4r jobbet som personlig assistent?<\/a><\/li>\n\t\t\t\t\t\t<\/ul>\n\t\t\t\t<\/div>\n<\/section>\n","protected":false},"excerpt":{"rendered":"<p>Sommarjobba som personlig assistent Vad s\u00e4ger v\u00e5ra anst\u00e4llda?<\/p>\n","protected":false},"author":6,"featured_media":0,"parent":0,"menu_order":1,"comment_status":"closed","ping_status":"closed","template":"","meta":{"footnotes":""},"class_list":["post-15299","page","type-page","status-publish","hentry"],"acf":[],"_links":{"self":[{"href":"https:\/\/jag.se\/assistans\/wp-json\/wp\/v2\/pages\/15299","targetHints":{"allow":["GET"]}}],"collection":[{"href":"https:\/\/jag.se\/assistans\/wp-json\/wp\/v2\/pages"}],"about":[{"href":"https:\/\/jag.se\/assistans\/wp-json\/wp\/v2\/types\/page"}],"author":[{"embeddable":true,"href":"https:\/\/jag.se\/assistans\/wp-json\/wp\/v2\/users\/6"}],"replies":[{"embeddable":true,"href":"https:\/\/jag.se\/assistans\/wp-json\/wp\/v2\/comments?post=15299"}],"version-history":[{"count":19,"href":"https:\/\/jag.se\/assistans\/wp-json\/wp\/v2\/pages\/15299\/revisions"}],"predecessor-version":[{"id":15321,"href":"https:\/\/jag.se\/assistans\/wp-json\/wp\/v2\/pages\/15299\/revisions\/15321"}],"wp:attachment":[{"href":"https:\/\/jag.se\/assistans\/wp-json\/wp\/v2\/media?parent=15299"}],"curies":[{"name":"wp","href":"https:\/\/api.w.org\/{rel}","templated":true}]}}