{"id":252,"date":"2022-01-21T14:11:34","date_gmt":"2022-01-21T14:11:34","guid":{"rendered":"https:\/\/jag.se\/assistans\/jobba-som-assistent-2\/"},"modified":"2025-08-04T14:07:38","modified_gmt":"2025-08-04T14:07:38","slug":"assistans-till-barn","status":"publish","type":"page","link":"https:\/\/jag.se\/assistans\/assistans-till-barn\/","title":{"rendered":"Assistans till barn"},"content":{"rendered":"<div class=\"yoast-breadcrumbs\">\t<div class=\"inner\">\n\t\t<span><span><a href=\"https:\/\/jag.se\">JAG start<\/a><\/span> &gt; <span><a href=\"https:\/\/jag.se\/assistans\/\">JAG Personlig assistans<\/a><\/span> &gt; <span class=\"breadcrumb_last\" aria-current=\"page\">Assistans till barn<\/span><\/span>\t<\/div>\n<\/div>\n\n<section class=\"banner\">\n\t<img loading=\"lazy\" decoding=\"async\" width=\"2150\" height=\"628\" src=\"https:\/\/jag.se\/assistans\/wp-content\/uploads\/sites\/2\/2024\/07\/assistans-till-barn.webp\" class=\"bg-desktop\" alt=\"Assistans till barn\" srcset=\"https:\/\/jag.se\/assistans\/wp-content\/uploads\/sites\/2\/2024\/07\/assistans-till-barn.webp 2150w, https:\/\/jag.se\/assistans\/wp-content\/uploads\/sites\/2\/2024\/07\/assistans-till-barn-300x88.webp 300w, https:\/\/jag.se\/assistans\/wp-content\/uploads\/sites\/2\/2024\/07\/assistans-till-barn-1024x299.webp 1024w, https:\/\/jag.se\/assistans\/wp-content\/uploads\/sites\/2\/2024\/07\/assistans-till-barn-768x224.webp 768w, https:\/\/jag.se\/assistans\/wp-content\/uploads\/sites\/2\/2024\/07\/assistans-till-barn-1536x449.webp 1536w, https:\/\/jag.se\/assistans\/wp-content\/uploads\/sites\/2\/2024\/07\/assistans-till-barn-2048x598.webp 2048w, https:\/\/jag.se\/assistans\/wp-content\/uploads\/sites\/2\/2024\/07\/assistans-till-barn-1920x561.webp 1920w, https:\/\/jag.se\/assistans\/wp-content\/uploads\/sites\/2\/2024\/07\/assistans-till-barn-320x93.webp 320w, https:\/\/jag.se\/assistans\/wp-content\/uploads\/sites\/2\/2024\/07\/assistans-till-barn-120x35.webp 120w, https:\/\/jag.se\/assistans\/wp-content\/uploads\/sites\/2\/2024\/07\/assistans-till-barn-540x158.webp 540w, https:\/\/jag.se\/assistans\/wp-content\/uploads\/sites\/2\/2024\/07\/assistans-till-barn-601x176.webp 601w, https:\/\/jag.se\/assistans\/wp-content\/uploads\/sites\/2\/2024\/07\/assistans-till-barn-150x44.webp 150w, https:\/\/jag.se\/assistans\/wp-content\/uploads\/sites\/2\/2024\/07\/assistans-till-barn-311x91.webp 311w, https:\/\/jag.se\/assistans\/wp-content\/uploads\/sites\/2\/2024\/07\/assistans-till-barn-369x108.webp 369w, https:\/\/jag.se\/assistans\/wp-content\/uploads\/sites\/2\/2024\/07\/assistans-till-barn-374x109.webp 374w, https:\/\/jag.se\/assistans\/wp-content\/uploads\/sites\/2\/2024\/07\/assistans-till-barn-171x50.webp 171w, https:\/\/jag.se\/assistans\/wp-content\/uploads\/sites\/2\/2024\/07\/assistans-till-barn-1917x560.webp 1917w\" sizes=\"auto, (max-width: 2150px) 100vw, 2150px\" \/><img loading=\"lazy\" decoding=\"async\" width=\"540\" height=\"540\" src=\"https:\/\/jag.se\/assistans\/wp-content\/uploads\/sites\/2\/2024\/07\/assistans-till-barn-studsmatta.webp\" class=\"bg-mobile\" alt=\"Assistans till barn\" srcset=\"https:\/\/jag.se\/assistans\/wp-content\/uploads\/sites\/2\/2024\/07\/assistans-till-barn-studsmatta.webp 540w, https:\/\/jag.se\/assistans\/wp-content\/uploads\/sites\/2\/2024\/07\/assistans-till-barn-studsmatta-300x300.webp 300w, https:\/\/jag.se\/assistans\/wp-content\/uploads\/sites\/2\/2024\/07\/assistans-till-barn-studsmatta-150x150.webp 150w, https:\/\/jag.se\/assistans\/wp-content\/uploads\/sites\/2\/2024\/07\/assistans-till-barn-studsmatta-100x100.webp 100w, https:\/\/jag.se\/assistans\/wp-content\/uploads\/sites\/2\/2024\/07\/assistans-till-barn-studsmatta-120x120.webp 120w, https:\/\/jag.se\/assistans\/wp-content\/uploads\/sites\/2\/2024\/07\/assistans-till-barn-studsmatta-38x38.webp 38w, https:\/\/jag.se\/assistans\/wp-content\/uploads\/sites\/2\/2024\/07\/assistans-till-barn-studsmatta-311x311.webp 311w, https:\/\/jag.se\/assistans\/wp-content\/uploads\/sites\/2\/2024\/07\/assistans-till-barn-studsmatta-369x369.webp 369w, https:\/\/jag.se\/assistans\/wp-content\/uploads\/sites\/2\/2024\/07\/assistans-till-barn-studsmatta-374x374.webp 374w, https:\/\/jag.se\/assistans\/wp-content\/uploads\/sites\/2\/2024\/07\/assistans-till-barn-studsmatta-50x50.webp 50w\" sizes=\"auto, (max-width: 540px) 100vw, 540px\" \/>\t<div class=\"inner\">\n\t\t\t\t\t<div class=\"text-block  none\">\n\t\t\t\t\t\t\t\t\t<h3>Personlig assistans till barn<\/h3>\n\t\t\t\t\t\t\t\t\t<p><span class=\"TextRun SCXW259026299 BCX0\" lang=\"SV-SE\" xml:lang=\"SV-SE\" data-contrast=\"auto\"><span class=\"NormalTextRun SCXW259026299 BCX0\">N\u00e4r ett barn beh\u00f6ver personlig assistans p\u00e5verkas hela familjen. Assistansen ska kunna utformas s\u00e5 att vardagen fungerar. Assistans ska g\u00f6ra livet l\u00e4ttare, inte tv\u00e4rtom!<\/span><\/span><\/p>\n\t\t\t\t<a href=\"https:\/\/outlook.office365.com\/owa\/calendar\/Medlemsrekrytering@jag.se\/bookings\/\" target=\"_blank\" class=\"button inverted none\">Boka samtal om assistans<\/a> \t\t\t<\/div>\n\t\t\t\t<\/div>\n<\/section>\n\n\n\n<h1 class=\"wp-block-heading\">Personlig assistans till barn<\/h1>\n\n\n<section class=\"text-block white  \">\n    <div class=\"block-icon\"><\/div>\n\t<div class=\"inner\">\n\t\t<div class=\"text-block-content\">\n\t\t\t\t<p style=\"text-align: left\"><span class=\"TextRun SCXW155335919 BCX0\" lang=\"SV-SE\" xml:lang=\"SV-SE\" data-contrast=\"auto\"><span class=\"NormalTextRun SCXW155335919 BCX0\">Lagen om st\u00f6d och service till vissa funktionshindrade <strong>(LSS) har ett starkt familjeperspektiv<\/strong>. Assistansen ska ge avl\u00f6sning i omv\u00e5rdnaden av barnet och g\u00f6ra livet och vardagen l\u00e4ttare f\u00f6r hela familjen. <\/span><\/span><\/p>\n<p style=\"text-align: left\"><span class=\"TextRun SCXW155335919 BCX0\" lang=\"SV-SE\" xml:lang=\"SV-SE\" data-contrast=\"auto\"><span class=\"NormalTextRun SCXW155335919 BCX0\"><strong>Personliga assistenter f\u00e5r<\/strong><br \/><\/span><\/span><\/p>\n<ul>\n<li style=\"text-align: left\"><span class=\"TextRun SCXW155335919 BCX0\" lang=\"SV-SE\" xml:lang=\"SV-SE\" data-contrast=\"auto\"><span class=\"NormalTextRun SCXW155335919 BCX0\">skjutsa barn i bilen<br \/><\/span><\/span><\/li>\n<li style=\"text-align: left\"><span class=\"TextRun SCXW155335919 BCX0\" lang=\"SV-SE\" xml:lang=\"SV-SE\" data-contrast=\"auto\"><span class=\"NormalTextRun SCXW155335919 BCX0\">t\u00f6mma diskmaskinen<br \/><\/span><\/span><\/li>\n<li style=\"text-align: left\"><span class=\"TextRun SCXW155335919 BCX0\" lang=\"SV-SE\" xml:lang=\"SV-SE\" data-contrast=\"auto\"><span class=\"NormalTextRun SCXW155335919 BCX0\">h\u00e4mta p\u00e5 f\u00f6rskolan<\/span><\/span><\/li>\n<\/ul>\n<p><span class=\"TextRun SCXW155335919 BCX0\" lang=\"SV-SE\" xml:lang=\"SV-SE\" data-contrast=\"auto\"><span class=\"NormalTextRun SCXW155335919 BCX0\"><strong>\u00c4ven en personlig assistent till ett mycket litet barn kan<\/strong><\/span><\/span><\/p>\n<ul>\n<li><span class=\"TextRun SCXW155335919 BCX0\" lang=\"SV-SE\" xml:lang=\"SV-SE\" data-contrast=\"auto\"><span class=\"NormalTextRun SCXW155335919 BCX0\">laga lunch till barnet<br \/><\/span><\/span><\/li>\n<li><span class=\"TextRun SCXW155335919 BCX0\" lang=\"SV-SE\" xml:lang=\"SV-SE\" data-contrast=\"auto\"><span class=\"NormalTextRun SCXW155335919 BCX0\">sk\u00f6ta hj\u00e4lpmedel <br \/><\/span><\/span><\/li>\n<li><span class=\"TextRun SCXW155335919 BCX0\" lang=\"SV-SE\" xml:lang=\"SV-SE\" data-contrast=\"auto\"><span class=\"NormalTextRun SCXW155335919 BCX0\">eller vara hemma med barnet utan att f\u00f6r\u00e4ldrarna \u00e4r d\u00e4r<\/span><\/span><\/li>\n<\/ul>\n<p style=\"text-align: left\"><span data-contrast=\"auto\">Med personlig assistans beh\u00f6ver inte barnet vara p\u00e5 en viss plats en viss tid f\u00f6r att f\u00e5 st\u00f6d. <strong>Om det \u00e4r b\u00e4st f\u00f6r barnet kan personlig assistans ers\u00e4tta andra insatser<\/strong> som korttids, avl\u00f6sarservice eller l\u00e5nga dagar p\u00e5 fritids. F\u00f6r m\u00e5nga barn med omfattande funktionsneds\u00e4ttningar \u00e4r till exempel korttids en n\u00f6dl\u00f6sning eller till och med en om\u00f6jlighet. <\/span><span data-ccp-props=\"{&quot;201341983&quot;:0,&quot;335559739&quot;:160,&quot;335559740&quot;:259}\">\u00a0<\/span><\/p>\n<p style=\"text-align: left\"><span data-contrast=\"auto\">N\u00e4r ett barn beh\u00f6ver personlig assistans p\u00e5verkar det hela familjen. Familjen beh\u00f6ver kunna utforma assistansen s\u00e5 att vardagen fungerar. <strong>Assistansen ska g\u00f6ra livet och vardagen l\u00e4ttare, inte tv\u00e4rtom.<\/strong> D\u00e5 n\u00e5r vi m\u00e5let att alla barn ska kunna v\u00e4xa upp i sin familj.<\/span><span data-ccp-props=\"{&quot;201341983&quot;:0,&quot;335559739&quot;:160,&quot;335559740&quot;:259}\">\u00a0<\/span><\/p>\n\t\t<\/div>\n<\/section>\n\n\n\t<section class=\"job-bubbles\">\n\t\t<div class=\"inner\">\n\t\t\t<div class=\"bubbles-wrap\">\n\t\t\t\t\t\t\t<div class=\"bubble bubble-1\">\n\t\t\t\t\tAlla barn ska kunna v\u00e4xa upp i sin familj.\t\t\t\t<\/div>\n\t\t\t\t\t\t\t\t<div class=\"bubble bubble-2\">\n\t\t\t\t\tMed personlig assistans \u00e4r det m\u00f6jligt.\t\t\t\t<\/div>\n\t\t\t\t\t\t\t<\/div>\n\t\t<\/div>\n\t<\/section>\n\t\n\n<section class=\"text-block vvb-rose  \">\n    <div class=\"block-icon\"><\/div>\n\t<div class=\"inner\">\n\t\t<div class=\"text-block-content\">\n\t\t\t\t\t<h2 class=\"\">Mentorsprogram f\u00f6r nya barn- och ungdomsassistanser\u00a0<\/h2>\n\t\t\t\t\t<p><strong>Mentorsprogrammets syfte \u00e4r att du som ny assistansanv\u00e4ndare, dina v\u00e5rdnadshavare och arbetsledare ska f\u00e5 ett extra st\u00f6d under din f\u00f6rsta tid i JAG.<\/strong><\/p>\n<p>Det f\u00e5r ni genom att tr\u00e4ffa anh\u00f6riga, arbetsledare och personliga assistenter i andra JAG-assistanser d\u00e4r man har erfarenhet av att starta upp assistans f\u00f6r just ett barn. F\u00f6rsta tiden med assistans \u00e4r ofta omtumlande och kan inneb\u00e4ra m\u00e5nga fr\u00e5gor. Att <strong>ha ett extra st\u00f6d i det l\u00e4get tror vi kan g\u00f6ra stor skillnad<\/strong> f\u00f6r att skapa en h\u00e5llbar assistans med sj\u00e4lvbest\u00e4mmande. <strong>Din mentor kommer att coacha, inspirera och ge r\u00e5d<\/strong> utifr\u00e5n sina egna erfarenheter.\u00a0<\/p>\n<p>I mentorsprogrammet ing\u00e5r 7 digitala tillf\u00e4llen som var och en fokuserar p\u00e5 olika \u00e4mnen. Tanken \u00e4r att du med mentorns hj\u00e4lp ska hitta egna l\u00f6sningar f\u00f6r just din assistans, b\u00e5de nu och f\u00f6r framtiden.<\/p>\n\t\t<\/div>\n<\/section>\n\n\n<section class=\"text-block white  \">\n    <div class=\"block-icon\"><\/div>\n\t<div class=\"inner\">\n\t\t<div class=\"text-block-content\">\n\t\t\t\t\t<h2 class=\"\">F\u00f6r\u00e4lder till ett barn med assistans\u00a0<\/h2>\n\t\t\t\t\t<p style=\"text-align: left\"><span data-contrast=\"auto\">F\u00f6r m\u00e5nga familjer \u00e4r det sv\u00e5rt att ha utomst\u00e5ende assistenter i hemmet dygnets alla timmar. Att som f\u00f6r\u00e4lder ha <strong>m\u00f6jlighet att vara personlig assistent till sitt barn<\/strong> kan vara det som g\u00f6r att familjen orkar h\u00e5lla ihop, och att barn med stora funktionsneds\u00e4ttningar f\u00e5r v\u00e4xa upp med sin familj.<\/span><span data-ccp-props=\"{&quot;201341983&quot;:0,&quot;335559739&quot;:160,&quot;335559740&quot;:259}\">\u00a0<\/span><\/p>\n<p style=\"text-align: left\"><span data-contrast=\"auto\">Precis som med barn utan funktionsneds\u00e4ttning \u00e4r det <strong>du som f\u00f6r\u00e4lder som uppfostrar ditt barn<\/strong>. Det \u00e4r ocks\u00e5 du som v\u00e5rdnadshavare som avg\u00f6r om assistenten ska hj\u00e4lpa barnet att fatta beslut i olika situationer, och i s\u00e5 fall vilka. Du<\/span><span data-contrast=\"auto\"> best\u00e4mmer vad barnet med stigande \u00e5lder ska l\u00e4ra sig att g\u00f6ra \u201dsj\u00e4lv\u201d med assistans. F\u00f6r \u00e4ldre barn kan assistansen vara ett verktyg p\u00e5 v\u00e4g mot \u00f6kad sj\u00e4lvst\u00e4ndighet och vuxenliv. Men det \u00e4r du som f\u00f6r\u00e4lder tillsammans med ditt barn som best\u00e4mmer takten.<\/span><span data-ccp-props=\"{&quot;201341983&quot;:0,&quot;335559739&quot;:160,&quot;335559740&quot;:259}\">\u00a0<\/span><\/p>\n\t\t<\/div>\n<\/section>\n\n\n<section class=\"text-block ocean  \">\n    <div class=\"block-icon\"><\/div>\n\t<div class=\"inner\">\n\t\t<div class=\"text-block-content\">\n\t\t\t\t\t<h2 class=\"\">Assistans p\u00e5 f\u00f6rskola och skola<\/h2>\n\t\t\t\t\t<p><strong>Huvudregeln \u00e4r att personlig assistans inte beviljas n\u00e4r barnet vistas i f\u00f6rskola och skola.<\/strong> Undantag kan g\u00f6ras om det finns &#8221;s\u00e4rskilda sk\u00e4l&#8221;.<\/p>\n<p>&#8221;S\u00e4rskilda sk\u00e4l&#8221; kan vara till exempel<\/p>\n<ul>\n<li>n\u00e4r barnet beh\u00f6ver sin personliga assistent f\u00f6r att kunna kommunicera med l\u00e4rare och skolkamrater<\/li>\n<li>n\u00e4r barnets funktionsneds\u00e4ttning g\u00f6r det s\u00e4rskilt angel\u00e4get att begr\u00e4nsa antalet personer som ska hj\u00e4lpa till<\/li>\n<li>det kan ocks\u00e5 handla om andra situationer n\u00e4r det \u00e4r viktigt att barnet har tillg\u00e5ng till en person med s\u00e4rskild kunskap om hens h\u00e4lsotillst\u00e5nd eller funktionsneds\u00e4ttning<\/li>\n<\/ul>\n<p><strong>Barn som \u00e4r beviljade personlig assistans i skolan har samma r\u00e4tt till st\u00f6d av skolans pedagoger och \u00f6vrig skolpersonal som elever som inte \u00e4r beviljade personlig assistans.<\/strong> Den personliga assistenten ers\u00e4tter inte skolans pedagoger. Assistenten ska inte heller \u00e4gna sin arbetstid \u00e5t att st\u00f6tta andra elever i skolan.<\/p>\n\t\t<\/div>\n<\/section>\n\n\n<section class=\"text-block white  \">\n    <div class=\"block-icon\"><\/div>\n\t<div class=\"inner\">\n\t\t<div class=\"text-block-content\">\n\t\t\t\t\t<h2 class=\"\">Har du fr\u00e5gor om assistans till barn? <\/h2>\n\t\t\t\t\t<p>Kontakta oss g\u00e4rna p\u00e5 <a href=\"tel:+4687893003\">08-789 30 03<\/a> eller mejla oss p\u00e5 <a href=\"mailto:kontakt@jag.se\">kontakt@jag.se<\/a><\/p>\n<div>\n<p>&nbsp;<\/p>\n<\/div>\n\t\t<\/div>\n<\/section>\n\n\n<section class=\"text-block vvb-rose  \">\n    <div class=\"block-icon\"><\/div>\n\t<div class=\"inner\">\n\t\t<div class=\"text-block-content\">\n\t\t\t\t\t<h2 class=\"\">Assistans till barn i v\u00e5rt kooperativ som drivs utan vinstsyfte<\/h2>\n\t\t\t\t\t<p style=\"text-align: right\">I v\u00e5r serie K\u00e4raAssistent\u00a0 \u00e4r det flera barn med. H\u00e4r \u00e4r n\u00e5gra exempel.<\/p>\n<blockquote>\n<p>Tim Sundberg med assistent Liily Jimenez.<br \/>Isabelle Nordeman med assistent Emma Gr\u00f6nlund.<br \/>Maja Lorentz med assistent Engla Theander.<\/p>\n<\/blockquote>\n<p><a href=\"https:\/\/jag.se\/assistans\/kara-assistent\/\">Se hela serien #K\u00e4raAssistent<\/a><\/p>\n\t\t<\/div>\n<\/section>\n\n\n<section class=\"links-list white-bg\">\n\t<div class=\"inner\">\n\t\t\t\t<ul >\n\t\t\t\t\t\t\t<li><a href=\"https:\/\/outlook.office365.com\/book\/Medlemsrekrytering@jag.se\/\">Boka samtal om assistans<\/a><\/li>\n\t\t\t\t\t\t\t\t<li><a href=\"https:\/\/jag.se\/assistans\/yrket-personlig-assistent\/\">Vad g\u00f6r en personlig assistent?<\/a><\/li>\n\t\t\t\t\t\t\t\t<li><a href=\"https:\/\/jag.se\/assistans\/barnkonventionen-som-svensk-lag-starker-barns-ratt-till-personlig-assistans\/\">Barnkonventionen st\u00e4rker barns r\u00e4tt till assistans<\/a><\/li>\n\t\t\t\t\t\t\t\t<li><a href=\"https:\/\/jag.se\/assistans\/sju-tips-infor-ett-utredningssamtal\/\">Sju tips inf\u00f6r ett utredningssamtal<\/a><\/li>\n\t\t\t\t\t\t\t\t<li><a href=\"https:\/\/jag.se\/assistans\/vart-erbjudande\/\">L\u00e4s mer om assistans hos oss<\/a><\/li>\n\t\t\t\t\t\t\t\t<li><a href=\"https:\/\/jag.se\/assistans\/\">Personlig assistans \u00e4r frihet<\/a><\/li>\n\t\t\t\t\t\t<\/ul>\n\t\t\t\t<\/div>\n<\/section>\n","protected":false},"excerpt":{"rendered":"<p>Personlig assistans till barn<\/p>\n","protected":false},"author":6,"featured_media":0,"parent":0,"menu_order":52,"comment_status":"closed","ping_status":"closed","template":"","meta":{"footnotes":""},"class_list":["post-252","page","type-page","status-publish","hentry"],"acf":[],"_links":{"self":[{"href":"https:\/\/jag.se\/assistans\/wp-json\/wp\/v2\/pages\/252","targetHints":{"allow":["GET"]}}],"collection":[{"href":"https:\/\/jag.se\/assistans\/wp-json\/wp\/v2\/pages"}],"about":[{"href":"https:\/\/jag.se\/assistans\/wp-json\/wp\/v2\/types\/page"}],"author":[{"embeddable":true,"href":"https:\/\/jag.se\/assistans\/wp-json\/wp\/v2\/users\/6"}],"replies":[{"embeddable":true,"href":"https:\/\/jag.se\/assistans\/wp-json\/wp\/v2\/comments?post=252"}],"version-history":[{"count":388,"href":"https:\/\/jag.se\/assistans\/wp-json\/wp\/v2\/pages\/252\/revisions"}],"predecessor-version":[{"id":14527,"href":"https:\/\/jag.se\/assistans\/wp-json\/wp\/v2\/pages\/252\/revisions\/14527"}],"wp:attachment":[{"href":"https:\/\/jag.se\/assistans\/wp-json\/wp\/v2\/media?parent=252"}],"curies":[{"name":"wp","href":"https:\/\/api.w.org\/{rel}","templated":true}]}}