{"version":"1.0","provider_name":"JAG Opinion","provider_url":"https:\/\/jag.se\/opinion","author_name":"Alexander Alexandrov","author_url":"https:\/\/jag.se\/opinion\/author\/alexander-alexandrov-2-2-2-2-2\/","title":"\u201dIsolering helt om\u00f6jligt f\u00f6r oss med assistans\u201d - JAG Opinion","type":"rich","width":600,"height":338,"html":"<blockquote class=\"wp-embedded-content\" data-secret=\"IBcycUSIgE\"><a href=\"https:\/\/jag.se\/opinion\/isolering-helt-omojligt-for-oss-med-assistans\/\">\u201dIsolering helt om\u00f6jligt f\u00f6r oss med assistans\u201d<\/a><\/blockquote><iframe sandbox=\"allow-scripts\" security=\"restricted\" src=\"https:\/\/jag.se\/opinion\/isolering-helt-omojligt-for-oss-med-assistans\/embed\/#?secret=IBcycUSIgE\" width=\"600\" height=\"338\" title=\"\u201d\u201dIsolering helt om\u00f6jligt f\u00f6r oss med assistans\u201d\u201d &ndash; JAG Opinion\" data-secret=\"IBcycUSIgE\" frameborder=\"0\" marginwidth=\"0\" marginheight=\"0\" scrolling=\"no\" class=\"wp-embedded-content\"><\/iframe><script type=\"text\/javascript\">\n\/* <![CDATA[ *\/\n\/*! This file is auto-generated *\/\n!function(d,l){\"use strict\";l.querySelector&&d.addEventListener&&\"undefined\"!=typeof URL&&(d.wp=d.wp||{},d.wp.receiveEmbedMessage||(d.wp.receiveEmbedMessage=function(e){var t=e.data;if((t||t.secret||t.message||t.value)&&!\/[^a-zA-Z0-9]\/.test(t.secret)){for(var s,r,n,a=l.querySelectorAll('iframe[data-secret=\"'+t.secret+'\"]'),o=l.querySelectorAll('blockquote[data-secret=\"'+t.secret+'\"]'),c=new RegExp(\"^https?:$\",\"i\"),i=0;i<o.length;i++)o[i].style.display=\"none\";for(i=0;i<a.length;i++)s=a[i],e.source===s.contentWindow&&(s.removeAttribute(\"style\"),\"height\"===t.message?(1e3<(r=parseInt(t.value,10))?r=1e3:~~r<200&&(r=200),s.height=r):\"link\"===t.message&&(r=new URL(s.getAttribute(\"src\")),n=new URL(t.value),c.test(n.protocol))&&n.host===r.host&&l.activeElement===s&&(d.top.location.href=t.value))}},d.addEventListener(\"message\",d.wp.receiveEmbedMessage,!1),l.addEventListener(\"DOMContentLoaded\",function(){for(var e,t,s=l.querySelectorAll(\"iframe.wp-embedded-content\"),r=0;r<s.length;r++)(t=(e=s[r]).getAttribute(\"data-secret\"))||(t=Math.random().toString(36).substring(2,12),e.src+=\"#?secret=\"+t,e.setAttribute(\"data-secret\",t)),e.contentWindow.postMessage({message:\"ready\",secret:t},\"*\")},!1)))}(window,document);\n\/\/# sourceURL=https:\/\/jag.se\/opinion\/wp-includes\/js\/wp-embed.min.js\n\/* ]]> *\/\n<\/script>\n","thumbnail_url":"https:\/\/jag.se\/wp-content\/uploads\/sites\/3\/2020\/03\/deltagare-JAG_foto-linnea-bengtsson-2041-1.jpg","thumbnail_width":800,"thumbnail_height":534,"description":"Debattartikel fr\u00e5n Brukarkooperativet JAG i Dagens Samh\u00e4lle, st\u00e4ller fr\u00e5gor till Sveriges myndigheter. Hur ska vi som \u00e4r beroende av personlig assistans skydda oss och v\u00e5ra assistenter fr\u00e5n smitta och hur ska vi g\u00f6ra om vi eller de blir sjuka? Kommer vi med sv\u00e5ra funktionsneds\u00e4ttningar ens att kunna r\u00e4kna med hj\u00e4lp fr\u00e5n sjukv\u00e5rden i ett krisl\u00e4ge?"}

”Isolering helt omöjligt för oss med assistans” - JAG Opinion

<blockquote class="wp-embedded-content" data-secret="IBcycUSIgE"><a href="https://jag.se/opinion/isolering-helt-omojligt-for-oss-med-assistans/">”Isolering helt omöjligt för oss med assistans”</a></blockquote><iframe sandbox="allow-scripts" security="restricted" src="https://jag.se/opinion/isolering-helt-omojligt-for-oss-med-assistans/embed/#?secret=IBcycUSIgE" width="600" height="338" title="””Isolering helt omöjligt för oss med assistans”” &ndash; JAG Opinion" data-secret="IBcycUSIgE" frameborder="0" marginwidth="0" marginheight="0" scrolling="no" class="wp-embedded-content"></iframe><script type="text/javascript">
/* <![CDATA[ */
/*! This file is auto-generated */
!function(d,l){"use strict";l.querySelector&&d.addEventListener&&"undefined"!=typeof URL&&(d.wp=d.wp||{},d.wp.receiveEmbedMessage||(d.wp.receiveEmbedMessage=function(e){var t=e.data;if((t||t.secret||t.message||t.value)&&!/[^a-zA-Z0-9]/.test(t.secret)){for(var s,r,n,a=l.querySelectorAll('iframe[data-secret="'+t.secret+'"]'),o=l.querySelectorAll('blockquote[data-secret="'+t.secret+'"]'),c=new RegExp("^https?:$","i"),i=0;i<o.length;i++)o[i].style.display="none";for(i=0;i<a.length;i++)s=a[i],e.source===s.contentWindow&&(s.removeAttribute("style"),"height"===t.message?(1e3<(r=parseInt(t.value,10))?r=1e3:~~r<200&&(r=200),s.height=r):"link"===t.message&&(r=new URL(s.getAttribute("src")),n=new URL(t.value),c.test(n.protocol))&&n.host===r.host&&l.activeElement===s&&(d.top.location.href=t.value))}},d.addEventListener("message",d.wp.receiveEmbedMessage,!1),l.addEventListener("DOMContentLoaded",function(){for(var e,t,s=l.querySelectorAll("iframe.wp-embedded-content"),r=0;r<s.length;r++)(t=(e=s[r]).getAttribute("data-secret"))||(t=Math.random().toString(36).substring(2,12),e.src+="#?secret="+t,e.setAttribute("data-secret",t)),e.contentWindow.postMessage({message:"ready",secret:t},"*")},!1)))}(window,document);
//# sourceURL=https://jag.se/opinion/wp-includes/js/wp-embed.min.js
/* ]]> */
</script>

Debattartikel från Brukarkooperativet JAG i Dagens Samhälle, ställer frågor till Sveriges myndigheter. Hur ska vi som är beroende av personlig assistans skydda oss och våra assistenter från smitta och hur ska vi göra om vi eller de blir sjuka? Kommer vi med svåra funktionsnedsättningar ens att kunna räkna med hjälp från sjukvården i ett krisläge?
