{"version":"1.0","provider_name":"JAG Opinion","provider_url":"https:\/\/jag.se\/opinion","author_name":"Kerstin Sellin","author_url":"https:\/\/jag.se\/opinion\/author\/kerstin-sellin-2-2-2-2-2-2-2-2\/","title":"Funktionshindrade demonstrerar mot F\u00f6rs\u00e4kringskassan - JAG Opinion","type":"rich","width":600,"height":338,"html":"<blockquote class=\"wp-embedded-content\" data-secret=\"LqMlJFOE3u\"><a href=\"https:\/\/jag.se\/opinion\/pressreleases\/funktionshindrade-demonstrerar-mot-forsakringskassan\/\">Funktionshindrade demonstrerar mot F\u00f6rs\u00e4kringskassan<\/a><\/blockquote><iframe sandbox=\"allow-scripts\" security=\"restricted\" src=\"https:\/\/jag.se\/opinion\/pressreleases\/funktionshindrade-demonstrerar-mot-forsakringskassan\/embed\/#?secret=LqMlJFOE3u\" width=\"600\" height=\"338\" title=\"\u201dFunktionshindrade demonstrerar mot F\u00f6rs\u00e4kringskassan\u201d &ndash; JAG Opinion\" data-secret=\"LqMlJFOE3u\" frameborder=\"0\" marginwidth=\"0\" marginheight=\"0\" scrolling=\"no\" class=\"wp-embedded-content\"><\/iframe><script type=\"text\/javascript\">\n\/* <![CDATA[ *\/\n\/*! This file is auto-generated *\/\n!function(d,l){\"use strict\";l.querySelector&&d.addEventListener&&\"undefined\"!=typeof URL&&(d.wp=d.wp||{},d.wp.receiveEmbedMessage||(d.wp.receiveEmbedMessage=function(e){var t=e.data;if((t||t.secret||t.message||t.value)&&!\/[^a-zA-Z0-9]\/.test(t.secret)){for(var s,r,n,a=l.querySelectorAll('iframe[data-secret=\"'+t.secret+'\"]'),o=l.querySelectorAll('blockquote[data-secret=\"'+t.secret+'\"]'),c=new RegExp(\"^https?:$\",\"i\"),i=0;i<o.length;i++)o[i].style.display=\"none\";for(i=0;i<a.length;i++)s=a[i],e.source===s.contentWindow&&(s.removeAttribute(\"style\"),\"height\"===t.message?(1e3<(r=parseInt(t.value,10))?r=1e3:~~r<200&&(r=200),s.height=r):\"link\"===t.message&&(r=new URL(s.getAttribute(\"src\")),n=new URL(t.value),c.test(n.protocol))&&n.host===r.host&&l.activeElement===s&&(d.top.location.href=t.value))}},d.addEventListener(\"message\",d.wp.receiveEmbedMessage,!1),l.addEventListener(\"DOMContentLoaded\",function(){for(var e,t,s=l.querySelectorAll(\"iframe.wp-embedded-content\"),r=0;r<s.length;r++)(t=(e=s[r]).getAttribute(\"data-secret\"))||(t=Math.random().toString(36).substring(2,12),e.src+=\"#?secret=\"+t,e.setAttribute(\"data-secret\",t)),e.contentWindow.postMessage({message:\"ready\",secret:t},\"*\")},!1)))}(window,document);\n\/\/# sourceURL=https:\/\/jag.se\/opinion\/wp-includes\/js\/wp-embed.min.js\n\/* ]]> *\/\n<\/script>\n","thumbnail_url":"https:\/\/jag.se\/opinion\/wp-content\/uploads\/sites\/3\/2016\/05\/9785fbbf26f88fc2_org-11.jpg","thumbnail_width":960,"thumbnail_height":540,"description":"I morgon tisdag 24\/5 kl 14.00\u00a0anordnas en demonstration utanf\u00f6r F\u00f6rs\u00e4kringskassans huvudkontor vid Telefonplan i Stockholm. Demonstrationen \u00e4r en protest mot\u00a0att det f\u00f6rh\u00f6jda timbeloppet i assistansers\u00e4ttningen\u00a0till personer med funktionsneds\u00e4ttning fr\u00e5n och med oktober\u00a0ska redovisas varje m\u00e5nad ist\u00e4llet f\u00f6r halv\u00e5rsvis. \u2013\u00a0F\u00f6r\u00e4ndringen ses som rent administrativ av regeringen och myndigheterna. Men konsekvenserna blir att de s\u00e4tter lagen ur"}

Funktionshindrade demonstrerar mot Försäkringskassan - JAG Opinion

<blockquote class="wp-embedded-content" data-secret="LqMlJFOE3u"><a href="https://jag.se/opinion/pressreleases/funktionshindrade-demonstrerar-mot-forsakringskassan/">Funktionshindrade demonstrerar mot Försäkringskassan</a></blockquote><iframe sandbox="allow-scripts" security="restricted" src="https://jag.se/opinion/pressreleases/funktionshindrade-demonstrerar-mot-forsakringskassan/embed/#?secret=LqMlJFOE3u" width="600" height="338" title="”Funktionshindrade demonstrerar mot Försäkringskassan” &ndash; JAG Opinion" data-secret="LqMlJFOE3u" frameborder="0" marginwidth="0" marginheight="0" scrolling="no" class="wp-embedded-content"></iframe><script type="text/javascript">
/* <![CDATA[ */
/*! This file is auto-generated */
!function(d,l){"use strict";l.querySelector&&d.addEventListener&&"undefined"!=typeof URL&&(d.wp=d.wp||{},d.wp.receiveEmbedMessage||(d.wp.receiveEmbedMessage=function(e){var t=e.data;if((t||t.secret||t.message||t.value)&&!/[^a-zA-Z0-9]/.test(t.secret)){for(var s,r,n,a=l.querySelectorAll('iframe[data-secret="'+t.secret+'"]'),o=l.querySelectorAll('blockquote[data-secret="'+t.secret+'"]'),c=new RegExp("^https?:$","i"),i=0;i<o.length;i++)o[i].style.display="none";for(i=0;i<a.length;i++)s=a[i],e.source===s.contentWindow&&(s.removeAttribute("style"),"height"===t.message?(1e3<(r=parseInt(t.value,10))?r=1e3:~~r<200&&(r=200),s.height=r):"link"===t.message&&(r=new URL(s.getAttribute("src")),n=new URL(t.value),c.test(n.protocol))&&n.host===r.host&&l.activeElement===s&&(d.top.location.href=t.value))}},d.addEventListener("message",d.wp.receiveEmbedMessage,!1),l.addEventListener("DOMContentLoaded",function(){for(var e,t,s=l.querySelectorAll("iframe.wp-embedded-content"),r=0;r<s.length;r++)(t=(e=s[r]).getAttribute("data-secret"))||(t=Math.random().toString(36).substring(2,12),e.src+="#?secret="+t,e.setAttribute("data-secret",t)),e.contentWindow.postMessage({message:"ready",secret:t},"*")},!1)))}(window,document);
//# sourceURL=https://jag.se/opinion/wp-includes/js/wp-embed.min.js
/* ]]> */
</script>

I morgon tisdag 24/5 kl 14.00 anordnas en demonstration utanför Försäkringskassans huvudkontor vid Telefonplan i Stockholm. Demonstrationen är en protest mot att det förhöjda timbeloppet i assistansersättningen till personer med funktionsnedsättning från och med oktober ska redovisas varje månad istället för halvårsvis. – Förändringen ses som rent administrativ av regeringen och myndigheterna. Men konsekvenserna blir att de sätter lagen ur
