{"version":"1.0","provider_name":"JAG Opinion","provider_url":"https:\/\/jag.se\/opinion","author_name":"Kerstin Sellin","author_url":"https:\/\/jag.se\/opinion\/author\/kerstin-sellin-2-2-2-2-2-2-2-2\/","title":"Institutioner \u00e4r inget alternativ till personlig assistans - JAG Opinion","type":"rich","width":600,"height":338,"html":"<blockquote class=\"wp-embedded-content\" data-secret=\"mmjoHhQT18\"><a href=\"https:\/\/jag.se\/opinion\/pressreleases\/institutioner-ar-inget-alternativ-till-personlig-assistans\/\">Institutioner \u00e4r inget alternativ till personlig assistans<\/a><\/blockquote><iframe sandbox=\"allow-scripts\" security=\"restricted\" src=\"https:\/\/jag.se\/opinion\/pressreleases\/institutioner-ar-inget-alternativ-till-personlig-assistans\/embed\/#?secret=mmjoHhQT18\" width=\"600\" height=\"338\" title=\"\u201dInstitutioner \u00e4r inget alternativ till personlig assistans\u201d &ndash; JAG Opinion\" data-secret=\"mmjoHhQT18\" frameborder=\"0\" marginwidth=\"0\" marginheight=\"0\" scrolling=\"no\" class=\"wp-embedded-content\"><\/iframe><script type=\"text\/javascript\">\n\/* <![CDATA[ *\/\n\/*! This file is auto-generated *\/\n!function(d,l){\"use strict\";l.querySelector&&d.addEventListener&&\"undefined\"!=typeof URL&&(d.wp=d.wp||{},d.wp.receiveEmbedMessage||(d.wp.receiveEmbedMessage=function(e){var t=e.data;if((t||t.secret||t.message||t.value)&&!\/[^a-zA-Z0-9]\/.test(t.secret)){for(var s,r,n,a=l.querySelectorAll('iframe[data-secret=\"'+t.secret+'\"]'),o=l.querySelectorAll('blockquote[data-secret=\"'+t.secret+'\"]'),c=new RegExp(\"^https?:$\",\"i\"),i=0;i<o.length;i++)o[i].style.display=\"none\";for(i=0;i<a.length;i++)s=a[i],e.source===s.contentWindow&&(s.removeAttribute(\"style\"),\"height\"===t.message?(1e3<(r=parseInt(t.value,10))?r=1e3:~~r<200&&(r=200),s.height=r):\"link\"===t.message&&(r=new URL(s.getAttribute(\"src\")),n=new URL(t.value),c.test(n.protocol))&&n.host===r.host&&l.activeElement===s&&(d.top.location.href=t.value))}},d.addEventListener(\"message\",d.wp.receiveEmbedMessage,!1),l.addEventListener(\"DOMContentLoaded\",function(){for(var e,t,s=l.querySelectorAll(\"iframe.wp-embedded-content\"),r=0;r<s.length;r++)(t=(e=s[r]).getAttribute(\"data-secret\"))||(t=Math.random().toString(36).substring(2,12),e.src+=\"#?secret=\"+t,e.setAttribute(\"data-secret\",t)),e.contentWindow.postMessage({message:\"ready\",secret:t},\"*\")},!1)))}(window,document);\n\/\/# sourceURL=https:\/\/jag.se\/opinion\/wp-includes\/js\/wp-embed.min.js\n\/* ]]> *\/\n<\/script>\n","thumbnail_url":"https:\/\/jag.se\/opinion\/wp-content\/uploads\/sites\/3\/2012\/12\/a1e33279f4198a9e_org-11.jpg","thumbnail_width":616,"thumbnail_height":260,"description":"Cecilia Blanck, verksamhetsansvarig p\u00e5 JAG och syster till F\u00f6reningen JAGs ordf\u00f6rande Magnus And\u00e9n, svarar p\u00e5 Gunnar Wetterbergs ledare i Expressen. &#8221;N\u00e4r Sacos samh\u00e4llspolitiske chef f\u00f6respr\u00e5kar institutioner ist\u00e4llet f\u00f6r personlig assistans tar han st\u00e4llning mot m\u00e4nskliga r\u00e4ttigheter. Den goda instutionen finns n\u00e4mligen inte. Det vet de tusentals svenskar som har egna erfarenheter av institutionsboende. Min bror"}

Institutioner är inget alternativ till personlig assistans - JAG Opinion

<blockquote class="wp-embedded-content" data-secret="mmjoHhQT18"><a href="https://jag.se/opinion/pressreleases/institutioner-ar-inget-alternativ-till-personlig-assistans/">Institutioner är inget alternativ till personlig assistans</a></blockquote><iframe sandbox="allow-scripts" security="restricted" src="https://jag.se/opinion/pressreleases/institutioner-ar-inget-alternativ-till-personlig-assistans/embed/#?secret=mmjoHhQT18" width="600" height="338" title="”Institutioner är inget alternativ till personlig assistans” &ndash; JAG Opinion" data-secret="mmjoHhQT18" frameborder="0" marginwidth="0" marginheight="0" scrolling="no" class="wp-embedded-content"></iframe><script type="text/javascript">
/* <![CDATA[ */
/*! This file is auto-generated */
!function(d,l){"use strict";l.querySelector&&d.addEventListener&&"undefined"!=typeof URL&&(d.wp=d.wp||{},d.wp.receiveEmbedMessage||(d.wp.receiveEmbedMessage=function(e){var t=e.data;if((t||t.secret||t.message||t.value)&&!/[^a-zA-Z0-9]/.test(t.secret)){for(var s,r,n,a=l.querySelectorAll('iframe[data-secret="'+t.secret+'"]'),o=l.querySelectorAll('blockquote[data-secret="'+t.secret+'"]'),c=new RegExp("^https?:$","i"),i=0;i<o.length;i++)o[i].style.display="none";for(i=0;i<a.length;i++)s=a[i],e.source===s.contentWindow&&(s.removeAttribute("style"),"height"===t.message?(1e3<(r=parseInt(t.value,10))?r=1e3:~~r<200&&(r=200),s.height=r):"link"===t.message&&(r=new URL(s.getAttribute("src")),n=new URL(t.value),c.test(n.protocol))&&n.host===r.host&&l.activeElement===s&&(d.top.location.href=t.value))}},d.addEventListener("message",d.wp.receiveEmbedMessage,!1),l.addEventListener("DOMContentLoaded",function(){for(var e,t,s=l.querySelectorAll("iframe.wp-embedded-content"),r=0;r<s.length;r++)(t=(e=s[r]).getAttribute("data-secret"))||(t=Math.random().toString(36).substring(2,12),e.src+="#?secret="+t,e.setAttribute("data-secret",t)),e.contentWindow.postMessage({message:"ready",secret:t},"*")},!1)))}(window,document);
//# sourceURL=https://jag.se/opinion/wp-includes/js/wp-embed.min.js
/* ]]> */
</script>

Cecilia Blanck, verksamhetsansvarig på JAG och syster till Föreningen JAGs ordförande Magnus Andén, svarar på Gunnar Wetterbergs ledare i Expressen. &#8221;När Sacos samhällspolitiske chef förespråkar institutioner istället för personlig assistans tar han ställning mot mänskliga rättigheter. Den goda instutionen finns nämligen inte. Det vet de tusentals svenskar som har egna erfarenheter av institutionsboende. Min bror
