{"version":"1.0","provider_name":"JAG Opinion","provider_url":"https:\/\/jag.se\/opinion","author_name":"Kerstin Sellin","author_url":"https:\/\/jag.se\/opinion\/author\/kerstin-sellin-2-2-2-2-2-2-2-2\/","title":"JAG tar plats i Almedalen - JAG Opinion","type":"rich","width":600,"height":338,"html":"<blockquote class=\"wp-embedded-content\" data-secret=\"QTV2Pvonme\"><a href=\"https:\/\/jag.se\/opinion\/pressreleases\/jag-tar-plats-i-almedalen\/\">JAG tar plats i Almedalen<\/a><\/blockquote><iframe sandbox=\"allow-scripts\" security=\"restricted\" src=\"https:\/\/jag.se\/opinion\/pressreleases\/jag-tar-plats-i-almedalen\/embed\/#?secret=QTV2Pvonme\" width=\"600\" height=\"338\" title=\"\u201dJAG tar plats i Almedalen\u201d &ndash; JAG Opinion\" data-secret=\"QTV2Pvonme\" frameborder=\"0\" marginwidth=\"0\" marginheight=\"0\" scrolling=\"no\" class=\"wp-embedded-content\"><\/iframe><script type=\"text\/javascript\">\n\/* <![CDATA[ *\/\n\/*! This file is auto-generated *\/\n!function(d,l){\"use strict\";l.querySelector&&d.addEventListener&&\"undefined\"!=typeof URL&&(d.wp=d.wp||{},d.wp.receiveEmbedMessage||(d.wp.receiveEmbedMessage=function(e){var t=e.data;if((t||t.secret||t.message||t.value)&&!\/[^a-zA-Z0-9]\/.test(t.secret)){for(var s,r,n,a=l.querySelectorAll('iframe[data-secret=\"'+t.secret+'\"]'),o=l.querySelectorAll('blockquote[data-secret=\"'+t.secret+'\"]'),c=new RegExp(\"^https?:$\",\"i\"),i=0;i<o.length;i++)o[i].style.display=\"none\";for(i=0;i<a.length;i++)s=a[i],e.source===s.contentWindow&&(s.removeAttribute(\"style\"),\"height\"===t.message?(1e3<(r=parseInt(t.value,10))?r=1e3:~~r<200&&(r=200),s.height=r):\"link\"===t.message&&(r=new URL(s.getAttribute(\"src\")),n=new URL(t.value),c.test(n.protocol))&&n.host===r.host&&l.activeElement===s&&(d.top.location.href=t.value))}},d.addEventListener(\"message\",d.wp.receiveEmbedMessage,!1),l.addEventListener(\"DOMContentLoaded\",function(){for(var e,t,s=l.querySelectorAll(\"iframe.wp-embedded-content\"),r=0;r<s.length;r++)(t=(e=s[r]).getAttribute(\"data-secret\"))||(t=Math.random().toString(36).substring(2,12),e.src+=\"#?secret=\"+t,e.setAttribute(\"data-secret\",t)),e.contentWindow.postMessage({message:\"ready\",secret:t},\"*\")},!1)))}(window,document);\n\/\/# sourceURL=https:\/\/jag.se\/opinion\/wp-includes\/js\/wp-embed.min.js\n\/* ]]> *\/\n<\/script>\n","thumbnail_url":"https:\/\/jag.se\/opinion\/wp-content\/uploads\/sites\/3\/2013\/06\/bd6d4771ed587649_org-12-scaled.jpg","thumbnail_width":2560,"thumbnail_height":1805,"description":"I \u00e5r har vi ett eget t\u00e4lt p\u00e5 Skeppsbron, n\u00e4ra Hamnplan. Dit har vi bjudit in politiker, beslutsfattare och samh\u00e4llsdebatt\u00f6rer f\u00f6r att prata om v\u00e5r verklighet och se till att v\u00e5ra fr\u00e5gor f\u00e5r en plats i n\u00e4sta \u00e5rs valr\u00f6relse. S\u00e5 h\u00e4r ser programmet ut: M\u00e5ndag 1\/7\u00a0 15.00 Barn- och \u00e4ldreminister Maria Larsson Tisdag 2\/7 \u00a0\u00a0"}

I år har vi ett eget tält på Skeppsbron, nära Hamnplan. Dit har vi bjudit in politiker, beslutsfattare och samhällsdebattörer för att prata om vår verklighet och se till att våra frågor får en plats i nästa års valrörelse. Så här ser programmet ut: Måndag 1/7  15.00 Barn- och äldreminister Maria Larsson Tisdag 2/7
