{"version":"1.0","provider_name":"JAG Opinion","provider_url":"https:\/\/jag.se\/opinion","author_name":"Kerstin Sellin","author_url":"https:\/\/jag.se\/opinion\/author\/kerstin-sellin-2-2-2-2-2-2-2-2\/","title":"JAG v\u00e4lkomnar statligt huvudmannaskap f\u00f6r assistansen - JAG Opinion","type":"rich","width":600,"height":338,"html":"<blockquote class=\"wp-embedded-content\" data-secret=\"fkwU8XgGOA\"><a href=\"https:\/\/jag.se\/opinion\/pressreleases\/jag-valkomnar-statligt-huvudmannaskap-for-assistansen\/\">JAG v\u00e4lkomnar statligt huvudmannaskap f\u00f6r assistansen<\/a><\/blockquote><iframe sandbox=\"allow-scripts\" security=\"restricted\" src=\"https:\/\/jag.se\/opinion\/pressreleases\/jag-valkomnar-statligt-huvudmannaskap-for-assistansen\/embed\/#?secret=fkwU8XgGOA\" width=\"600\" height=\"338\" title=\"\u201dJAG v\u00e4lkomnar statligt huvudmannaskap f\u00f6r assistansen\u201d &ndash; JAG Opinion\" data-secret=\"fkwU8XgGOA\" frameborder=\"0\" marginwidth=\"0\" marginheight=\"0\" scrolling=\"no\" class=\"wp-embedded-content\"><\/iframe><script type=\"text\/javascript\">\n\/* <![CDATA[ *\/\n\/*! This file is auto-generated *\/\n!function(d,l){\"use strict\";l.querySelector&&d.addEventListener&&\"undefined\"!=typeof URL&&(d.wp=d.wp||{},d.wp.receiveEmbedMessage||(d.wp.receiveEmbedMessage=function(e){var t=e.data;if((t||t.secret||t.message||t.value)&&!\/[^a-zA-Z0-9]\/.test(t.secret)){for(var s,r,n,a=l.querySelectorAll('iframe[data-secret=\"'+t.secret+'\"]'),o=l.querySelectorAll('blockquote[data-secret=\"'+t.secret+'\"]'),c=new RegExp(\"^https?:$\",\"i\"),i=0;i<o.length;i++)o[i].style.display=\"none\";for(i=0;i<a.length;i++)s=a[i],e.source===s.contentWindow&&(s.removeAttribute(\"style\"),\"height\"===t.message?(1e3<(r=parseInt(t.value,10))?r=1e3:~~r<200&&(r=200),s.height=r):\"link\"===t.message&&(r=new URL(s.getAttribute(\"src\")),n=new URL(t.value),c.test(n.protocol))&&n.host===r.host&&l.activeElement===s&&(d.top.location.href=t.value))}},d.addEventListener(\"message\",d.wp.receiveEmbedMessage,!1),l.addEventListener(\"DOMContentLoaded\",function(){for(var e,t,s=l.querySelectorAll(\"iframe.wp-embedded-content\"),r=0;r<s.length;r++)(t=(e=s[r]).getAttribute(\"data-secret\"))||(t=Math.random().toString(36).substring(2,12),e.src+=\"#?secret=\"+t,e.setAttribute(\"data-secret\",t)),e.contentWindow.postMessage({message:\"ready\",secret:t},\"*\")},!1)))}(window,document);\n\/\/# sourceURL=https:\/\/jag.se\/opinion\/wp-includes\/js\/wp-embed.min.js\n\/* ]]> *\/\n<\/script>\n","thumbnail_url":"https:\/\/jag.se\/opinion\/wp-content\/uploads\/sites\/3\/2023\/06\/b5066a7334eaf406_org-10.jpg","thumbnail_width":2048,"thumbnail_height":1283,"description":"Vi kan inte nog understryka hur viktigt det \u00e4r f\u00f6r oss med de mest omfattande och komplexa behoven att f\u00e5 dem tillgodosedda utan h\u00e4nsyn till s\u00e5dant som den kommunala ekonomin, socialtj\u00e4nststrukturer och envist kvardr\u00f6jande omsorgst\u00e4nk.\u00a0 Vi st\u00e4ller oss dock tveksamma till att staten \u00e4ven ska ansvara f\u00f6r behov av tillf\u00e4llig ut\u00f6kning av assistansen. Vi undrar"}

JAG välkomnar statligt huvudmannaskap för assistansen - JAG Opinion

<blockquote class="wp-embedded-content" data-secret="fkwU8XgGOA"><a href="https://jag.se/opinion/pressreleases/jag-valkomnar-statligt-huvudmannaskap-for-assistansen/">JAG välkomnar statligt huvudmannaskap för assistansen</a></blockquote><iframe sandbox="allow-scripts" security="restricted" src="https://jag.se/opinion/pressreleases/jag-valkomnar-statligt-huvudmannaskap-for-assistansen/embed/#?secret=fkwU8XgGOA" width="600" height="338" title="”JAG välkomnar statligt huvudmannaskap för assistansen” &ndash; JAG Opinion" data-secret="fkwU8XgGOA" frameborder="0" marginwidth="0" marginheight="0" scrolling="no" class="wp-embedded-content"></iframe><script type="text/javascript">
/* <![CDATA[ */
/*! This file is auto-generated */
!function(d,l){"use strict";l.querySelector&&d.addEventListener&&"undefined"!=typeof URL&&(d.wp=d.wp||{},d.wp.receiveEmbedMessage||(d.wp.receiveEmbedMessage=function(e){var t=e.data;if((t||t.secret||t.message||t.value)&&!/[^a-zA-Z0-9]/.test(t.secret)){for(var s,r,n,a=l.querySelectorAll('iframe[data-secret="'+t.secret+'"]'),o=l.querySelectorAll('blockquote[data-secret="'+t.secret+'"]'),c=new RegExp("^https?:$","i"),i=0;i<o.length;i++)o[i].style.display="none";for(i=0;i<a.length;i++)s=a[i],e.source===s.contentWindow&&(s.removeAttribute("style"),"height"===t.message?(1e3<(r=parseInt(t.value,10))?r=1e3:~~r<200&&(r=200),s.height=r):"link"===t.message&&(r=new URL(s.getAttribute("src")),n=new URL(t.value),c.test(n.protocol))&&n.host===r.host&&l.activeElement===s&&(d.top.location.href=t.value))}},d.addEventListener("message",d.wp.receiveEmbedMessage,!1),l.addEventListener("DOMContentLoaded",function(){for(var e,t,s=l.querySelectorAll("iframe.wp-embedded-content"),r=0;r<s.length;r++)(t=(e=s[r]).getAttribute("data-secret"))||(t=Math.random().toString(36).substring(2,12),e.src+="#?secret="+t,e.setAttribute("data-secret",t)),e.contentWindow.postMessage({message:"ready",secret:t},"*")},!1)))}(window,document);
//# sourceURL=https://jag.se/opinion/wp-includes/js/wp-embed.min.js
/* ]]> */
</script>

Vi kan inte nog understryka hur viktigt det är för oss med de mest omfattande och komplexa behoven att få dem tillgodosedda utan hänsyn till sådant som den kommunala ekonomin, socialtjänststrukturer och envist kvardröjande omsorgstänk.  Vi ställer oss dock tveksamma till att staten även ska ansvara för behov av tillfällig utökning av assistansen. Vi undrar
