{"version":"1.0","provider_name":"JAG Opinion","provider_url":"https:\/\/jag.se\/opinion","author_name":"Kerstin Sellin","author_url":"https:\/\/jag.se\/opinion\/author\/kerstin-sellin-2-2-2-2-2-2-2-2\/","title":"Karnevalsparad genom Stockholm f\u00f6r hotad frihetsreform - JAG Opinion","type":"rich","width":600,"height":338,"html":"<blockquote class=\"wp-embedded-content\" data-secret=\"jYhOEFysta\"><a href=\"https:\/\/jag.se\/opinion\/pressreleases\/karnevalsparad-genom-stockholm-for-hotad-frihetsreform\/\">Karnevalsparad genom Stockholm f\u00f6r hotad frihetsreform<\/a><\/blockquote><iframe sandbox=\"allow-scripts\" security=\"restricted\" src=\"https:\/\/jag.se\/opinion\/pressreleases\/karnevalsparad-genom-stockholm-for-hotad-frihetsreform\/embed\/#?secret=jYhOEFysta\" width=\"600\" height=\"338\" title=\"\u201dKarnevalsparad genom Stockholm f\u00f6r hotad frihetsreform\u201d &ndash; JAG Opinion\" data-secret=\"jYhOEFysta\" frameborder=\"0\" marginwidth=\"0\" marginheight=\"0\" scrolling=\"no\" class=\"wp-embedded-content\"><\/iframe><script type=\"text\/javascript\">\n\/* <![CDATA[ *\/\n\/*! This file is auto-generated *\/\n!function(d,l){\"use strict\";l.querySelector&&d.addEventListener&&\"undefined\"!=typeof URL&&(d.wp=d.wp||{},d.wp.receiveEmbedMessage||(d.wp.receiveEmbedMessage=function(e){var t=e.data;if((t||t.secret||t.message||t.value)&&!\/[^a-zA-Z0-9]\/.test(t.secret)){for(var s,r,n,a=l.querySelectorAll('iframe[data-secret=\"'+t.secret+'\"]'),o=l.querySelectorAll('blockquote[data-secret=\"'+t.secret+'\"]'),c=new RegExp(\"^https?:$\",\"i\"),i=0;i<o.length;i++)o[i].style.display=\"none\";for(i=0;i<a.length;i++)s=a[i],e.source===s.contentWindow&&(s.removeAttribute(\"style\"),\"height\"===t.message?(1e3<(r=parseInt(t.value,10))?r=1e3:~~r<200&&(r=200),s.height=r):\"link\"===t.message&&(r=new URL(s.getAttribute(\"src\")),n=new URL(t.value),c.test(n.protocol))&&n.host===r.host&&l.activeElement===s&&(d.top.location.href=t.value))}},d.addEventListener(\"message\",d.wp.receiveEmbedMessage,!1),l.addEventListener(\"DOMContentLoaded\",function(){for(var e,t,s=l.querySelectorAll(\"iframe.wp-embedded-content\"),r=0;r<s.length;r++)(t=(e=s[r]).getAttribute(\"data-secret\"))||(t=Math.random().toString(36).substring(2,12),e.src+=\"#?secret=\"+t,e.setAttribute(\"data-secret\",t)),e.contentWindow.postMessage({message:\"ready\",secret:t},\"*\")},!1)))}(window,document);\n\/\/# sourceURL=https:\/\/jag.se\/opinion\/wp-includes\/js\/wp-embed.min.js\n\/* ]]> *\/\n<\/script>\n","thumbnail_url":"https:\/\/jag.se\/opinion\/wp-content\/uploads\/sites\/3\/2023\/08\/bf1762a1c66b5345_org-10-scaled.jpg","thumbnail_width":2560,"thumbnail_height":1920,"description":"Sveriges regeringar har under snart ett decennium l\u00e5tit assistansers\u00e4ttningen halka efter b\u00e5de l\u00f6neutveckling och inflation. M\u00e4rket f\u00f6r l\u00f6ne\u00f6kningar ligger p\u00e5 4 procent f\u00f6r 2024. Assistansers\u00e4ttningen har det senaste decenniet haft en \u00e5rlig uppr\u00e4kning p\u00e5 1,5 procent, med marginella undantag. Denna om\u00f6jliga ekvation leder till att den personliga assistansen\u00a0urholkas och inom en snar framtid blir det"}

Karnevalsparad genom Stockholm för hotad frihetsreform - JAG Opinion

<blockquote class="wp-embedded-content" data-secret="jYhOEFysta"><a href="https://jag.se/opinion/pressreleases/karnevalsparad-genom-stockholm-for-hotad-frihetsreform/">Karnevalsparad genom Stockholm för hotad frihetsreform</a></blockquote><iframe sandbox="allow-scripts" security="restricted" src="https://jag.se/opinion/pressreleases/karnevalsparad-genom-stockholm-for-hotad-frihetsreform/embed/#?secret=jYhOEFysta" width="600" height="338" title="”Karnevalsparad genom Stockholm för hotad frihetsreform” &ndash; JAG Opinion" data-secret="jYhOEFysta" frameborder="0" marginwidth="0" marginheight="0" scrolling="no" class="wp-embedded-content"></iframe><script type="text/javascript">
/* <![CDATA[ */
/*! This file is auto-generated */
!function(d,l){"use strict";l.querySelector&&d.addEventListener&&"undefined"!=typeof URL&&(d.wp=d.wp||{},d.wp.receiveEmbedMessage||(d.wp.receiveEmbedMessage=function(e){var t=e.data;if((t||t.secret||t.message||t.value)&&!/[^a-zA-Z0-9]/.test(t.secret)){for(var s,r,n,a=l.querySelectorAll('iframe[data-secret="'+t.secret+'"]'),o=l.querySelectorAll('blockquote[data-secret="'+t.secret+'"]'),c=new RegExp("^https?:$","i"),i=0;i<o.length;i++)o[i].style.display="none";for(i=0;i<a.length;i++)s=a[i],e.source===s.contentWindow&&(s.removeAttribute("style"),"height"===t.message?(1e3<(r=parseInt(t.value,10))?r=1e3:~~r<200&&(r=200),s.height=r):"link"===t.message&&(r=new URL(s.getAttribute("src")),n=new URL(t.value),c.test(n.protocol))&&n.host===r.host&&l.activeElement===s&&(d.top.location.href=t.value))}},d.addEventListener("message",d.wp.receiveEmbedMessage,!1),l.addEventListener("DOMContentLoaded",function(){for(var e,t,s=l.querySelectorAll("iframe.wp-embedded-content"),r=0;r<s.length;r++)(t=(e=s[r]).getAttribute("data-secret"))||(t=Math.random().toString(36).substring(2,12),e.src+="#?secret="+t,e.setAttribute("data-secret",t)),e.contentWindow.postMessage({message:"ready",secret:t},"*")},!1)))}(window,document);
//# sourceURL=https://jag.se/opinion/wp-includes/js/wp-embed.min.js
/* ]]> */
</script>

Sveriges regeringar har under snart ett decennium låtit assistansersättningen halka efter både löneutveckling och inflation. Märket för löneökningar ligger på 4 procent för 2024. Assistansersättningen har det senaste decenniet haft en årlig uppräkning på 1,5 procent, med marginella undantag. Denna omöjliga ekvation leder till att den personliga assistansen urholkas och inom en snar framtid blir det
