{"version":"1.0","provider_name":"JAG Opinion","provider_url":"https:\/\/jag.se\/opinion","author_name":"Kerstin Sellin","author_url":"https:\/\/jag.se\/opinion\/author\/kerstin-sellin-2-2-2-2-2-2-2-2\/","title":"Ny yrkesh\u00f6gskoleutbildning inom personlig assistans - JAG Opinion","type":"rich","width":600,"height":338,"html":"<blockquote class=\"wp-embedded-content\" data-secret=\"zAqlp1xQAu\"><a href=\"https:\/\/jag.se\/opinion\/pressreleases\/ny-yrkeshogskoleutbildning-inom-personlig-assistans\/\">Ny yrkesh\u00f6gskoleutbildning inom personlig assistans<\/a><\/blockquote><iframe sandbox=\"allow-scripts\" security=\"restricted\" src=\"https:\/\/jag.se\/opinion\/pressreleases\/ny-yrkeshogskoleutbildning-inom-personlig-assistans\/embed\/#?secret=zAqlp1xQAu\" width=\"600\" height=\"338\" title=\"\u201dNy yrkesh\u00f6gskoleutbildning inom personlig assistans\u201d &ndash; JAG Opinion\" data-secret=\"zAqlp1xQAu\" frameborder=\"0\" marginwidth=\"0\" marginheight=\"0\" scrolling=\"no\" class=\"wp-embedded-content\"><\/iframe><script type=\"text\/javascript\">\n\/* <![CDATA[ *\/\n\/*! This file is auto-generated *\/\n!function(d,l){\"use strict\";l.querySelector&&d.addEventListener&&\"undefined\"!=typeof URL&&(d.wp=d.wp||{},d.wp.receiveEmbedMessage||(d.wp.receiveEmbedMessage=function(e){var t=e.data;if((t||t.secret||t.message||t.value)&&!\/[^a-zA-Z0-9]\/.test(t.secret)){for(var s,r,n,a=l.querySelectorAll('iframe[data-secret=\"'+t.secret+'\"]'),o=l.querySelectorAll('blockquote[data-secret=\"'+t.secret+'\"]'),c=new RegExp(\"^https?:$\",\"i\"),i=0;i<o.length;i++)o[i].style.display=\"none\";for(i=0;i<a.length;i++)s=a[i],e.source===s.contentWindow&&(s.removeAttribute(\"style\"),\"height\"===t.message?(1e3<(r=parseInt(t.value,10))?r=1e3:~~r<200&&(r=200),s.height=r):\"link\"===t.message&&(r=new URL(s.getAttribute(\"src\")),n=new URL(t.value),c.test(n.protocol))&&n.host===r.host&&l.activeElement===s&&(d.top.location.href=t.value))}},d.addEventListener(\"message\",d.wp.receiveEmbedMessage,!1),l.addEventListener(\"DOMContentLoaded\",function(){for(var e,t,s=l.querySelectorAll(\"iframe.wp-embedded-content\"),r=0;r<s.length;r++)(t=(e=s[r]).getAttribute(\"data-secret\"))||(t=Math.random().toString(36).substring(2,12),e.src+=\"#?secret=\"+t,e.setAttribute(\"data-secret\",t)),e.contentWindow.postMessage({message:\"ready\",secret:t},\"*\")},!1)))}(window,document);\n\/\/# sourceURL=https:\/\/jag.se\/opinion\/wp-includes\/js\/wp-embed.min.js\n\/* ]]> *\/\n<\/script>\n","thumbnail_url":"https:\/\/jag.se\/opinion\/wp-content\/uploads\/sites\/3\/2021\/06\/903061e8687ceeae_org-9.jpg","thumbnail_width":2048,"thumbnail_height":1365,"description":"Grunden och den r\u00f6da tr\u00e5den i utbildningen \u00e4r assistansanv\u00e4ndarens sj\u00e4lvbest\u00e4mmande och kurserna kommer genomf\u00f6ras i t\u00e4tt samarbete med arbetslivet. M\u00e5let \u00e4r att utbilda i bland annat vad personlig assistans \u00e4r, hur den p\u00e5verkar en enskilds livssituation, vad god kvalitet \u00e4r inom personlig assistans samt om etiska riktlinjer kring integritet och sj\u00e4lvbest\u00e4mmande f\u00f6r assistansanv\u00e4ndaren. Det ing\u00e5r"}

Ny yrkeshögskoleutbildning inom personlig assistans - JAG Opinion

<blockquote class="wp-embedded-content" data-secret="zAqlp1xQAu"><a href="https://jag.se/opinion/pressreleases/ny-yrkeshogskoleutbildning-inom-personlig-assistans/">Ny yrkeshögskoleutbildning inom personlig assistans</a></blockquote><iframe sandbox="allow-scripts" security="restricted" src="https://jag.se/opinion/pressreleases/ny-yrkeshogskoleutbildning-inom-personlig-assistans/embed/#?secret=zAqlp1xQAu" width="600" height="338" title="”Ny yrkeshögskoleutbildning inom personlig assistans” &ndash; JAG Opinion" data-secret="zAqlp1xQAu" frameborder="0" marginwidth="0" marginheight="0" scrolling="no" class="wp-embedded-content"></iframe><script type="text/javascript">
/* <![CDATA[ */
/*! This file is auto-generated */
!function(d,l){"use strict";l.querySelector&&d.addEventListener&&"undefined"!=typeof URL&&(d.wp=d.wp||{},d.wp.receiveEmbedMessage||(d.wp.receiveEmbedMessage=function(e){var t=e.data;if((t||t.secret||t.message||t.value)&&!/[^a-zA-Z0-9]/.test(t.secret)){for(var s,r,n,a=l.querySelectorAll('iframe[data-secret="'+t.secret+'"]'),o=l.querySelectorAll('blockquote[data-secret="'+t.secret+'"]'),c=new RegExp("^https?:$","i"),i=0;i<o.length;i++)o[i].style.display="none";for(i=0;i<a.length;i++)s=a[i],e.source===s.contentWindow&&(s.removeAttribute("style"),"height"===t.message?(1e3<(r=parseInt(t.value,10))?r=1e3:~~r<200&&(r=200),s.height=r):"link"===t.message&&(r=new URL(s.getAttribute("src")),n=new URL(t.value),c.test(n.protocol))&&n.host===r.host&&l.activeElement===s&&(d.top.location.href=t.value))}},d.addEventListener("message",d.wp.receiveEmbedMessage,!1),l.addEventListener("DOMContentLoaded",function(){for(var e,t,s=l.querySelectorAll("iframe.wp-embedded-content"),r=0;r<s.length;r++)(t=(e=s[r]).getAttribute("data-secret"))||(t=Math.random().toString(36).substring(2,12),e.src+="#?secret="+t,e.setAttribute("data-secret",t)),e.contentWindow.postMessage({message:"ready",secret:t},"*")},!1)))}(window,document);
//# sourceURL=https://jag.se/opinion/wp-includes/js/wp-embed.min.js
/* ]]> */
</script>

Grunden och den röda tråden i utbildningen är assistansanvändarens självbestämmande och kurserna kommer genomföras i tätt samarbete med arbetslivet. Målet är att utbilda i bland annat vad personlig assistans är, hur den påverkar en enskilds livssituation, vad god kvalitet är inom personlig assistans samt om etiska riktlinjer kring integritet och självbestämmande för assistansanvändaren. Det ingår
