{"version":"1.0","provider_name":"JAG Opinion","provider_url":"https:\/\/jag.se\/opinion","author_name":"Kerstin Sellin","author_url":"https:\/\/jag.se\/opinion\/author\/kerstin-sellin-2-2-2-2-2-2-2-2\/","title":"\u200bRegeringen har lyssnat \u2013 i alla fall lite! - JAG Opinion","type":"rich","width":600,"height":338,"html":"<blockquote class=\"wp-embedded-content\" data-secret=\"AxhqtuwGtG\"><a href=\"https:\/\/jag.se\/opinion\/pressreleases\/regeringen-har-lyssnat-i-alla-fall-lite\/\">\u200bRegeringen har lyssnat \u2013 i alla fall lite!<\/a><\/blockquote><iframe sandbox=\"allow-scripts\" security=\"restricted\" src=\"https:\/\/jag.se\/opinion\/pressreleases\/regeringen-har-lyssnat-i-alla-fall-lite\/embed\/#?secret=AxhqtuwGtG\" width=\"600\" height=\"338\" title=\"\u201d\u200bRegeringen har lyssnat \u2013 i alla fall lite!\u201d &ndash; JAG Opinion\" data-secret=\"AxhqtuwGtG\" frameborder=\"0\" marginwidth=\"0\" marginheight=\"0\" scrolling=\"no\" class=\"wp-embedded-content\"><\/iframe><script type=\"text\/javascript\">\n\/* <![CDATA[ *\/\n\/*! This file is auto-generated *\/\n!function(d,l){\"use strict\";l.querySelector&&d.addEventListener&&\"undefined\"!=typeof URL&&(d.wp=d.wp||{},d.wp.receiveEmbedMessage||(d.wp.receiveEmbedMessage=function(e){var t=e.data;if((t||t.secret||t.message||t.value)&&!\/[^a-zA-Z0-9]\/.test(t.secret)){for(var s,r,n,a=l.querySelectorAll('iframe[data-secret=\"'+t.secret+'\"]'),o=l.querySelectorAll('blockquote[data-secret=\"'+t.secret+'\"]'),c=new RegExp(\"^https?:$\",\"i\"),i=0;i<o.length;i++)o[i].style.display=\"none\";for(i=0;i<a.length;i++)s=a[i],e.source===s.contentWindow&&(s.removeAttribute(\"style\"),\"height\"===t.message?(1e3<(r=parseInt(t.value,10))?r=1e3:~~r<200&&(r=200),s.height=r):\"link\"===t.message&&(r=new URL(s.getAttribute(\"src\")),n=new URL(t.value),c.test(n.protocol))&&n.host===r.host&&l.activeElement===s&&(d.top.location.href=t.value))}},d.addEventListener(\"message\",d.wp.receiveEmbedMessage,!1),l.addEventListener(\"DOMContentLoaded\",function(){for(var e,t,s=l.querySelectorAll(\"iframe.wp-embedded-content\"),r=0;r<s.length;r++)(t=(e=s[r]).getAttribute(\"data-secret\"))||(t=Math.random().toString(36).substring(2,12),e.src+=\"#?secret=\"+t,e.setAttribute(\"data-secret\",t)),e.contentWindow.postMessage({message:\"ready\",secret:t},\"*\")},!1)))}(window,document);\n\/\/# sourceURL=https:\/\/jag.se\/opinion\/wp-includes\/js\/wp-embed.min.js\n\/* ]]> *\/\n<\/script>\n","thumbnail_url":"https:\/\/jag.se\/opinion\/wp-content\/uploads\/sites\/3\/2018\/01\/ae1f5a79d975bb67_org-12-scaled.jpg","thumbnail_width":2560,"thumbnail_height":1920,"description":"Regeringens l\u00e4mnade ig\u00e5r\u00a0sitt f\u00f6rslag\u00a0om \u00e4ndringar i lagen f\u00f6r att f\u00f6rhindra ytterligare f\u00f6rs\u00e4mringar i r\u00e4tten till personlig assistans. F\u00f6reningen JAG hade tv\u00e5 st\u00f6rre inv\u00e4ndningar mot f\u00f6rslaget n\u00e4r det s\u00e4ndes p\u00e5 remiss, och b\u00e5da har regeringen nu \u00e4ndrat. \u2013 V\u00e5ra inv\u00e4ndningar g\u00e4llde\u00a0att ompr\u00f6vningar vid \u00e4ndrade f\u00f6rh\u00e5llanden bara borde g\u00f6ras om just f\u00f6r\u00e4ndringen, inte som en fullst\u00e4ndig ompr\u00f6vning."}

Regeringens lämnade igår sitt förslag om ändringar i lagen för att förhindra ytterligare försämringar i rätten till personlig assistans. Föreningen JAG hade två större invändningar mot förslaget när det sändes på remiss, och båda har regeringen nu ändrat. – Våra invändningar gällde att omprövningar vid ändrade förhållanden bara borde göras om just förändringen, inte som en fullständig omprövning.
