{"version":"1.0","provider_name":"JAG Opinion","provider_url":"https:\/\/jag.se\/opinion","author_name":"Kerstin Sellin","author_url":"https:\/\/jag.se\/opinion\/author\/kerstin-sellin-2-2-2-2-2-2-2-2\/","title":"Samtal med (KD) om m\u00e4nniskov\u00e4rde och personlig assistans - JAG Opinion","type":"rich","width":600,"height":338,"html":"<blockquote class=\"wp-embedded-content\" data-secret=\"y560GJ7yJ6\"><a href=\"https:\/\/jag.se\/opinion\/pressreleases\/samtal-med-kd-om-manniskovarde-och-personlig-assistans\/\">Samtal med (KD) om m\u00e4nniskov\u00e4rde och personlig assistans<\/a><\/blockquote><iframe sandbox=\"allow-scripts\" security=\"restricted\" src=\"https:\/\/jag.se\/opinion\/pressreleases\/samtal-med-kd-om-manniskovarde-och-personlig-assistans\/embed\/#?secret=y560GJ7yJ6\" width=\"600\" height=\"338\" title=\"\u201dSamtal med (KD) om m\u00e4nniskov\u00e4rde och personlig assistans\u201d &ndash; JAG Opinion\" data-secret=\"y560GJ7yJ6\" frameborder=\"0\" marginwidth=\"0\" marginheight=\"0\" scrolling=\"no\" class=\"wp-embedded-content\"><\/iframe><script type=\"text\/javascript\">\n\/* <![CDATA[ *\/\n\/*! This file is auto-generated *\/\n!function(d,l){\"use strict\";l.querySelector&&d.addEventListener&&\"undefined\"!=typeof URL&&(d.wp=d.wp||{},d.wp.receiveEmbedMessage||(d.wp.receiveEmbedMessage=function(e){var t=e.data;if((t||t.secret||t.message||t.value)&&!\/[^a-zA-Z0-9]\/.test(t.secret)){for(var s,r,n,a=l.querySelectorAll('iframe[data-secret=\"'+t.secret+'\"]'),o=l.querySelectorAll('blockquote[data-secret=\"'+t.secret+'\"]'),c=new RegExp(\"^https?:$\",\"i\"),i=0;i<o.length;i++)o[i].style.display=\"none\";for(i=0;i<a.length;i++)s=a[i],e.source===s.contentWindow&&(s.removeAttribute(\"style\"),\"height\"===t.message?(1e3<(r=parseInt(t.value,10))?r=1e3:~~r<200&&(r=200),s.height=r):\"link\"===t.message&&(r=new URL(s.getAttribute(\"src\")),n=new URL(t.value),c.test(n.protocol))&&n.host===r.host&&l.activeElement===s&&(d.top.location.href=t.value))}},d.addEventListener(\"message\",d.wp.receiveEmbedMessage,!1),l.addEventListener(\"DOMContentLoaded\",function(){for(var e,t,s=l.querySelectorAll(\"iframe.wp-embedded-content\"),r=0;r<s.length;r++)(t=(e=s[r]).getAttribute(\"data-secret\"))||(t=Math.random().toString(36).substring(2,12),e.src+=\"#?secret=\"+t,e.setAttribute(\"data-secret\",t)),e.contentWindow.postMessage({message:\"ready\",secret:t},\"*\")},!1)))}(window,document);\n\/\/# sourceURL=https:\/\/jag.se\/opinion\/wp-includes\/js\/wp-embed.min.js\n\/* ]]> *\/\n<\/script>\n","thumbnail_url":"https:\/\/jag.se\/opinion\/wp-content\/uploads\/sites\/3\/2023\/03\/98820b70480a0461_org-9-scaled.jpg","thumbnail_width":2560,"thumbnail_height":1920,"description":"Magnus And\u00e9n fick st\u00f6d under m\u00f6tet av god man Cecilia Blanck och Anna S\u00f6derberg st\u00f6ttades av sin gode man \u00c5sa Emtelin. \u00c4ven Linda Forzelius, f\u00f6retr\u00e4dare f\u00f6r Richard Kostenius, vice ordf\u00f6rande f\u00f6r Riksf\u00f6reningen JAG, deltog. Flera av Riksf\u00f6reningen JAGs viktiga k\u00e4rnfr\u00e5gor tog upp under m\u00f6tet, bland annat \u00b7 r\u00e4tten till personlig assistans och det akuta behovet"}

Samtal med (KD) om människovärde och personlig assistans - JAG Opinion

<blockquote class="wp-embedded-content" data-secret="y560GJ7yJ6"><a href="https://jag.se/opinion/pressreleases/samtal-med-kd-om-manniskovarde-och-personlig-assistans/">Samtal med (KD) om människovärde och personlig assistans</a></blockquote><iframe sandbox="allow-scripts" security="restricted" src="https://jag.se/opinion/pressreleases/samtal-med-kd-om-manniskovarde-och-personlig-assistans/embed/#?secret=y560GJ7yJ6" width="600" height="338" title="”Samtal med (KD) om människovärde och personlig assistans” &ndash; JAG Opinion" data-secret="y560GJ7yJ6" frameborder="0" marginwidth="0" marginheight="0" scrolling="no" class="wp-embedded-content"></iframe><script type="text/javascript">
/* <![CDATA[ */
/*! This file is auto-generated */
!function(d,l){"use strict";l.querySelector&&d.addEventListener&&"undefined"!=typeof URL&&(d.wp=d.wp||{},d.wp.receiveEmbedMessage||(d.wp.receiveEmbedMessage=function(e){var t=e.data;if((t||t.secret||t.message||t.value)&&!/[^a-zA-Z0-9]/.test(t.secret)){for(var s,r,n,a=l.querySelectorAll('iframe[data-secret="'+t.secret+'"]'),o=l.querySelectorAll('blockquote[data-secret="'+t.secret+'"]'),c=new RegExp("^https?:$","i"),i=0;i<o.length;i++)o[i].style.display="none";for(i=0;i<a.length;i++)s=a[i],e.source===s.contentWindow&&(s.removeAttribute("style"),"height"===t.message?(1e3<(r=parseInt(t.value,10))?r=1e3:~~r<200&&(r=200),s.height=r):"link"===t.message&&(r=new URL(s.getAttribute("src")),n=new URL(t.value),c.test(n.protocol))&&n.host===r.host&&l.activeElement===s&&(d.top.location.href=t.value))}},d.addEventListener("message",d.wp.receiveEmbedMessage,!1),l.addEventListener("DOMContentLoaded",function(){for(var e,t,s=l.querySelectorAll("iframe.wp-embedded-content"),r=0;r<s.length;r++)(t=(e=s[r]).getAttribute("data-secret"))||(t=Math.random().toString(36).substring(2,12),e.src+="#?secret="+t,e.setAttribute("data-secret",t)),e.contentWindow.postMessage({message:"ready",secret:t},"*")},!1)))}(window,document);
//# sourceURL=https://jag.se/opinion/wp-includes/js/wp-embed.min.js
/* ]]> */
</script>

Magnus Andén fick stöd under mötet av god man Cecilia Blanck och Anna Söderberg stöttades av sin gode man Åsa Emtelin. Även Linda Forzelius, företrädare för Richard Kostenius, vice ordförande för Riksföreningen JAG, deltog. Flera av Riksföreningen JAGs viktiga kärnfrågor tog upp under mötet, bland annat · rätten till personlig assistans och det akuta behovet
