{"id":21668,"date":"2023-04-11T12:13:34","date_gmt":"2023-04-11T12:13:34","guid":{"rendered":"https:\/\/jag.se\/opinion\/?post_type=events&#038;p=21668"},"modified":"2023-04-11T12:13:36","modified_gmt":"2023-04-11T12:13:36","slug":"vardisco-med-foreningen-jag-stockholm-22-4","status":"publish","type":"events","link":"https:\/\/jag.se\/opinion\/event\/vardisco-med-foreningen-jag-stockholm-22-4\/","title":{"rendered":"V\u00e5rdisco med F\u00f6reningen JAG Stockholm 22\/4"},"content":{"rendered":"\n<p>L\u00f6rdag 22 april kl 14\u201316 h\u00e5ller vi ett v\u00e5rdisco i JAGs kurseria, med lotteri och DJ Simon som underh\u00e5ller med hj\u00e4lp av Spotify. Simon spelar bland annat v\u00e5rl\u00e5tar f\u00f6r att h\u00e4lsa v\u00e5ren att den ska komma nu!<\/p>\n\n\n\n<p>Adress: Klara S\u00f6dra kyrkogata 1 i Stockholm. Ing\u00e5ng via kursentr\u00e9n i h\u00f6rnet Klara S\u00f6dra\/Klara V\u00e4stra kyrkogata.<\/p>\n\n\n\n<p><strong>\u00c4r du inte medlem?<\/strong><br>Om du inte redan \u00e4r medlem i Riksf\u00f6reningen JAG och F\u00f6reningen JAG Stockholm kan du&nbsp;<a href=\"https:\/\/jag.se\/opinion\/bli-medlem\/\" target=\"_blank\" rel=\"noreferrer noopener\">registrera medlemskap h\u00e4r<\/a>. Om du \u00e4r medlem i riksf\u00f6reningen men inte i&nbsp;F\u00f6reningen JAG Stockholm, skicka ett mejl till Linnea Nystr\u00f6m,&nbsp;<a href=\"mailto:linnea.nystrom@jag.se\">linnea.nystrom@jag.se<\/a>&nbsp;s\u00e5 hj\u00e4lper hon dig!<\/p>\n","protected":false},"featured_media":0,"menu_order":92,"template":"","class_list":["post-21668","events","type-events","status-publish","hentry"],"acf":[],"yoast_head":"<!-- This site is optimized with the Yoast SEO plugin v21.3 - https:\/\/yoast.com\/wordpress\/plugins\/seo\/ -->\n<title>V\u00e5rdisco med F\u00f6reningen JAG Stockholm 22\/4 - JAG Opinion<\/title>\n<meta name=\"robots\" content=\"index, follow, max-snippet:-1, max-image-preview:large, max-video-preview:-1\" \/>\n<link rel=\"canonical\" href=\"https:\/\/jag.se\/opinion\/event\/vardisco-med-foreningen-jag-stockholm-22-4\/\" \/>\n<meta property=\"og:locale\" content=\"sv_SE\" \/>\n<meta property=\"og:type\" content=\"article\" \/>\n<meta property=\"og:title\" content=\"V\u00e5rdisco med F\u00f6reningen JAG Stockholm 22\/4 - JAG Opinion\" \/>\n<meta property=\"og:description\" content=\"L\u00f6rdag 22 april kl 14\u201316 h\u00e5ller vi ett v\u00e5rdisco i JAGs kurseria, med lotteri och DJ Simon som underh\u00e5ller med hj\u00e4lp av Spotify. Simon spelar bland annat v\u00e5rl\u00e5tar f\u00f6r att h\u00e4lsa v\u00e5ren att den ska komma nu! Adress: Klara S\u00f6dra kyrkogata 1 i Stockholm. Ing\u00e5ng via kursentr\u00e9n i h\u00f6rnet Klara S\u00f6dra\/Klara V\u00e4stra kyrkogata. \u00c4r du\" \/>\n<meta property=\"og:url\" content=\"https:\/\/jag.se\/opinion\/event\/vardisco-med-foreningen-jag-stockholm-22-4\/\" \/>\n<meta property=\"og:site_name\" content=\"JAG Opinion\" \/>\n<meta property=\"article:modified_time\" content=\"2023-04-11T12:13:36+00:00\" \/>\n<meta name=\"twitter:card\" content=\"summary_large_image\" \/>\n<meta name=\"twitter:label1\" content=\"Ber\u00e4knad l\u00e4stid\" \/>\n\t<meta name=\"twitter:data1\" content=\"1 minut\" \/>\n<script type=\"application\/ld+json\" class=\"yoast-schema-graph\">{\"@context\":\"https:\/\/schema.org\",\"@graph\":[{\"@type\":\"WebPage\",\"@id\":\"https:\/\/jag.se\/opinion\/event\/vardisco-med-foreningen-jag-stockholm-22-4\/\",\"url\":\"https:\/\/jag.se\/opinion\/event\/vardisco-med-foreningen-jag-stockholm-22-4\/\",\"name\":\"V\u00e5rdisco med F\u00f6reningen JAG Stockholm 22\/4 - JAG Opinion\",\"isPartOf\":{\"@id\":\"https:\/\/jag.se\/opinion\/#website\"},\"datePublished\":\"2023-04-11T12:13:34+00:00\",\"dateModified\":\"2023-04-11T12:13:36+00:00\",\"breadcrumb\":{\"@id\":\"https:\/\/jag.se\/opinion\/event\/vardisco-med-foreningen-jag-stockholm-22-4\/#breadcrumb\"},\"inLanguage\":\"sv-SE\",\"potentialAction\":[{\"@type\":\"ReadAction\",\"target\":[\"https:\/\/jag.se\/opinion\/event\/vardisco-med-foreningen-jag-stockholm-22-4\/\"]}]},{\"@type\":\"BreadcrumbList\",\"@id\":\"https:\/\/jag.se\/opinion\/event\/vardisco-med-foreningen-jag-stockholm-22-4\/#breadcrumb\",\"itemListElement\":[{\"@type\":\"ListItem\",\"position\":1,\"name\":\"JAG start\",\"item\":\"https:\/\/jag.se\"},{\"@type\":\"ListItem\",\"position\":2,\"name\":\"Riksf\u00f6reningen JAG\",\"item\":\"https:\/\/jag.se\/opinion\/\"},{\"@type\":\"ListItem\",\"position\":3,\"name\":\"Event\",\"item\":\"https:\/\/jag.se\/opinion\/event\/\"},{\"@type\":\"ListItem\",\"position\":4,\"name\":\"V\u00e5rdisco med F\u00f6reningen JAG Stockholm 22\/4\"}]},{\"@type\":\"WebSite\",\"@id\":\"https:\/\/jag.se\/opinion\/#website\",\"url\":\"https:\/\/jag.se\/opinion\/\",\"name\":\"JAG Opinion\",\"description\":\"\",\"potentialAction\":[{\"@type\":\"SearchAction\",\"target\":{\"@type\":\"EntryPoint\",\"urlTemplate\":\"https:\/\/jag.se\/opinion\/?s={search_term_string}\"},\"query-input\":\"required name=search_term_string\"}],\"inLanguage\":\"sv-SE\"}]}<\/script>\n<!-- \/ Yoast SEO plugin. -->","yoast_head_json":{"title":"V\u00e5rdisco med F\u00f6reningen JAG Stockholm 22\/4 - JAG Opinion","robots":{"index":"index","follow":"follow","max-snippet":"max-snippet:-1","max-image-preview":"max-image-preview:large","max-video-preview":"max-video-preview:-1"},"canonical":"https:\/\/jag.se\/opinion\/event\/vardisco-med-foreningen-jag-stockholm-22-4\/","og_locale":"sv_SE","og_type":"article","og_title":"V\u00e5rdisco med F\u00f6reningen JAG Stockholm 22\/4 - JAG Opinion","og_description":"L\u00f6rdag 22 april kl 14\u201316 h\u00e5ller vi ett v\u00e5rdisco i JAGs kurseria, med lotteri och DJ Simon som underh\u00e5ller med hj\u00e4lp av Spotify. Simon spelar bland annat v\u00e5rl\u00e5tar f\u00f6r att h\u00e4lsa v\u00e5ren att den ska komma nu! Adress: Klara S\u00f6dra kyrkogata 1 i Stockholm. Ing\u00e5ng via kursentr\u00e9n i h\u00f6rnet Klara S\u00f6dra\/Klara V\u00e4stra kyrkogata. \u00c4r du","og_url":"https:\/\/jag.se\/opinion\/event\/vardisco-med-foreningen-jag-stockholm-22-4\/","og_site_name":"JAG Opinion","article_modified_time":"2023-04-11T12:13:36+00:00","twitter_card":"summary_large_image","twitter_misc":{"Ber\u00e4knad l\u00e4stid":"1 minut"},"schema":{"@context":"https:\/\/schema.org","@graph":[{"@type":"WebPage","@id":"https:\/\/jag.se\/opinion\/event\/vardisco-med-foreningen-jag-stockholm-22-4\/","url":"https:\/\/jag.se\/opinion\/event\/vardisco-med-foreningen-jag-stockholm-22-4\/","name":"V\u00e5rdisco med F\u00f6reningen JAG Stockholm 22\/4 - JAG Opinion","isPartOf":{"@id":"https:\/\/jag.se\/opinion\/#website"},"datePublished":"2023-04-11T12:13:34+00:00","dateModified":"2023-04-11T12:13:36+00:00","breadcrumb":{"@id":"https:\/\/jag.se\/opinion\/event\/vardisco-med-foreningen-jag-stockholm-22-4\/#breadcrumb"},"inLanguage":"sv-SE","potentialAction":[{"@type":"ReadAction","target":["https:\/\/jag.se\/opinion\/event\/vardisco-med-foreningen-jag-stockholm-22-4\/"]}]},{"@type":"BreadcrumbList","@id":"https:\/\/jag.se\/opinion\/event\/vardisco-med-foreningen-jag-stockholm-22-4\/#breadcrumb","itemListElement":[{"@type":"ListItem","position":1,"name":"JAG start","item":"https:\/\/jag.se"},{"@type":"ListItem","position":2,"name":"Riksf\u00f6reningen JAG","item":"https:\/\/jag.se\/opinion\/"},{"@type":"ListItem","position":3,"name":"Event","item":"https:\/\/jag.se\/opinion\/event\/"},{"@type":"ListItem","position":4,"name":"V\u00e5rdisco med F\u00f6reningen JAG Stockholm 22\/4"}]},{"@type":"WebSite","@id":"https:\/\/jag.se\/opinion\/#website","url":"https:\/\/jag.se\/opinion\/","name":"JAG Opinion","description":"","potentialAction":[{"@type":"SearchAction","target":{"@type":"EntryPoint","urlTemplate":"https:\/\/jag.se\/opinion\/?s={search_term_string}"},"query-input":"required name=search_term_string"}],"inLanguage":"sv-SE"}]}},"_links":{"self":[{"href":"https:\/\/jag.se\/opinion\/wp-json\/wp\/v2\/events\/21668","targetHints":{"allow":["GET"]}}],"collection":[{"href":"https:\/\/jag.se\/opinion\/wp-json\/wp\/v2\/events"}],"about":[{"href":"https:\/\/jag.se\/opinion\/wp-json\/wp\/v2\/types\/events"}],"wp:attachment":[{"href":"https:\/\/jag.se\/opinion\/wp-json\/wp\/v2\/media?parent=21668"}],"curies":[{"name":"wp","href":"https:\/\/api.w.org\/{rel}","templated":true}]}}

Vårdisco med Föreningen JAG Stockholm 22/4

<p>Lördag 22 april kl 14–16 håller vi ett vårdisco i JAGs kurseria, med lotteri och DJ Simon som underhåller med hjälp av Spotify. Simon spelar bland annat vårlåtar för att hälsa våren att den ska komma nu!</p>



<p>Adress: Klara Södra kyrkogata 1 i Stockholm. Ingång via kursentrén i hörnet Klara Södra/Klara Västra kyrkogata.</p>



<p><strong>Är du inte medlem?</strong><br>Om du inte redan är medlem i Riksföreningen JAG och Föreningen JAG Stockholm kan du&nbsp;<a href="https://jag.se/opinion/bli-medlem/" target="_blank" rel="noreferrer noopener">registrera medlemskap här</a>. Om du är medlem i riksföreningen men inte i&nbsp;Föreningen JAG Stockholm, skicka ett mejl till Linnea Nyström,&nbsp;<a href="mailto:linnea.nystrom@jag.se">linnea.nystrom@jag.se</a>&nbsp;så hjälper hon dig!</p>

<!-- This site is optimized with the Yoast SEO plugin v21.3 - https://yoast.com/wordpress/plugins/seo/ -->
<title>Vårdisco med Föreningen JAG Stockholm 22/4 - JAG Opinion</title>
<meta name="robots" content="index, follow, max-snippet:-1, max-image-preview:large, max-video-preview:-1" />
<link rel="canonical" href="https://jag.se/opinion/event/vardisco-med-foreningen-jag-stockholm-22-4/" />
<meta property="og:locale" content="sv_SE" />
<meta property="og:type" content="article" />
<meta property="og:title" content="Vårdisco med Föreningen JAG Stockholm 22/4 - JAG Opinion" />
<meta property="og:description" content="Lördag 22 april kl 14–16 håller vi ett vårdisco i JAGs kurseria, med lotteri och DJ Simon som underhåller med hjälp av Spotify. Simon spelar bland annat vårlåtar för att hälsa våren att den ska komma nu! Adress: Klara Södra kyrkogata 1 i Stockholm. Ingång via kursentrén i hörnet Klara Södra/Klara Västra kyrkogata. Är du" />
<meta property="og:url" content="https://jag.se/opinion/event/vardisco-med-foreningen-jag-stockholm-22-4/" />
<meta property="og:site_name" content="JAG Opinion" />
<meta property="article:modified_time" content="2023-04-11T12:13:36+00:00" />
<meta name="twitter:card" content="summary_large_image" />
<meta name="twitter:label1" content="Beräknad lästid" />
	<meta name="twitter:data1" content="1 minut" />
<script type="application/ld+json" class="yoast-schema-graph">{"@context":"https://schema.org","@graph":[{"@type":"WebPage","@id":"https://jag.se/opinion/event/vardisco-med-foreningen-jag-stockholm-22-4/","url":"https://jag.se/opinion/event/vardisco-med-foreningen-jag-stockholm-22-4/","name":"Vårdisco med Föreningen JAG Stockholm 22/4 - JAG Opinion","isPartOf":{"@id":"https://jag.se/opinion/#website"},"datePublished":"2023-04-11T12:13:34+00:00","dateModified":"2023-04-11T12:13:36+00:00","breadcrumb":{"@id":"https://jag.se/opinion/event/vardisco-med-foreningen-jag-stockholm-22-4/#breadcrumb"},"inLanguage":"sv-SE","potentialAction":[{"@type":"ReadAction","target":["https://jag.se/opinion/event/vardisco-med-foreningen-jag-stockholm-22-4/"]}]},{"@type":"BreadcrumbList","@id":"https://jag.se/opinion/event/vardisco-med-foreningen-jag-stockholm-22-4/#breadcrumb","itemListElement":[{"@type":"ListItem","position":1,"name":"JAG start","item":"https://jag.se"},{"@type":"ListItem","position":2,"name":"Riksföreningen JAG","item":"https://jag.se/opinion/"},{"@type":"ListItem","position":3,"name":"Event","item":"https://jag.se/opinion/event/"},{"@type":"ListItem","position":4,"name":"Vårdisco med Föreningen JAG Stockholm 22/4"}]},{"@type":"WebSite","@id":"https://jag.se/opinion/#website","url":"https://jag.se/opinion/","name":"JAG Opinion","description":"","potentialAction":[{"@type":"SearchAction","target":{"@type":"EntryPoint","urlTemplate":"https://jag.se/opinion/?s={search_term_string}"},"query-input":"required name=search_term_string"}],"inLanguage":"sv-SE"}]}</script>
<!-- / Yoast SEO plugin. -->

Vårdisco med Föreningen JAG Stockholm 22/4 - JAG Opinion

Lördag 22 april kl 14–16 håller vi ett vårdisco i JAGs kurseria, med lotteri och DJ Simon som underhåller med hjälp av Spotify. Simon spelar bland annat vårlåtar för att hälsa våren att den ska komma nu! Adress: Klara Södra kyrkogata 1 i Stockholm. Ingång via kursentrén i hörnet Klara Södra/Klara Västra kyrkogata. Är du

Riksföreningen JAG
