{"id":22983,"date":"2023-09-23T09:13:34","date_gmt":"2023-09-23T09:13:34","guid":{"rendered":"https:\/\/jag.se\/opinion\/?post_type=events&#038;p=22983"},"modified":"2023-09-23T09:13:37","modified_gmt":"2023-09-23T09:13:37","slug":"jag-har-talang-kommer-till-stockholm","status":"publish","type":"events","link":"https:\/\/jag.se\/opinion\/event\/jag-har-talang-kommer-till-stockholm\/","title":{"rendered":"&#8221;JAG har talang&#8221; kommer till Stockholm!"},"content":{"rendered":"\n<p>Torsdag 28\/9 kl 17:30 ses vi p\u00e5 JAGs kansli, Klara S\u00f6dra kyrkogata 1. Entr\u00e9 fr\u00e5n h\u00f6rnet. F\u00f6reningen JAG Stockholm \u00e4r v\u00e4rd f\u00f6r arrangemanget. Det blir upptr\u00e4danden och en massa skoj. En magisk kv\u00e4ll utlovas! Fr\u00e5gor och anm\u00e4lan till <a href=\"mailto:ann.nilsson@jag.se\">ann.nilsson@jag.se<\/a> <\/p>\n","protected":false},"featured_media":0,"menu_order":82,"template":"","class_list":["post-22983","events","type-events","status-publish","hentry"],"acf":[],"yoast_head":"<!-- This site is optimized with the Yoast SEO plugin v21.3 - https:\/\/yoast.com\/wordpress\/plugins\/seo\/ -->\n<title>&quot;JAG har talang&quot; kommer till Stockholm! - JAG Opinion<\/title>\n<meta name=\"robots\" content=\"index, follow, max-snippet:-1, max-image-preview:large, max-video-preview:-1\" \/>\n<link rel=\"canonical\" href=\"https:\/\/jag.se\/opinion\/event\/jag-har-talang-kommer-till-stockholm\/\" \/>\n<meta property=\"og:locale\" content=\"sv_SE\" \/>\n<meta property=\"og:type\" content=\"article\" \/>\n<meta property=\"og:title\" content=\"&quot;JAG har talang&quot; kommer till Stockholm! - JAG Opinion\" \/>\n<meta property=\"og:description\" content=\"Torsdag 28\/9 kl 17:30 ses vi p\u00e5 JAGs kansli, Klara S\u00f6dra kyrkogata 1. Entr\u00e9 fr\u00e5n h\u00f6rnet. F\u00f6reningen JAG Stockholm \u00e4r v\u00e4rd f\u00f6r arrangemanget. Det blir upptr\u00e4danden och en massa skoj. En magisk kv\u00e4ll utlovas! Fr\u00e5gor och anm\u00e4lan till ann.nilsson@jag.se\" \/>\n<meta property=\"og:url\" content=\"https:\/\/jag.se\/opinion\/event\/jag-har-talang-kommer-till-stockholm\/\" \/>\n<meta property=\"og:site_name\" content=\"JAG Opinion\" \/>\n<meta property=\"article:modified_time\" content=\"2023-09-23T09:13:37+00:00\" \/>\n<meta name=\"twitter:card\" content=\"summary_large_image\" \/>\n<meta name=\"twitter:label1\" content=\"Ber\u00e4knad l\u00e4stid\" \/>\n\t<meta name=\"twitter:data1\" content=\"1 minut\" \/>\n<script type=\"application\/ld+json\" class=\"yoast-schema-graph\">{\"@context\":\"https:\/\/schema.org\",\"@graph\":[{\"@type\":\"WebPage\",\"@id\":\"https:\/\/jag.se\/opinion\/event\/jag-har-talang-kommer-till-stockholm\/\",\"url\":\"https:\/\/jag.se\/opinion\/event\/jag-har-talang-kommer-till-stockholm\/\",\"name\":\"\\\"JAG har talang\\\" kommer till Stockholm! - JAG Opinion\",\"isPartOf\":{\"@id\":\"https:\/\/jag.se\/opinion\/#website\"},\"datePublished\":\"2023-09-23T09:13:34+00:00\",\"dateModified\":\"2023-09-23T09:13:37+00:00\",\"breadcrumb\":{\"@id\":\"https:\/\/jag.se\/opinion\/event\/jag-har-talang-kommer-till-stockholm\/#breadcrumb\"},\"inLanguage\":\"sv-SE\",\"potentialAction\":[{\"@type\":\"ReadAction\",\"target\":[\"https:\/\/jag.se\/opinion\/event\/jag-har-talang-kommer-till-stockholm\/\"]}]},{\"@type\":\"BreadcrumbList\",\"@id\":\"https:\/\/jag.se\/opinion\/event\/jag-har-talang-kommer-till-stockholm\/#breadcrumb\",\"itemListElement\":[{\"@type\":\"ListItem\",\"position\":1,\"name\":\"JAG start\",\"item\":\"https:\/\/jag.se\"},{\"@type\":\"ListItem\",\"position\":2,\"name\":\"Riksf\u00f6reningen JAG\",\"item\":\"https:\/\/jag.se\/opinion\/\"},{\"@type\":\"ListItem\",\"position\":3,\"name\":\"Event\",\"item\":\"https:\/\/jag.se\/opinion\/event\/\"},{\"@type\":\"ListItem\",\"position\":4,\"name\":\"&#8220;JAG har talang&#8221; kommer till Stockholm!\"}]},{\"@type\":\"WebSite\",\"@id\":\"https:\/\/jag.se\/opinion\/#website\",\"url\":\"https:\/\/jag.se\/opinion\/\",\"name\":\"JAG Opinion\",\"description\":\"\",\"potentialAction\":[{\"@type\":\"SearchAction\",\"target\":{\"@type\":\"EntryPoint\",\"urlTemplate\":\"https:\/\/jag.se\/opinion\/?s={search_term_string}\"},\"query-input\":\"required name=search_term_string\"}],\"inLanguage\":\"sv-SE\"}]}<\/script>\n<!-- \/ Yoast SEO plugin. -->","yoast_head_json":{"title":"\"JAG har talang\" kommer till Stockholm! - JAG Opinion","robots":{"index":"index","follow":"follow","max-snippet":"max-snippet:-1","max-image-preview":"max-image-preview:large","max-video-preview":"max-video-preview:-1"},"canonical":"https:\/\/jag.se\/opinion\/event\/jag-har-talang-kommer-till-stockholm\/","og_locale":"sv_SE","og_type":"article","og_title":"\"JAG har talang\" kommer till Stockholm! - JAG Opinion","og_description":"Torsdag 28\/9 kl 17:30 ses vi p\u00e5 JAGs kansli, Klara S\u00f6dra kyrkogata 1. Entr\u00e9 fr\u00e5n h\u00f6rnet. F\u00f6reningen JAG Stockholm \u00e4r v\u00e4rd f\u00f6r arrangemanget. Det blir upptr\u00e4danden och en massa skoj. En magisk kv\u00e4ll utlovas! Fr\u00e5gor och anm\u00e4lan till ann.nilsson@jag.se","og_url":"https:\/\/jag.se\/opinion\/event\/jag-har-talang-kommer-till-stockholm\/","og_site_name":"JAG Opinion","article_modified_time":"2023-09-23T09:13:37+00:00","twitter_card":"summary_large_image","twitter_misc":{"Ber\u00e4knad l\u00e4stid":"1 minut"},"schema":{"@context":"https:\/\/schema.org","@graph":[{"@type":"WebPage","@id":"https:\/\/jag.se\/opinion\/event\/jag-har-talang-kommer-till-stockholm\/","url":"https:\/\/jag.se\/opinion\/event\/jag-har-talang-kommer-till-stockholm\/","name":"\"JAG har talang\" kommer till Stockholm! - JAG Opinion","isPartOf":{"@id":"https:\/\/jag.se\/opinion\/#website"},"datePublished":"2023-09-23T09:13:34+00:00","dateModified":"2023-09-23T09:13:37+00:00","breadcrumb":{"@id":"https:\/\/jag.se\/opinion\/event\/jag-har-talang-kommer-till-stockholm\/#breadcrumb"},"inLanguage":"sv-SE","potentialAction":[{"@type":"ReadAction","target":["https:\/\/jag.se\/opinion\/event\/jag-har-talang-kommer-till-stockholm\/"]}]},{"@type":"BreadcrumbList","@id":"https:\/\/jag.se\/opinion\/event\/jag-har-talang-kommer-till-stockholm\/#breadcrumb","itemListElement":[{"@type":"ListItem","position":1,"name":"JAG start","item":"https:\/\/jag.se"},{"@type":"ListItem","position":2,"name":"Riksf\u00f6reningen JAG","item":"https:\/\/jag.se\/opinion\/"},{"@type":"ListItem","position":3,"name":"Event","item":"https:\/\/jag.se\/opinion\/event\/"},{"@type":"ListItem","position":4,"name":"&#8220;JAG har talang&#8221; kommer till Stockholm!"}]},{"@type":"WebSite","@id":"https:\/\/jag.se\/opinion\/#website","url":"https:\/\/jag.se\/opinion\/","name":"JAG Opinion","description":"","potentialAction":[{"@type":"SearchAction","target":{"@type":"EntryPoint","urlTemplate":"https:\/\/jag.se\/opinion\/?s={search_term_string}"},"query-input":"required name=search_term_string"}],"inLanguage":"sv-SE"}]}},"_links":{"self":[{"href":"https:\/\/jag.se\/opinion\/wp-json\/wp\/v2\/events\/22983","targetHints":{"allow":["GET"]}}],"collection":[{"href":"https:\/\/jag.se\/opinion\/wp-json\/wp\/v2\/events"}],"about":[{"href":"https:\/\/jag.se\/opinion\/wp-json\/wp\/v2\/types\/events"}],"wp:attachment":[{"href":"https:\/\/jag.se\/opinion\/wp-json\/wp\/v2\/media?parent=22983"}],"curies":[{"name":"wp","href":"https:\/\/api.w.org\/{rel}","templated":true}]}}

<p>Torsdag 28/9 kl 17:30 ses vi på JAGs kansli, Klara Södra kyrkogata 1. Entré från hörnet. Föreningen JAG Stockholm är värd för arrangemanget. Det blir uppträdanden och en massa skoj. En magisk kväll utlovas! Frågor och anmälan till <a href="mailto:ann.nilsson@jag.se">ann.nilsson@jag.se</a> </p>

<!-- This site is optimized with the Yoast SEO plugin v21.3 - https://yoast.com/wordpress/plugins/seo/ -->
<title>&quot;JAG har talang&quot; kommer till Stockholm! - JAG Opinion</title>
<meta name="robots" content="index, follow, max-snippet:-1, max-image-preview:large, max-video-preview:-1" />
<link rel="canonical" href="https://jag.se/opinion/event/jag-har-talang-kommer-till-stockholm/" />
<meta property="og:locale" content="sv_SE" />
<meta property="og:type" content="article" />
<meta property="og:title" content="&quot;JAG har talang&quot; kommer till Stockholm! - JAG Opinion" />
<meta property="og:description" content="Torsdag 28/9 kl 17:30 ses vi på JAGs kansli, Klara Södra kyrkogata 1. Entré från hörnet. Föreningen JAG Stockholm är värd för arrangemanget. Det blir uppträdanden och en massa skoj. En magisk kväll utlovas! Frågor och anmälan till ann.nilsson@jag.se" />
<meta property="og:url" content="https://jag.se/opinion/event/jag-har-talang-kommer-till-stockholm/" />
<meta property="og:site_name" content="JAG Opinion" />
<meta property="article:modified_time" content="2023-09-23T09:13:37+00:00" />
<meta name="twitter:card" content="summary_large_image" />
<meta name="twitter:label1" content="Beräknad lästid" />
	<meta name="twitter:data1" content="1 minut" />
<script type="application/ld+json" class="yoast-schema-graph">{"@context":"https://schema.org","@graph":[{"@type":"WebPage","@id":"https://jag.se/opinion/event/jag-har-talang-kommer-till-stockholm/","url":"https://jag.se/opinion/event/jag-har-talang-kommer-till-stockholm/","name":"\"JAG har talang\" kommer till Stockholm! - JAG Opinion","isPartOf":{"@id":"https://jag.se/opinion/#website"},"datePublished":"2023-09-23T09:13:34+00:00","dateModified":"2023-09-23T09:13:37+00:00","breadcrumb":{"@id":"https://jag.se/opinion/event/jag-har-talang-kommer-till-stockholm/#breadcrumb"},"inLanguage":"sv-SE","potentialAction":[{"@type":"ReadAction","target":["https://jag.se/opinion/event/jag-har-talang-kommer-till-stockholm/"]}]},{"@type":"BreadcrumbList","@id":"https://jag.se/opinion/event/jag-har-talang-kommer-till-stockholm/#breadcrumb","itemListElement":[{"@type":"ListItem","position":1,"name":"JAG start","item":"https://jag.se"},{"@type":"ListItem","position":2,"name":"Riksföreningen JAG","item":"https://jag.se/opinion/"},{"@type":"ListItem","position":3,"name":"Event","item":"https://jag.se/opinion/event/"},{"@type":"ListItem","position":4,"name":"&#8220;JAG har talang&#8221; kommer till Stockholm!"}]},{"@type":"WebSite","@id":"https://jag.se/opinion/#website","url":"https://jag.se/opinion/","name":"JAG Opinion","description":"","potentialAction":[{"@type":"SearchAction","target":{"@type":"EntryPoint","urlTemplate":"https://jag.se/opinion/?s={search_term_string}"},"query-input":"required name=search_term_string"}],"inLanguage":"sv-SE"}]}</script>
<!-- / Yoast SEO plugin. -->

Torsdag 28/9 kl 17:30 ses vi på JAGs kansli, Klara Södra kyrkogata 1. Entré från hörnet. Föreningen JAG Stockholm är värd för arrangemanget. Det blir uppträdanden och en massa skoj. En magisk kväll utlovas! Frågor och anmälan till ann.nilsson@jag.se

Riksföreningen JAG
