{"id":22991,"date":"2023-10-02T13:10:11","date_gmt":"2023-10-02T13:10:11","guid":{"rendered":"https:\/\/jag.se\/opinion\/?post_type=events&#038;p=22991"},"modified":"2023-12-01T09:30:46","modified_gmt":"2023-12-01T09:30:46","slug":"forskningsseminarium-infor-internationella-funktionsrattsdagen","status":"publish","type":"events","link":"https:\/\/jag.se\/opinion\/event\/forskningsseminarium-infor-internationella-funktionsrattsdagen\/","title":{"rendered":"Forskningsseminarium inf\u00f6r internationella funktionsr\u00e4ttsdagen"},"content":{"rendered":"\n<p>V\u00e4lkommen att uppm\u00e4rksamma den internationella funktionsr\u00e4ttsdagen 2023 tillsammans med funktionshinderforskningen p\u00e5 Marie Cederschi\u00f6ld h\u00f6gskola och Riksf\u00f6reningen JAG 1\/12. Seminarium om personligt st\u00f6d, delaktighet och r\u00e4ttigheter n\u00e4r man har omfattande funktionsneds\u00e4ttning<br><a href=\"https:\/\/www.mchs.se\/arkiv\/nyhetslistning\/nyhetsarkiv\/2023-09-27-seminarium-1-12-personligt-stod-delaktighet-och-rattigheter---nar-man-har-omfattande-funktionsnedsattning.html\">ANM\u00c4L DIG TILL SEMINARIET SENAST DEN 20\/11<\/a><br>Arrangemanget \u00e4r kostnadsfritt men anm\u00e4lan kr\u00e4vs. De som anm\u00e4ler digitalt deltagande f\u00e5r en l\u00e4nk via mail.<br><br>Tid: Fredagen den 1 december kl 13.15-15.30.<br>Plats: F\u00f6reningen JAG, Klara S\u00f6dra Kyrkogata 1, Stockholm eller digitalt via Teams. <\/p>\n\n\n\n<p>Program:<br>&#8211; V\u00e4lkomsth\u00e4lsning och dagens tema \u2013 st\u00f6d f\u00f6r ett gott liv f\u00f6r dem med de st\u00f6rsta behoven (Magnus Tideman och Magnus And\u00e9n).<br>&#8211; \u201dOm Nadja\u201d &#8211; om att vara anh\u00f6rig till n\u00e5gon med omfattande funktionsneds\u00e4ttning och om att ge r\u00f6st \u00e5t de som har sv\u00e5rt att sj\u00e4lva<br>ber\u00e4tta sin historia (Professorn och systern Fanny Ambj\u00f6rnsson).<br>&#8211; Fika.<br>&#8211; Mer forskning beh\u00f6vs! (Magnus And\u00e9n, ordf. Riksf\u00f6reningen JAG)<br>&#8211; Active support \u2013 ett arbetss\u00e4tt f\u00f6r \u00f6kad meningsfullhet och delaktighet (Jenny Aspling).<br>&#8211; Panelsamtal och fr\u00e5gestund (Fanny Ambj\u00f6rnsson, Tim Sundberg fr\u00e5n JAG, Jenny Aspling och Magnus Tideman).<\/p>\n","protected":false},"featured_media":0,"menu_order":80,"template":"","class_list":["post-22991","events","type-events","status-publish","hentry"],"acf":[],"yoast_head":"<!-- This site is optimized with the Yoast SEO plugin v21.3 - https:\/\/yoast.com\/wordpress\/plugins\/seo\/ -->\n<title>Forskningsseminarium inf\u00f6r internationella funktionsr\u00e4ttsdagen - JAG Opinion<\/title>\n<meta name=\"robots\" content=\"index, follow, max-snippet:-1, max-image-preview:large, max-video-preview:-1\" \/>\n<link rel=\"canonical\" href=\"https:\/\/jag.se\/opinion\/event\/forskningsseminarium-infor-internationella-funktionsrattsdagen\/\" \/>\n<meta property=\"og:locale\" content=\"sv_SE\" \/>\n<meta property=\"og:type\" content=\"article\" \/>\n<meta property=\"og:title\" content=\"Forskningsseminarium inf\u00f6r internationella funktionsr\u00e4ttsdagen - JAG Opinion\" \/>\n<meta property=\"og:description\" content=\"V\u00e4lkommen att uppm\u00e4rksamma den internationella funktionsr\u00e4ttsdagen 2023 tillsammans med funktionshinderforskningen p\u00e5 Marie Cederschi\u00f6ld h\u00f6gskola och Riksf\u00f6reningen JAG 1\/12. Seminarium om personligt st\u00f6d, delaktighet och r\u00e4ttigheter n\u00e4r man har omfattande funktionsneds\u00e4ttningANM\u00c4L DIG TILL SEMINARIET SENAST DEN 20\/11Arrangemanget \u00e4r kostnadsfritt men anm\u00e4lan kr\u00e4vs. De som anm\u00e4ler digitalt deltagande f\u00e5r en l\u00e4nk via mail. Tid: Fredagen den 1\" \/>\n<meta property=\"og:url\" content=\"https:\/\/jag.se\/opinion\/event\/forskningsseminarium-infor-internationella-funktionsrattsdagen\/\" \/>\n<meta property=\"og:site_name\" content=\"JAG Opinion\" \/>\n<meta property=\"article:modified_time\" content=\"2023-12-01T09:30:46+00:00\" \/>\n<meta name=\"twitter:card\" content=\"summary_large_image\" \/>\n<meta name=\"twitter:label1\" content=\"Ber\u00e4knad l\u00e4stid\" \/>\n\t<meta name=\"twitter:data1\" content=\"1 minut\" \/>\n<script type=\"application\/ld+json\" class=\"yoast-schema-graph\">{\"@context\":\"https:\/\/schema.org\",\"@graph\":[{\"@type\":\"WebPage\",\"@id\":\"https:\/\/jag.se\/opinion\/event\/forskningsseminarium-infor-internationella-funktionsrattsdagen\/\",\"url\":\"https:\/\/jag.se\/opinion\/event\/forskningsseminarium-infor-internationella-funktionsrattsdagen\/\",\"name\":\"Forskningsseminarium inf\u00f6r internationella funktionsr\u00e4ttsdagen - JAG Opinion\",\"isPartOf\":{\"@id\":\"https:\/\/jag.se\/opinion\/#website\"},\"datePublished\":\"2023-10-02T13:10:11+00:00\",\"dateModified\":\"2023-12-01T09:30:46+00:00\",\"breadcrumb\":{\"@id\":\"https:\/\/jag.se\/opinion\/event\/forskningsseminarium-infor-internationella-funktionsrattsdagen\/#breadcrumb\"},\"inLanguage\":\"sv-SE\",\"potentialAction\":[{\"@type\":\"ReadAction\",\"target\":[\"https:\/\/jag.se\/opinion\/event\/forskningsseminarium-infor-internationella-funktionsrattsdagen\/\"]}]},{\"@type\":\"BreadcrumbList\",\"@id\":\"https:\/\/jag.se\/opinion\/event\/forskningsseminarium-infor-internationella-funktionsrattsdagen\/#breadcrumb\",\"itemListElement\":[{\"@type\":\"ListItem\",\"position\":1,\"name\":\"JAG start\",\"item\":\"https:\/\/jag.se\"},{\"@type\":\"ListItem\",\"position\":2,\"name\":\"Riksf\u00f6reningen JAG\",\"item\":\"https:\/\/jag.se\/opinion\/\"},{\"@type\":\"ListItem\",\"position\":3,\"name\":\"Event\",\"item\":\"https:\/\/jag.se\/opinion\/event\/\"},{\"@type\":\"ListItem\",\"position\":4,\"name\":\"Forskningsseminarium inf\u00f6r internationella funktionsr\u00e4ttsdagen\"}]},{\"@type\":\"WebSite\",\"@id\":\"https:\/\/jag.se\/opinion\/#website\",\"url\":\"https:\/\/jag.se\/opinion\/\",\"name\":\"JAG Opinion\",\"description\":\"\",\"potentialAction\":[{\"@type\":\"SearchAction\",\"target\":{\"@type\":\"EntryPoint\",\"urlTemplate\":\"https:\/\/jag.se\/opinion\/?s={search_term_string}\"},\"query-input\":\"required name=search_term_string\"}],\"inLanguage\":\"sv-SE\"}]}<\/script>\n<!-- \/ Yoast SEO plugin. -->","yoast_head_json":{"title":"Forskningsseminarium inf\u00f6r internationella funktionsr\u00e4ttsdagen - JAG Opinion","robots":{"index":"index","follow":"follow","max-snippet":"max-snippet:-1","max-image-preview":"max-image-preview:large","max-video-preview":"max-video-preview:-1"},"canonical":"https:\/\/jag.se\/opinion\/event\/forskningsseminarium-infor-internationella-funktionsrattsdagen\/","og_locale":"sv_SE","og_type":"article","og_title":"Forskningsseminarium inf\u00f6r internationella funktionsr\u00e4ttsdagen - JAG Opinion","og_description":"V\u00e4lkommen att uppm\u00e4rksamma den internationella funktionsr\u00e4ttsdagen 2023 tillsammans med funktionshinderforskningen p\u00e5 Marie Cederschi\u00f6ld h\u00f6gskola och Riksf\u00f6reningen JAG 1\/12. Seminarium om personligt st\u00f6d, delaktighet och r\u00e4ttigheter n\u00e4r man har omfattande funktionsneds\u00e4ttningANM\u00c4L DIG TILL SEMINARIET SENAST DEN 20\/11Arrangemanget \u00e4r kostnadsfritt men anm\u00e4lan kr\u00e4vs. De som anm\u00e4ler digitalt deltagande f\u00e5r en l\u00e4nk via mail. Tid: Fredagen den 1","og_url":"https:\/\/jag.se\/opinion\/event\/forskningsseminarium-infor-internationella-funktionsrattsdagen\/","og_site_name":"JAG Opinion","article_modified_time":"2023-12-01T09:30:46+00:00","twitter_card":"summary_large_image","twitter_misc":{"Ber\u00e4knad l\u00e4stid":"1 minut"},"schema":{"@context":"https:\/\/schema.org","@graph":[{"@type":"WebPage","@id":"https:\/\/jag.se\/opinion\/event\/forskningsseminarium-infor-internationella-funktionsrattsdagen\/","url":"https:\/\/jag.se\/opinion\/event\/forskningsseminarium-infor-internationella-funktionsrattsdagen\/","name":"Forskningsseminarium inf\u00f6r internationella funktionsr\u00e4ttsdagen - JAG Opinion","isPartOf":{"@id":"https:\/\/jag.se\/opinion\/#website"},"datePublished":"2023-10-02T13:10:11+00:00","dateModified":"2023-12-01T09:30:46+00:00","breadcrumb":{"@id":"https:\/\/jag.se\/opinion\/event\/forskningsseminarium-infor-internationella-funktionsrattsdagen\/#breadcrumb"},"inLanguage":"sv-SE","potentialAction":[{"@type":"ReadAction","target":["https:\/\/jag.se\/opinion\/event\/forskningsseminarium-infor-internationella-funktionsrattsdagen\/"]}]},{"@type":"BreadcrumbList","@id":"https:\/\/jag.se\/opinion\/event\/forskningsseminarium-infor-internationella-funktionsrattsdagen\/#breadcrumb","itemListElement":[{"@type":"ListItem","position":1,"name":"JAG start","item":"https:\/\/jag.se"},{"@type":"ListItem","position":2,"name":"Riksf\u00f6reningen JAG","item":"https:\/\/jag.se\/opinion\/"},{"@type":"ListItem","position":3,"name":"Event","item":"https:\/\/jag.se\/opinion\/event\/"},{"@type":"ListItem","position":4,"name":"Forskningsseminarium inf\u00f6r internationella funktionsr\u00e4ttsdagen"}]},{"@type":"WebSite","@id":"https:\/\/jag.se\/opinion\/#website","url":"https:\/\/jag.se\/opinion\/","name":"JAG Opinion","description":"","potentialAction":[{"@type":"SearchAction","target":{"@type":"EntryPoint","urlTemplate":"https:\/\/jag.se\/opinion\/?s={search_term_string}"},"query-input":"required name=search_term_string"}],"inLanguage":"sv-SE"}]}},"_links":{"self":[{"href":"https:\/\/jag.se\/opinion\/wp-json\/wp\/v2\/events\/22991","targetHints":{"allow":["GET"]}}],"collection":[{"href":"https:\/\/jag.se\/opinion\/wp-json\/wp\/v2\/events"}],"about":[{"href":"https:\/\/jag.se\/opinion\/wp-json\/wp\/v2\/types\/events"}],"wp:attachment":[{"href":"https:\/\/jag.se\/opinion\/wp-json\/wp\/v2\/media?parent=22991"}],"curies":[{"name":"wp","href":"https:\/\/api.w.org\/{rel}","templated":true}]}}

Forskningsseminarium inför internationella funktionsrättsdagen

<p>Välkommen att uppmärksamma den internationella funktionsrättsdagen 2023 tillsammans med funktionshinderforskningen på Marie Cederschiöld högskola och Riksföreningen JAG 1/12. Seminarium om personligt stöd, delaktighet och rättigheter när man har omfattande funktionsnedsättning<br><a href="https://www.mchs.se/arkiv/nyhetslistning/nyhetsarkiv/2023-09-27-seminarium-1-12-personligt-stod-delaktighet-och-rattigheter---nar-man-har-omfattande-funktionsnedsattning.html">ANMÄL DIG TILL SEMINARIET SENAST DEN 20/11</a><br>Arrangemanget är kostnadsfritt men anmälan krävs. De som anmäler digitalt deltagande får en länk via mail.<br><br>Tid: Fredagen den 1 december kl 13.15-15.30.<br>Plats: Föreningen JAG, Klara Södra Kyrkogata 1, Stockholm eller digitalt via Teams. </p>



<p>Program:<br>&#8211; Välkomsthälsning och dagens tema – stöd för ett gott liv för dem med de största behoven (Magnus Tideman och Magnus Andén).<br>&#8211; ”Om Nadja” &#8211; om att vara anhörig till någon med omfattande funktionsnedsättning och om att ge röst åt de som har svårt att själva<br>berätta sin historia (Professorn och systern Fanny Ambjörnsson).<br>&#8211; Fika.<br>&#8211; Mer forskning behövs! (Magnus Andén, ordf. Riksföreningen JAG)<br>&#8211; Active support – ett arbetssätt för ökad meningsfullhet och delaktighet (Jenny Aspling).<br>&#8211; Panelsamtal och frågestund (Fanny Ambjörnsson, Tim Sundberg från JAG, Jenny Aspling och Magnus Tideman).</p>

<!-- This site is optimized with the Yoast SEO plugin v21.3 - https://yoast.com/wordpress/plugins/seo/ -->
<title>Forskningsseminarium inför internationella funktionsrättsdagen - JAG Opinion</title>
<meta name="robots" content="index, follow, max-snippet:-1, max-image-preview:large, max-video-preview:-1" />
<link rel="canonical" href="https://jag.se/opinion/event/forskningsseminarium-infor-internationella-funktionsrattsdagen/" />
<meta property="og:locale" content="sv_SE" />
<meta property="og:type" content="article" />
<meta property="og:title" content="Forskningsseminarium inför internationella funktionsrättsdagen - JAG Opinion" />
<meta property="og:description" content="Välkommen att uppmärksamma den internationella funktionsrättsdagen 2023 tillsammans med funktionshinderforskningen på Marie Cederschiöld högskola och Riksföreningen JAG 1/12. Seminarium om personligt stöd, delaktighet och rättigheter när man har omfattande funktionsnedsättningANMÄL DIG TILL SEMINARIET SENAST DEN 20/11Arrangemanget är kostnadsfritt men anmälan krävs. De som anmäler digitalt deltagande får en länk via mail. Tid: Fredagen den 1" />
<meta property="og:url" content="https://jag.se/opinion/event/forskningsseminarium-infor-internationella-funktionsrattsdagen/" />
<meta property="og:site_name" content="JAG Opinion" />
<meta property="article:modified_time" content="2023-12-01T09:30:46+00:00" />
<meta name="twitter:card" content="summary_large_image" />
<meta name="twitter:label1" content="Beräknad lästid" />
	<meta name="twitter:data1" content="1 minut" />
<script type="application/ld+json" class="yoast-schema-graph">{"@context":"https://schema.org","@graph":[{"@type":"WebPage","@id":"https://jag.se/opinion/event/forskningsseminarium-infor-internationella-funktionsrattsdagen/","url":"https://jag.se/opinion/event/forskningsseminarium-infor-internationella-funktionsrattsdagen/","name":"Forskningsseminarium inför internationella funktionsrättsdagen - JAG Opinion","isPartOf":{"@id":"https://jag.se/opinion/#website"},"datePublished":"2023-10-02T13:10:11+00:00","dateModified":"2023-12-01T09:30:46+00:00","breadcrumb":{"@id":"https://jag.se/opinion/event/forskningsseminarium-infor-internationella-funktionsrattsdagen/#breadcrumb"},"inLanguage":"sv-SE","potentialAction":[{"@type":"ReadAction","target":["https://jag.se/opinion/event/forskningsseminarium-infor-internationella-funktionsrattsdagen/"]}]},{"@type":"BreadcrumbList","@id":"https://jag.se/opinion/event/forskningsseminarium-infor-internationella-funktionsrattsdagen/#breadcrumb","itemListElement":[{"@type":"ListItem","position":1,"name":"JAG start","item":"https://jag.se"},{"@type":"ListItem","position":2,"name":"Riksföreningen JAG","item":"https://jag.se/opinion/"},{"@type":"ListItem","position":3,"name":"Event","item":"https://jag.se/opinion/event/"},{"@type":"ListItem","position":4,"name":"Forskningsseminarium inför internationella funktionsrättsdagen"}]},{"@type":"WebSite","@id":"https://jag.se/opinion/#website","url":"https://jag.se/opinion/","name":"JAG Opinion","description":"","potentialAction":[{"@type":"SearchAction","target":{"@type":"EntryPoint","urlTemplate":"https://jag.se/opinion/?s={search_term_string}"},"query-input":"required name=search_term_string"}],"inLanguage":"sv-SE"}]}</script>
<!-- / Yoast SEO plugin. -->

Forskningsseminarium inför internationella funktionsrättsdagen - JAG Opinion

Välkommen att uppmärksamma den internationella funktionsrättsdagen 2023 tillsammans med funktionshinderforskningen på Marie Cederschiöld högskola och Riksföreningen JAG 1/12. Seminarium om personligt stöd, delaktighet och rättigheter när man har omfattande funktionsnedsättningANMÄL DIG TILL SEMINARIET SENAST DEN 20/11Arrangemanget är kostnadsfritt men anmälan krävs. De som anmäler digitalt deltagande får en länk via mail. Tid: Fredagen den 1

Riksföreningen JAG
