{"id":23027,"date":"2023-11-02T07:41:41","date_gmt":"2023-11-02T07:41:41","guid":{"rendered":"https:\/\/jag.se\/opinion\/?post_type=events&#038;p=23027"},"modified":"2023-11-03T06:57:06","modified_gmt":"2023-11-03T06:57:06","slug":"jag-har-talang-i-kalmar","status":"publish","type":"events","link":"https:\/\/jag.se\/opinion\/event\/jag-har-talang-i-kalmar\/","title":{"rendered":"JAG har talang i Kalmar!"},"content":{"rendered":"\n<p>Riksf\u00f6reningen JAG arrangerar festen och showen JAG har talang som \u00e5ker p\u00e5 turn\u00e9 till alla JAGs l\u00e4nsf\u00f6reningar. Den 30\/11 har turen &nbsp;kommit till Kalmar. I \u201dJAG har talang\u201d \u00e4r det du som \u00e4r stj\u00e4rnan och har chansen att ta plats p\u00e5 scenen eller visa en film som du gjort hemma! Fr\u00e5gor? Kontakta <a href=\"mailto:ann.nilsson@jag.se\">ann.nilsson@jag.se<\/a><\/p>\n\n\n\n<p>Medverkande p\u00e5 plats kl 16. Publikinsl\u00e4pp kl 17. <\/p>\n\n\n\n<p>Plats: IOGT i Kalmar.<\/p>\n\n\n\n<p><\/p>\n","protected":false},"featured_media":0,"menu_order":70,"template":"","class_list":["post-23027","events","type-events","status-publish","hentry"],"acf":[],"yoast_head":"<!-- This site is optimized with the Yoast SEO plugin v21.3 - https:\/\/yoast.com\/wordpress\/plugins\/seo\/ -->\n<title>JAG har talang i Kalmar! - JAG Opinion<\/title>\n<meta name=\"robots\" content=\"index, follow, max-snippet:-1, max-image-preview:large, max-video-preview:-1\" \/>\n<link rel=\"canonical\" href=\"https:\/\/jag.se\/opinion\/event\/jag-har-talang-i-kalmar\/\" \/>\n<meta property=\"og:locale\" content=\"sv_SE\" \/>\n<meta property=\"og:type\" content=\"article\" \/>\n<meta property=\"og:title\" content=\"JAG har talang i Kalmar! - JAG Opinion\" \/>\n<meta property=\"og:description\" content=\"Riksf\u00f6reningen JAG arrangerar festen och showen JAG har talang som \u00e5ker p\u00e5 turn\u00e9 till alla JAGs l\u00e4nsf\u00f6reningar. Den 30\/11 har turen &nbsp;kommit till Kalmar. I \u201dJAG har talang\u201d \u00e4r det du som \u00e4r stj\u00e4rnan och har chansen att ta plats p\u00e5 scenen eller visa en film som du gjort hemma! Fr\u00e5gor? Kontakta ann.nilsson@jag.se Medverkande p\u00e5\" \/>\n<meta property=\"og:url\" content=\"https:\/\/jag.se\/opinion\/event\/jag-har-talang-i-kalmar\/\" \/>\n<meta property=\"og:site_name\" content=\"JAG Opinion\" \/>\n<meta property=\"article:modified_time\" content=\"2023-11-03T06:57:06+00:00\" \/>\n<meta name=\"twitter:card\" content=\"summary_large_image\" \/>\n<meta name=\"twitter:label1\" content=\"Ber\u00e4knad l\u00e4stid\" \/>\n\t<meta name=\"twitter:data1\" content=\"1 minut\" \/>\n<script type=\"application\/ld+json\" class=\"yoast-schema-graph\">{\"@context\":\"https:\/\/schema.org\",\"@graph\":[{\"@type\":\"WebPage\",\"@id\":\"https:\/\/jag.se\/opinion\/event\/jag-har-talang-i-kalmar\/\",\"url\":\"https:\/\/jag.se\/opinion\/event\/jag-har-talang-i-kalmar\/\",\"name\":\"JAG har talang i Kalmar! - JAG Opinion\",\"isPartOf\":{\"@id\":\"https:\/\/jag.se\/opinion\/#website\"},\"datePublished\":\"2023-11-02T07:41:41+00:00\",\"dateModified\":\"2023-11-03T06:57:06+00:00\",\"breadcrumb\":{\"@id\":\"https:\/\/jag.se\/opinion\/event\/jag-har-talang-i-kalmar\/#breadcrumb\"},\"inLanguage\":\"sv-SE\",\"potentialAction\":[{\"@type\":\"ReadAction\",\"target\":[\"https:\/\/jag.se\/opinion\/event\/jag-har-talang-i-kalmar\/\"]}]},{\"@type\":\"BreadcrumbList\",\"@id\":\"https:\/\/jag.se\/opinion\/event\/jag-har-talang-i-kalmar\/#breadcrumb\",\"itemListElement\":[{\"@type\":\"ListItem\",\"position\":1,\"name\":\"JAG start\",\"item\":\"https:\/\/jag.se\"},{\"@type\":\"ListItem\",\"position\":2,\"name\":\"Riksf\u00f6reningen JAG\",\"item\":\"https:\/\/jag.se\/opinion\/\"},{\"@type\":\"ListItem\",\"position\":3,\"name\":\"Event\",\"item\":\"https:\/\/jag.se\/opinion\/event\/\"},{\"@type\":\"ListItem\",\"position\":4,\"name\":\"JAG har talang i Kalmar!\"}]},{\"@type\":\"WebSite\",\"@id\":\"https:\/\/jag.se\/opinion\/#website\",\"url\":\"https:\/\/jag.se\/opinion\/\",\"name\":\"JAG Opinion\",\"description\":\"\",\"potentialAction\":[{\"@type\":\"SearchAction\",\"target\":{\"@type\":\"EntryPoint\",\"urlTemplate\":\"https:\/\/jag.se\/opinion\/?s={search_term_string}\"},\"query-input\":\"required name=search_term_string\"}],\"inLanguage\":\"sv-SE\"}]}<\/script>\n<!-- \/ Yoast SEO plugin. -->","yoast_head_json":{"title":"JAG har talang i Kalmar! - JAG Opinion","robots":{"index":"index","follow":"follow","max-snippet":"max-snippet:-1","max-image-preview":"max-image-preview:large","max-video-preview":"max-video-preview:-1"},"canonical":"https:\/\/jag.se\/opinion\/event\/jag-har-talang-i-kalmar\/","og_locale":"sv_SE","og_type":"article","og_title":"JAG har talang i Kalmar! - JAG Opinion","og_description":"Riksf\u00f6reningen JAG arrangerar festen och showen JAG har talang som \u00e5ker p\u00e5 turn\u00e9 till alla JAGs l\u00e4nsf\u00f6reningar. Den 30\/11 har turen &nbsp;kommit till Kalmar. I \u201dJAG har talang\u201d \u00e4r det du som \u00e4r stj\u00e4rnan och har chansen att ta plats p\u00e5 scenen eller visa en film som du gjort hemma! Fr\u00e5gor? Kontakta ann.nilsson@jag.se Medverkande p\u00e5","og_url":"https:\/\/jag.se\/opinion\/event\/jag-har-talang-i-kalmar\/","og_site_name":"JAG Opinion","article_modified_time":"2023-11-03T06:57:06+00:00","twitter_card":"summary_large_image","twitter_misc":{"Ber\u00e4knad l\u00e4stid":"1 minut"},"schema":{"@context":"https:\/\/schema.org","@graph":[{"@type":"WebPage","@id":"https:\/\/jag.se\/opinion\/event\/jag-har-talang-i-kalmar\/","url":"https:\/\/jag.se\/opinion\/event\/jag-har-talang-i-kalmar\/","name":"JAG har talang i Kalmar! - JAG Opinion","isPartOf":{"@id":"https:\/\/jag.se\/opinion\/#website"},"datePublished":"2023-11-02T07:41:41+00:00","dateModified":"2023-11-03T06:57:06+00:00","breadcrumb":{"@id":"https:\/\/jag.se\/opinion\/event\/jag-har-talang-i-kalmar\/#breadcrumb"},"inLanguage":"sv-SE","potentialAction":[{"@type":"ReadAction","target":["https:\/\/jag.se\/opinion\/event\/jag-har-talang-i-kalmar\/"]}]},{"@type":"BreadcrumbList","@id":"https:\/\/jag.se\/opinion\/event\/jag-har-talang-i-kalmar\/#breadcrumb","itemListElement":[{"@type":"ListItem","position":1,"name":"JAG start","item":"https:\/\/jag.se"},{"@type":"ListItem","position":2,"name":"Riksf\u00f6reningen JAG","item":"https:\/\/jag.se\/opinion\/"},{"@type":"ListItem","position":3,"name":"Event","item":"https:\/\/jag.se\/opinion\/event\/"},{"@type":"ListItem","position":4,"name":"JAG har talang i Kalmar!"}]},{"@type":"WebSite","@id":"https:\/\/jag.se\/opinion\/#website","url":"https:\/\/jag.se\/opinion\/","name":"JAG Opinion","description":"","potentialAction":[{"@type":"SearchAction","target":{"@type":"EntryPoint","urlTemplate":"https:\/\/jag.se\/opinion\/?s={search_term_string}"},"query-input":"required name=search_term_string"}],"inLanguage":"sv-SE"}]}},"_links":{"self":[{"href":"https:\/\/jag.se\/opinion\/wp-json\/wp\/v2\/events\/23027","targetHints":{"allow":["GET"]}}],"collection":[{"href":"https:\/\/jag.se\/opinion\/wp-json\/wp\/v2\/events"}],"about":[{"href":"https:\/\/jag.se\/opinion\/wp-json\/wp\/v2\/types\/events"}],"wp:attachment":[{"href":"https:\/\/jag.se\/opinion\/wp-json\/wp\/v2\/media?parent=23027"}],"curies":[{"name":"wp","href":"https:\/\/api.w.org\/{rel}","templated":true}]}}

<p>Riksföreningen JAG arrangerar festen och showen JAG har talang som åker på turné till alla JAGs länsföreningar. Den 30/11 har turen &nbsp;kommit till Kalmar. I ”JAG har talang” är det du som är stjärnan och har chansen att ta plats på scenen eller visa en film som du gjort hemma! Frågor? Kontakta <a href="mailto:ann.nilsson@jag.se">ann.nilsson@jag.se</a></p>



<p>Medverkande på plats kl 16. Publikinsläpp kl 17. </p>



<p>Plats: IOGT i Kalmar.</p>



<p></p>

<!-- This site is optimized with the Yoast SEO plugin v21.3 - https://yoast.com/wordpress/plugins/seo/ -->
<title>JAG har talang i Kalmar! - JAG Opinion</title>
<meta name="robots" content="index, follow, max-snippet:-1, max-image-preview:large, max-video-preview:-1" />
<link rel="canonical" href="https://jag.se/opinion/event/jag-har-talang-i-kalmar/" />
<meta property="og:locale" content="sv_SE" />
<meta property="og:type" content="article" />
<meta property="og:title" content="JAG har talang i Kalmar! - JAG Opinion" />
<meta property="og:description" content="Riksföreningen JAG arrangerar festen och showen JAG har talang som åker på turné till alla JAGs länsföreningar. Den 30/11 har turen &nbsp;kommit till Kalmar. I ”JAG har talang” är det du som är stjärnan och har chansen att ta plats på scenen eller visa en film som du gjort hemma! Frågor? Kontakta ann.nilsson@jag.se Medverkande på" />
<meta property="og:url" content="https://jag.se/opinion/event/jag-har-talang-i-kalmar/" />
<meta property="og:site_name" content="JAG Opinion" />
<meta property="article:modified_time" content="2023-11-03T06:57:06+00:00" />
<meta name="twitter:card" content="summary_large_image" />
<meta name="twitter:label1" content="Beräknad lästid" />
	<meta name="twitter:data1" content="1 minut" />
<script type="application/ld+json" class="yoast-schema-graph">{"@context":"https://schema.org","@graph":[{"@type":"WebPage","@id":"https://jag.se/opinion/event/jag-har-talang-i-kalmar/","url":"https://jag.se/opinion/event/jag-har-talang-i-kalmar/","name":"JAG har talang i Kalmar! - JAG Opinion","isPartOf":{"@id":"https://jag.se/opinion/#website"},"datePublished":"2023-11-02T07:41:41+00:00","dateModified":"2023-11-03T06:57:06+00:00","breadcrumb":{"@id":"https://jag.se/opinion/event/jag-har-talang-i-kalmar/#breadcrumb"},"inLanguage":"sv-SE","potentialAction":[{"@type":"ReadAction","target":["https://jag.se/opinion/event/jag-har-talang-i-kalmar/"]}]},{"@type":"BreadcrumbList","@id":"https://jag.se/opinion/event/jag-har-talang-i-kalmar/#breadcrumb","itemListElement":[{"@type":"ListItem","position":1,"name":"JAG start","item":"https://jag.se"},{"@type":"ListItem","position":2,"name":"Riksföreningen JAG","item":"https://jag.se/opinion/"},{"@type":"ListItem","position":3,"name":"Event","item":"https://jag.se/opinion/event/"},{"@type":"ListItem","position":4,"name":"JAG har talang i Kalmar!"}]},{"@type":"WebSite","@id":"https://jag.se/opinion/#website","url":"https://jag.se/opinion/","name":"JAG Opinion","description":"","potentialAction":[{"@type":"SearchAction","target":{"@type":"EntryPoint","urlTemplate":"https://jag.se/opinion/?s={search_term_string}"},"query-input":"required name=search_term_string"}],"inLanguage":"sv-SE"}]}</script>
<!-- / Yoast SEO plugin. -->

Riksföreningen JAG arrangerar festen och showen JAG har talang som åker på turné till alla JAGs länsföreningar. Den 30/11 har turen &nbsp;kommit till Kalmar. I ”JAG har talang” är det du som är stjärnan och har chansen att ta plats på scenen eller visa en film som du gjort hemma! Frågor? Kontakta ann.nilsson@jag.se Medverkande på

Riksföreningen JAG
