{"id":23828,"date":"2024-07-05T14:14:50","date_gmt":"2024-07-05T14:14:50","guid":{"rendered":"https:\/\/jag.se\/opinion\/?post_type=events&#038;p=23828"},"modified":"2024-07-15T09:00:09","modified_gmt":"2024-07-15T09:00:09","slug":"karneval-genom-stockholm","status":"publish","type":"events","link":"https:\/\/jag.se\/opinion\/event\/karneval-genom-stockholm\/","title":{"rendered":"Karneval genom Stockholm!"},"content":{"rendered":"\n<h3 class=\"wp-block-heading has-text-align-center\"><strong>Fredag 30\/8  | 15:30-17:0<\/strong><\/h3>\n\n\n\n<p><strong>H\u00e4ng med p\u00e5 karneval! <\/strong>En en h\u00e4rlig upplevelse och intressepolitisk manifestation som alla kan vara med p\u00e5. Vi g\u00e5r i parad genom Stockholms gator och torg och visar att livet \u00e4r v\u00e4rt att leva. Det blir b\u00e5de livemusik med Rrriot Samba och tal!<\/p>\n\n\n\n<p>H\u00e5lltider fredag 30\/8<\/p>\n\n\n\n<p>13\u201315: Karneval-verkstad och uppladdning inf\u00f6r karnevalen p\u00e5 JAGs kansli, Klara S\u00f6dra kyrkogata 1 i Stockholm<br>15\u201315.30: Samling utanf\u00f6r JAGs kansli<br>15.30\u201317: Karneval genom Stockholm. Musik och tal<br>18\u201320: Efterfest med disco p\u00e5 JAGs kansli<\/p>\n\n\n\n<p>JAG \u00e4r Sveriges intresseorganisation f\u00f6r assistansanv\u00e4ndare med intellektuell funktionsneds\u00e4ttning. <\/p>\n\n\n\n<figure class=\"wp-block-image size-large\"><img loading=\"lazy\" decoding=\"async\" width=\"1024\" height=\"260\" src=\"https:\/\/jag.se\/opinion\/wp-content\/uploads\/sites\/3\/2024\/07\/karnevalen-1024x260.png\" alt=\"\" class=\"wp-image-23830\" srcset=\"https:\/\/jag.se\/opinion\/wp-content\/uploads\/sites\/3\/2024\/07\/karnevalen-1024x260.png 1024w, https:\/\/jag.se\/opinion\/wp-content\/uploads\/sites\/3\/2024\/07\/karnevalen-300x76.png 300w, https:\/\/jag.se\/opinion\/wp-content\/uploads\/sites\/3\/2024\/07\/karnevalen-768x195.png 768w, https:\/\/jag.se\/opinion\/wp-content\/uploads\/sites\/3\/2024\/07\/karnevalen-320x81.png 320w, https:\/\/jag.se\/opinion\/wp-content\/uploads\/sites\/3\/2024\/07\/karnevalen-120x30.png 120w, https:\/\/jag.se\/opinion\/wp-content\/uploads\/sites\/3\/2024\/07\/karnevalen-540x137.png 540w, https:\/\/jag.se\/opinion\/wp-content\/uploads\/sites\/3\/2024\/07\/karnevalen-601x152.png 601w, https:\/\/jag.se\/opinion\/wp-content\/uploads\/sites\/3\/2024\/07\/karnevalen-150x38.png 150w, https:\/\/jag.se\/opinion\/wp-content\/uploads\/sites\/3\/2024\/07\/karnevalen-311x79.png 311w, https:\/\/jag.se\/opinion\/wp-content\/uploads\/sites\/3\/2024\/07\/karnevalen-369x94.png 369w, https:\/\/jag.se\/opinion\/wp-content\/uploads\/sites\/3\/2024\/07\/karnevalen-374x95.png 374w, https:\/\/jag.se\/opinion\/wp-content\/uploads\/sites\/3\/2024\/07\/karnevalen-197x50.png 197w, https:\/\/jag.se\/opinion\/wp-content\/uploads\/sites\/3\/2024\/07\/karnevalen.png 1080w\" sizes=\"auto, (max-width: 1024px) 100vw, 1024px\" \/><\/figure>\n","protected":false},"featured_media":23831,"menu_order":45,"template":"","class_list":["post-23828","events","type-events","status-publish","has-post-thumbnail","hentry"],"acf":[],"yoast_head":"<!-- This site is optimized with the Yoast SEO plugin v21.3 - https:\/\/yoast.com\/wordpress\/plugins\/seo\/ -->\n<title>Karneval genom Stockholm! - JAG Opinion<\/title>\n<meta name=\"robots\" content=\"index, follow, max-snippet:-1, max-image-preview:large, max-video-preview:-1\" \/>\n<link rel=\"canonical\" href=\"https:\/\/jag.se\/opinion\/event\/karneval-genom-stockholm\/\" \/>\n<meta property=\"og:locale\" content=\"sv_SE\" \/>\n<meta property=\"og:type\" content=\"article\" \/>\n<meta property=\"og:title\" content=\"Karneval genom Stockholm! - JAG Opinion\" \/>\n<meta property=\"og:description\" content=\"Fredag 30\/8 | 15:30-17:0 H\u00e4ng med p\u00e5 karneval! En en h\u00e4rlig upplevelse och intressepolitisk manifestation som alla kan vara med p\u00e5. Vi g\u00e5r i parad genom Stockholms gator och torg och visar att livet \u00e4r v\u00e4rt att leva. Det blir b\u00e5de livemusik med Rrriot Samba och tal! H\u00e5lltider fredag 30\/8 13\u201315: Karneval-verkstad och uppladdning inf\u00f6r\" \/>\n<meta property=\"og:url\" content=\"https:\/\/jag.se\/opinion\/event\/karneval-genom-stockholm\/\" \/>\n<meta property=\"og:site_name\" content=\"JAG Opinion\" \/>\n<meta property=\"article:modified_time\" content=\"2024-07-15T09:00:09+00:00\" \/>\n<meta property=\"og:image\" content=\"https:\/\/jag.se\/opinion\/wp-content\/uploads\/sites\/3\/2024\/07\/karneval-1024x615.png\" \/>\n\t<meta property=\"og:image:width\" content=\"1024\" \/>\n\t<meta property=\"og:image:height\" content=\"615\" \/>\n\t<meta property=\"og:image:type\" content=\"image\/png\" \/>\n<meta name=\"twitter:card\" content=\"summary_large_image\" \/>\n<meta name=\"twitter:label1\" content=\"Ber\u00e4knad l\u00e4stid\" \/>\n\t<meta name=\"twitter:data1\" content=\"1 minut\" \/>\n<script type=\"application\/ld+json\" class=\"yoast-schema-graph\">{\"@context\":\"https:\/\/schema.org\",\"@graph\":[{\"@type\":\"WebPage\",\"@id\":\"https:\/\/jag.se\/opinion\/event\/karneval-genom-stockholm\/\",\"url\":\"https:\/\/jag.se\/opinion\/event\/karneval-genom-stockholm\/\",\"name\":\"Karneval genom Stockholm! - JAG Opinion\",\"isPartOf\":{\"@id\":\"https:\/\/jag.se\/opinion\/#website\"},\"datePublished\":\"2024-07-05T14:14:50+00:00\",\"dateModified\":\"2024-07-15T09:00:09+00:00\",\"breadcrumb\":{\"@id\":\"https:\/\/jag.se\/opinion\/event\/karneval-genom-stockholm\/#breadcrumb\"},\"inLanguage\":\"sv-SE\",\"potentialAction\":[{\"@type\":\"ReadAction\",\"target\":[\"https:\/\/jag.se\/opinion\/event\/karneval-genom-stockholm\/\"]}]},{\"@type\":\"BreadcrumbList\",\"@id\":\"https:\/\/jag.se\/opinion\/event\/karneval-genom-stockholm\/#breadcrumb\",\"itemListElement\":[{\"@type\":\"ListItem\",\"position\":1,\"name\":\"JAG start\",\"item\":\"https:\/\/jag.se\"},{\"@type\":\"ListItem\",\"position\":2,\"name\":\"Riksf\u00f6reningen JAG\",\"item\":\"https:\/\/jag.se\/opinion\/\"},{\"@type\":\"ListItem\",\"position\":3,\"name\":\"Event\",\"item\":\"https:\/\/jag.se\/opinion\/event\/\"},{\"@type\":\"ListItem\",\"position\":4,\"name\":\"Karneval genom Stockholm!\"}]},{\"@type\":\"WebSite\",\"@id\":\"https:\/\/jag.se\/opinion\/#website\",\"url\":\"https:\/\/jag.se\/opinion\/\",\"name\":\"JAG Opinion\",\"description\":\"\",\"potentialAction\":[{\"@type\":\"SearchAction\",\"target\":{\"@type\":\"EntryPoint\",\"urlTemplate\":\"https:\/\/jag.se\/opinion\/?s={search_term_string}\"},\"query-input\":\"required name=search_term_string\"}],\"inLanguage\":\"sv-SE\"}]}<\/script>\n<!-- \/ Yoast SEO plugin. -->","yoast_head_json":{"title":"Karneval genom Stockholm! - JAG Opinion","robots":{"index":"index","follow":"follow","max-snippet":"max-snippet:-1","max-image-preview":"max-image-preview:large","max-video-preview":"max-video-preview:-1"},"canonical":"https:\/\/jag.se\/opinion\/event\/karneval-genom-stockholm\/","og_locale":"sv_SE","og_type":"article","og_title":"Karneval genom Stockholm! - JAG Opinion","og_description":"Fredag 30\/8 | 15:30-17:0 H\u00e4ng med p\u00e5 karneval! En en h\u00e4rlig upplevelse och intressepolitisk manifestation som alla kan vara med p\u00e5. Vi g\u00e5r i parad genom Stockholms gator och torg och visar att livet \u00e4r v\u00e4rt att leva. Det blir b\u00e5de livemusik med Rrriot Samba och tal! H\u00e5lltider fredag 30\/8 13\u201315: Karneval-verkstad och uppladdning inf\u00f6r","og_url":"https:\/\/jag.se\/opinion\/event\/karneval-genom-stockholm\/","og_site_name":"JAG Opinion","article_modified_time":"2024-07-15T09:00:09+00:00","og_image":[{"width":1024,"height":615,"url":"https:\/\/jag.se\/opinion\/wp-content\/uploads\/sites\/3\/2024\/07\/karneval-1024x615.png","type":"image\/png"}],"twitter_card":"summary_large_image","twitter_misc":{"Ber\u00e4knad l\u00e4stid":"1 minut"},"schema":{"@context":"https:\/\/schema.org","@graph":[{"@type":"WebPage","@id":"https:\/\/jag.se\/opinion\/event\/karneval-genom-stockholm\/","url":"https:\/\/jag.se\/opinion\/event\/karneval-genom-stockholm\/","name":"Karneval genom Stockholm! - JAG Opinion","isPartOf":{"@id":"https:\/\/jag.se\/opinion\/#website"},"datePublished":"2024-07-05T14:14:50+00:00","dateModified":"2024-07-15T09:00:09+00:00","breadcrumb":{"@id":"https:\/\/jag.se\/opinion\/event\/karneval-genom-stockholm\/#breadcrumb"},"inLanguage":"sv-SE","potentialAction":[{"@type":"ReadAction","target":["https:\/\/jag.se\/opinion\/event\/karneval-genom-stockholm\/"]}]},{"@type":"BreadcrumbList","@id":"https:\/\/jag.se\/opinion\/event\/karneval-genom-stockholm\/#breadcrumb","itemListElement":[{"@type":"ListItem","position":1,"name":"JAG start","item":"https:\/\/jag.se"},{"@type":"ListItem","position":2,"name":"Riksf\u00f6reningen JAG","item":"https:\/\/jag.se\/opinion\/"},{"@type":"ListItem","position":3,"name":"Event","item":"https:\/\/jag.se\/opinion\/event\/"},{"@type":"ListItem","position":4,"name":"Karneval genom Stockholm!"}]},{"@type":"WebSite","@id":"https:\/\/jag.se\/opinion\/#website","url":"https:\/\/jag.se\/opinion\/","name":"JAG Opinion","description":"","potentialAction":[{"@type":"SearchAction","target":{"@type":"EntryPoint","urlTemplate":"https:\/\/jag.se\/opinion\/?s={search_term_string}"},"query-input":"required name=search_term_string"}],"inLanguage":"sv-SE"}]}},"_links":{"self":[{"href":"https:\/\/jag.se\/opinion\/wp-json\/wp\/v2\/events\/23828","targetHints":{"allow":["GET"]}}],"collection":[{"href":"https:\/\/jag.se\/opinion\/wp-json\/wp\/v2\/events"}],"about":[{"href":"https:\/\/jag.se\/opinion\/wp-json\/wp\/v2\/types\/events"}],"wp:featuredmedia":[{"embeddable":true,"href":"https:\/\/jag.se\/opinion\/wp-json\/wp\/v2\/media\/23831"}],"wp:attachment":[{"href":"https:\/\/jag.se\/opinion\/wp-json\/wp\/v2\/media?parent=23828"}],"curies":[{"name":"wp","href":"https:\/\/api.w.org\/{rel}","templated":true}]}}

<h3 class="wp-block-heading has-text-align-center"><strong>Fredag 30/8  | 15:30-17:0</strong></h3>



<p><strong>Häng med på karneval! </strong>En en härlig upplevelse och intressepolitisk manifestation som alla kan vara med på. Vi går i parad genom Stockholms gator och torg och visar att livet är värt att leva. Det blir både livemusik med Rrriot Samba och tal!</p>



<p>Hålltider fredag 30/8</p>



<p>13–15: Karneval-verkstad och uppladdning inför karnevalen på JAGs kansli, Klara Södra kyrkogata 1 i Stockholm<br>15–15.30: Samling utanför JAGs kansli<br>15.30–17: Karneval genom Stockholm. Musik och tal<br>18–20: Efterfest med disco på JAGs kansli</p>



<p>JAG är Sveriges intresseorganisation för assistansanvändare med intellektuell funktionsnedsättning. </p>



<figure class="wp-block-image size-large"><img loading="lazy" decoding="async" width="1024" height="260" src="https://jag.se/opinion/wp-content/uploads/sites/3/2024/07/karnevalen-1024x260.png" alt="" class="wp-image-23830" srcset="https://jag.se/opinion/wp-content/uploads/sites/3/2024/07/karnevalen-1024x260.png 1024w, https://jag.se/opinion/wp-content/uploads/sites/3/2024/07/karnevalen-300x76.png 300w, https://jag.se/opinion/wp-content/uploads/sites/3/2024/07/karnevalen-768x195.png 768w, https://jag.se/opinion/wp-content/uploads/sites/3/2024/07/karnevalen-320x81.png 320w, https://jag.se/opinion/wp-content/uploads/sites/3/2024/07/karnevalen-120x30.png 120w, https://jag.se/opinion/wp-content/uploads/sites/3/2024/07/karnevalen-540x137.png 540w, https://jag.se/opinion/wp-content/uploads/sites/3/2024/07/karnevalen-601x152.png 601w, https://jag.se/opinion/wp-content/uploads/sites/3/2024/07/karnevalen-150x38.png 150w, https://jag.se/opinion/wp-content/uploads/sites/3/2024/07/karnevalen-311x79.png 311w, https://jag.se/opinion/wp-content/uploads/sites/3/2024/07/karnevalen-369x94.png 369w, https://jag.se/opinion/wp-content/uploads/sites/3/2024/07/karnevalen-374x95.png 374w, https://jag.se/opinion/wp-content/uploads/sites/3/2024/07/karnevalen-197x50.png 197w, https://jag.se/opinion/wp-content/uploads/sites/3/2024/07/karnevalen.png 1080w" sizes="auto, (max-width: 1024px) 100vw, 1024px" /></figure>

<!-- This site is optimized with the Yoast SEO plugin v21.3 - https://yoast.com/wordpress/plugins/seo/ -->
<title>Karneval genom Stockholm! - JAG Opinion</title>
<meta name="robots" content="index, follow, max-snippet:-1, max-image-preview:large, max-video-preview:-1" />
<link rel="canonical" href="https://jag.se/opinion/event/karneval-genom-stockholm/" />
<meta property="og:locale" content="sv_SE" />
<meta property="og:type" content="article" />
<meta property="og:title" content="Karneval genom Stockholm! - JAG Opinion" />
<meta property="og:description" content="Fredag 30/8 | 15:30-17:0 Häng med på karneval! En en härlig upplevelse och intressepolitisk manifestation som alla kan vara med på. Vi går i parad genom Stockholms gator och torg och visar att livet är värt att leva. Det blir både livemusik med Rrriot Samba och tal! Hålltider fredag 30/8 13–15: Karneval-verkstad och uppladdning inför" />
<meta property="og:url" content="https://jag.se/opinion/event/karneval-genom-stockholm/" />
<meta property="og:site_name" content="JAG Opinion" />
<meta property="article:modified_time" content="2024-07-15T09:00:09+00:00" />
<meta property="og:image" content="https://jag.se/opinion/wp-content/uploads/sites/3/2024/07/karneval-1024x615.png" />
	<meta property="og:image:width" content="1024" />
	<meta property="og:image:height" content="615" />
	<meta property="og:image:type" content="image/png" />
<meta name="twitter:card" content="summary_large_image" />
<meta name="twitter:label1" content="Beräknad lästid" />
	<meta name="twitter:data1" content="1 minut" />
<script type="application/ld+json" class="yoast-schema-graph">{"@context":"https://schema.org","@graph":[{"@type":"WebPage","@id":"https://jag.se/opinion/event/karneval-genom-stockholm/","url":"https://jag.se/opinion/event/karneval-genom-stockholm/","name":"Karneval genom Stockholm! - JAG Opinion","isPartOf":{"@id":"https://jag.se/opinion/#website"},"datePublished":"2024-07-05T14:14:50+00:00","dateModified":"2024-07-15T09:00:09+00:00","breadcrumb":{"@id":"https://jag.se/opinion/event/karneval-genom-stockholm/#breadcrumb"},"inLanguage":"sv-SE","potentialAction":[{"@type":"ReadAction","target":["https://jag.se/opinion/event/karneval-genom-stockholm/"]}]},{"@type":"BreadcrumbList","@id":"https://jag.se/opinion/event/karneval-genom-stockholm/#breadcrumb","itemListElement":[{"@type":"ListItem","position":1,"name":"JAG start","item":"https://jag.se"},{"@type":"ListItem","position":2,"name":"Riksföreningen JAG","item":"https://jag.se/opinion/"},{"@type":"ListItem","position":3,"name":"Event","item":"https://jag.se/opinion/event/"},{"@type":"ListItem","position":4,"name":"Karneval genom Stockholm!"}]},{"@type":"WebSite","@id":"https://jag.se/opinion/#website","url":"https://jag.se/opinion/","name":"JAG Opinion","description":"","potentialAction":[{"@type":"SearchAction","target":{"@type":"EntryPoint","urlTemplate":"https://jag.se/opinion/?s={search_term_string}"},"query-input":"required name=search_term_string"}],"inLanguage":"sv-SE"}]}</script>
<!-- / Yoast SEO plugin. -->

Fredag 30/8 | 15:30-17:0 Häng med på karneval! En en härlig upplevelse och intressepolitisk manifestation som alla kan vara med på. Vi går i parad genom Stockholms gator och torg och visar att livet är värt att leva. Det blir både livemusik med Rrriot Samba och tal! Hålltider fredag 30/8 13–15: Karneval-verkstad och uppladdning inför

Riksföreningen JAG
