{"id":24345,"date":"2024-07-16T11:36:22","date_gmt":"2024-07-16T11:36:22","guid":{"rendered":"https:\/\/jag.se\/opinion\/?post_type=events&#038;p=24345"},"modified":"2024-07-16T11:37:18","modified_gmt":"2024-07-16T11:37:18","slug":"jag-dagar-i-karlstad","status":"publish","type":"events","link":"https:\/\/jag.se\/opinion\/event\/jag-dagar-i-karlstad\/","title":{"rendered":"Festliga JAG-dagar i Karlstad"},"content":{"rendered":"\n<p>\u00d6ppet hus, medlemstr\u00e4ff i F\u00f6reningen JAG V\u00e4rmland och utbildning f\u00f6r alla intresserade bjuds det p\u00e5 n\u00e4r Brukarkooperativet JAG och assistansreformen firar 30 \u00e5r i Karlstad 6-7\/11. <a href=\"https:\/\/en-gb.eu.invajo.com\/event\/jag\/jagtraffikarlstad\">L\u00e4s mer och anm\u00e4l h\u00e4r.<\/a><\/p>\n\n\n\n<p>Adress: JAGs tr\u00e4ffpunkt p\u00e5 Norra Kyrkogatan 4 i Karlstad. V\u00e4lkommen!<\/p>\n\n\n\n<p><\/p>\n\n\n\n<p><\/p>\n","protected":false},"featured_media":24343,"menu_order":42,"template":"","class_list":["post-24345","events","type-events","status-publish","has-post-thumbnail","hentry"],"acf":[],"yoast_head":"<!-- This site is optimized with the Yoast SEO plugin v21.3 - https:\/\/yoast.com\/wordpress\/plugins\/seo\/ -->\n<title>Festliga JAG-dagar i Karlstad - JAG Opinion<\/title>\n<meta name=\"robots\" content=\"index, follow, max-snippet:-1, max-image-preview:large, max-video-preview:-1\" \/>\n<link rel=\"canonical\" href=\"https:\/\/jag.se\/opinion\/event\/jag-dagar-i-karlstad\/\" \/>\n<meta property=\"og:locale\" content=\"sv_SE\" \/>\n<meta property=\"og:type\" content=\"article\" \/>\n<meta property=\"og:title\" content=\"Festliga JAG-dagar i Karlstad - JAG Opinion\" \/>\n<meta property=\"og:description\" content=\"\u00d6ppet hus, medlemstr\u00e4ff i F\u00f6reningen JAG V\u00e4rmland och utbildning f\u00f6r alla intresserade bjuds det p\u00e5 n\u00e4r Brukarkooperativet JAG och assistansreformen firar 30 \u00e5r i Karlstad 6-7\/11. L\u00e4s mer och anm\u00e4l h\u00e4r. Adress: JAGs tr\u00e4ffpunkt p\u00e5 Norra Kyrkogatan 4 i Karlstad. V\u00e4lkommen!\" \/>\n<meta property=\"og:url\" content=\"https:\/\/jag.se\/opinion\/event\/jag-dagar-i-karlstad\/\" \/>\n<meta property=\"og:site_name\" content=\"JAG Opinion\" \/>\n<meta property=\"article:modified_time\" content=\"2024-07-16T11:37:18+00:00\" \/>\n<meta property=\"og:image\" content=\"https:\/\/jag.se\/opinion\/wp-content\/uploads\/sites\/3\/2024\/07\/Oppet-hus-medlemstraff-utbildning.jpg\" \/>\n\t<meta property=\"og:image:width\" content=\"1011\" \/>\n\t<meta property=\"og:image:height\" content=\"246\" \/>\n\t<meta property=\"og:image:type\" content=\"image\/jpeg\" \/>\n<meta name=\"twitter:card\" content=\"summary_large_image\" \/>\n<meta name=\"twitter:label1\" content=\"Ber\u00e4knad l\u00e4stid\" \/>\n\t<meta name=\"twitter:data1\" content=\"1 minut\" \/>\n<script type=\"application\/ld+json\" class=\"yoast-schema-graph\">{\"@context\":\"https:\/\/schema.org\",\"@graph\":[{\"@type\":\"WebPage\",\"@id\":\"https:\/\/jag.se\/opinion\/event\/jag-dagar-i-karlstad\/\",\"url\":\"https:\/\/jag.se\/opinion\/event\/jag-dagar-i-karlstad\/\",\"name\":\"Festliga JAG-dagar i Karlstad - JAG Opinion\",\"isPartOf\":{\"@id\":\"https:\/\/jag.se\/opinion\/#website\"},\"datePublished\":\"2024-07-16T11:36:22+00:00\",\"dateModified\":\"2024-07-16T11:37:18+00:00\",\"breadcrumb\":{\"@id\":\"https:\/\/jag.se\/opinion\/event\/jag-dagar-i-karlstad\/#breadcrumb\"},\"inLanguage\":\"sv-SE\",\"potentialAction\":[{\"@type\":\"ReadAction\",\"target\":[\"https:\/\/jag.se\/opinion\/event\/jag-dagar-i-karlstad\/\"]}]},{\"@type\":\"BreadcrumbList\",\"@id\":\"https:\/\/jag.se\/opinion\/event\/jag-dagar-i-karlstad\/#breadcrumb\",\"itemListElement\":[{\"@type\":\"ListItem\",\"position\":1,\"name\":\"JAG start\",\"item\":\"https:\/\/jag.se\"},{\"@type\":\"ListItem\",\"position\":2,\"name\":\"Riksf\u00f6reningen JAG\",\"item\":\"https:\/\/jag.se\/opinion\/\"},{\"@type\":\"ListItem\",\"position\":3,\"name\":\"Event\",\"item\":\"https:\/\/jag.se\/opinion\/event\/\"},{\"@type\":\"ListItem\",\"position\":4,\"name\":\"Festliga JAG-dagar i Karlstad\"}]},{\"@type\":\"WebSite\",\"@id\":\"https:\/\/jag.se\/opinion\/#website\",\"url\":\"https:\/\/jag.se\/opinion\/\",\"name\":\"JAG Opinion\",\"description\":\"\",\"potentialAction\":[{\"@type\":\"SearchAction\",\"target\":{\"@type\":\"EntryPoint\",\"urlTemplate\":\"https:\/\/jag.se\/opinion\/?s={search_term_string}\"},\"query-input\":\"required name=search_term_string\"}],\"inLanguage\":\"sv-SE\"}]}<\/script>\n<!-- \/ Yoast SEO plugin. -->","yoast_head_json":{"title":"Festliga JAG-dagar i Karlstad - JAG Opinion","robots":{"index":"index","follow":"follow","max-snippet":"max-snippet:-1","max-image-preview":"max-image-preview:large","max-video-preview":"max-video-preview:-1"},"canonical":"https:\/\/jag.se\/opinion\/event\/jag-dagar-i-karlstad\/","og_locale":"sv_SE","og_type":"article","og_title":"Festliga JAG-dagar i Karlstad - JAG Opinion","og_description":"\u00d6ppet hus, medlemstr\u00e4ff i F\u00f6reningen JAG V\u00e4rmland och utbildning f\u00f6r alla intresserade bjuds det p\u00e5 n\u00e4r Brukarkooperativet JAG och assistansreformen firar 30 \u00e5r i Karlstad 6-7\/11. L\u00e4s mer och anm\u00e4l h\u00e4r. Adress: JAGs tr\u00e4ffpunkt p\u00e5 Norra Kyrkogatan 4 i Karlstad. V\u00e4lkommen!","og_url":"https:\/\/jag.se\/opinion\/event\/jag-dagar-i-karlstad\/","og_site_name":"JAG Opinion","article_modified_time":"2024-07-16T11:37:18+00:00","og_image":[{"width":1011,"height":246,"url":"https:\/\/jag.se\/opinion\/wp-content\/uploads\/sites\/3\/2024\/07\/Oppet-hus-medlemstraff-utbildning.jpg","type":"image\/jpeg"}],"twitter_card":"summary_large_image","twitter_misc":{"Ber\u00e4knad l\u00e4stid":"1 minut"},"schema":{"@context":"https:\/\/schema.org","@graph":[{"@type":"WebPage","@id":"https:\/\/jag.se\/opinion\/event\/jag-dagar-i-karlstad\/","url":"https:\/\/jag.se\/opinion\/event\/jag-dagar-i-karlstad\/","name":"Festliga JAG-dagar i Karlstad - JAG Opinion","isPartOf":{"@id":"https:\/\/jag.se\/opinion\/#website"},"datePublished":"2024-07-16T11:36:22+00:00","dateModified":"2024-07-16T11:37:18+00:00","breadcrumb":{"@id":"https:\/\/jag.se\/opinion\/event\/jag-dagar-i-karlstad\/#breadcrumb"},"inLanguage":"sv-SE","potentialAction":[{"@type":"ReadAction","target":["https:\/\/jag.se\/opinion\/event\/jag-dagar-i-karlstad\/"]}]},{"@type":"BreadcrumbList","@id":"https:\/\/jag.se\/opinion\/event\/jag-dagar-i-karlstad\/#breadcrumb","itemListElement":[{"@type":"ListItem","position":1,"name":"JAG start","item":"https:\/\/jag.se"},{"@type":"ListItem","position":2,"name":"Riksf\u00f6reningen JAG","item":"https:\/\/jag.se\/opinion\/"},{"@type":"ListItem","position":3,"name":"Event","item":"https:\/\/jag.se\/opinion\/event\/"},{"@type":"ListItem","position":4,"name":"Festliga JAG-dagar i Karlstad"}]},{"@type":"WebSite","@id":"https:\/\/jag.se\/opinion\/#website","url":"https:\/\/jag.se\/opinion\/","name":"JAG Opinion","description":"","potentialAction":[{"@type":"SearchAction","target":{"@type":"EntryPoint","urlTemplate":"https:\/\/jag.se\/opinion\/?s={search_term_string}"},"query-input":"required name=search_term_string"}],"inLanguage":"sv-SE"}]}},"_links":{"self":[{"href":"https:\/\/jag.se\/opinion\/wp-json\/wp\/v2\/events\/24345","targetHints":{"allow":["GET"]}}],"collection":[{"href":"https:\/\/jag.se\/opinion\/wp-json\/wp\/v2\/events"}],"about":[{"href":"https:\/\/jag.se\/opinion\/wp-json\/wp\/v2\/types\/events"}],"wp:featuredmedia":[{"embeddable":true,"href":"https:\/\/jag.se\/opinion\/wp-json\/wp\/v2\/media\/24343"}],"wp:attachment":[{"href":"https:\/\/jag.se\/opinion\/wp-json\/wp\/v2\/media?parent=24345"}],"curies":[{"name":"wp","href":"https:\/\/api.w.org\/{rel}","templated":true}]}}

<p>Öppet hus, medlemsträff i Föreningen JAG Värmland och utbildning för alla intresserade bjuds det på när Brukarkooperativet JAG och assistansreformen firar 30 år i Karlstad 6-7/11. <a href="https://en-gb.eu.invajo.com/event/jag/jagtraffikarlstad">Läs mer och anmäl här.</a></p>



<p>Adress: JAGs träffpunkt på Norra Kyrkogatan 4 i Karlstad. Välkommen!</p>



<p></p>



<p></p>

<!-- This site is optimized with the Yoast SEO plugin v21.3 - https://yoast.com/wordpress/plugins/seo/ -->
<title>Festliga JAG-dagar i Karlstad - JAG Opinion</title>
<meta name="robots" content="index, follow, max-snippet:-1, max-image-preview:large, max-video-preview:-1" />
<link rel="canonical" href="https://jag.se/opinion/event/jag-dagar-i-karlstad/" />
<meta property="og:locale" content="sv_SE" />
<meta property="og:type" content="article" />
<meta property="og:title" content="Festliga JAG-dagar i Karlstad - JAG Opinion" />
<meta property="og:description" content="Öppet hus, medlemsträff i Föreningen JAG Värmland och utbildning för alla intresserade bjuds det på när Brukarkooperativet JAG och assistansreformen firar 30 år i Karlstad 6-7/11. Läs mer och anmäl här. Adress: JAGs träffpunkt på Norra Kyrkogatan 4 i Karlstad. Välkommen!" />
<meta property="og:url" content="https://jag.se/opinion/event/jag-dagar-i-karlstad/" />
<meta property="og:site_name" content="JAG Opinion" />
<meta property="article:modified_time" content="2024-07-16T11:37:18+00:00" />
<meta property="og:image" content="https://jag.se/opinion/wp-content/uploads/sites/3/2024/07/Oppet-hus-medlemstraff-utbildning.jpg" />
	<meta property="og:image:width" content="1011" />
	<meta property="og:image:height" content="246" />
	<meta property="og:image:type" content="image/jpeg" />
<meta name="twitter:card" content="summary_large_image" />
<meta name="twitter:label1" content="Beräknad lästid" />
	<meta name="twitter:data1" content="1 minut" />
<script type="application/ld+json" class="yoast-schema-graph">{"@context":"https://schema.org","@graph":[{"@type":"WebPage","@id":"https://jag.se/opinion/event/jag-dagar-i-karlstad/","url":"https://jag.se/opinion/event/jag-dagar-i-karlstad/","name":"Festliga JAG-dagar i Karlstad - JAG Opinion","isPartOf":{"@id":"https://jag.se/opinion/#website"},"datePublished":"2024-07-16T11:36:22+00:00","dateModified":"2024-07-16T11:37:18+00:00","breadcrumb":{"@id":"https://jag.se/opinion/event/jag-dagar-i-karlstad/#breadcrumb"},"inLanguage":"sv-SE","potentialAction":[{"@type":"ReadAction","target":["https://jag.se/opinion/event/jag-dagar-i-karlstad/"]}]},{"@type":"BreadcrumbList","@id":"https://jag.se/opinion/event/jag-dagar-i-karlstad/#breadcrumb","itemListElement":[{"@type":"ListItem","position":1,"name":"JAG start","item":"https://jag.se"},{"@type":"ListItem","position":2,"name":"Riksföreningen JAG","item":"https://jag.se/opinion/"},{"@type":"ListItem","position":3,"name":"Event","item":"https://jag.se/opinion/event/"},{"@type":"ListItem","position":4,"name":"Festliga JAG-dagar i Karlstad"}]},{"@type":"WebSite","@id":"https://jag.se/opinion/#website","url":"https://jag.se/opinion/","name":"JAG Opinion","description":"","potentialAction":[{"@type":"SearchAction","target":{"@type":"EntryPoint","urlTemplate":"https://jag.se/opinion/?s={search_term_string}"},"query-input":"required name=search_term_string"}],"inLanguage":"sv-SE"}]}</script>
<!-- / Yoast SEO plugin. -->

Öppet hus, medlemsträff i Föreningen JAG Värmland och utbildning för alla intresserade bjuds det på när Brukarkooperativet JAG och assistansreformen firar 30 år i Karlstad 6-7/11. Läs mer och anmäl här. Adress: JAGs träffpunkt på Norra Kyrkogatan 4 i Karlstad. Välkommen!

Riksföreningen JAG
