{"id":25325,"date":"2024-08-15T10:14:11","date_gmt":"2024-08-15T10:14:11","guid":{"rendered":"https:\/\/jag.se\/opinion\/?post_type=events&#038;p=25325"},"modified":"2024-09-13T11:05:56","modified_gmt":"2024-09-13T11:05:56","slug":"jag-har-talang-tillbaka-i-kalmar","status":"publish","type":"events","link":"https:\/\/jag.se\/opinion\/event\/jag-har-talang-tillbaka-i-kalmar\/","title":{"rendered":"JAG har talang &#8211; tillbaka i Kalmar!"},"content":{"rendered":"\n<p>Succen JAG har talang \u00e4r tillbaka i h\u00f6st. H\u00f6stens f\u00f6rsta stopp blir i Kalmar den 26 september kl 17.30. Samma plats som senast: IOGT:s lokal, Tr\u00e4dg\u00e5rdsgatan 12 i Kalmar.<\/p>\n","protected":false},"featured_media":23076,"menu_order":40,"template":"","class_list":["post-25325","events","type-events","status-publish","has-post-thumbnail","hentry"],"acf":[],"yoast_head":"<!-- This site is optimized with the Yoast SEO plugin v21.3 - https:\/\/yoast.com\/wordpress\/plugins\/seo\/ -->\n<title>JAG har talang - tillbaka i Kalmar! - JAG Opinion<\/title>\n<meta name=\"robots\" content=\"index, follow, max-snippet:-1, max-image-preview:large, max-video-preview:-1\" \/>\n<link rel=\"canonical\" href=\"https:\/\/jag.se\/opinion\/event\/jag-har-talang-tillbaka-i-kalmar\/\" \/>\n<meta property=\"og:locale\" content=\"sv_SE\" \/>\n<meta property=\"og:type\" content=\"article\" \/>\n<meta property=\"og:title\" content=\"JAG har talang - tillbaka i Kalmar! - JAG Opinion\" \/>\n<meta property=\"og:description\" content=\"Succen JAG har talang \u00e4r tillbaka i h\u00f6st. H\u00f6stens f\u00f6rsta stopp blir i Kalmar den 26 september kl 17.30. Samma plats som senast: IOGT:s lokal, Tr\u00e4dg\u00e5rdsgatan 12 i Kalmar.\" \/>\n<meta property=\"og:url\" content=\"https:\/\/jag.se\/opinion\/event\/jag-har-talang-tillbaka-i-kalmar\/\" \/>\n<meta property=\"og:site_name\" content=\"JAG Opinion\" \/>\n<meta property=\"article:modified_time\" content=\"2024-09-13T11:05:56+00:00\" \/>\n<meta property=\"og:image\" content=\"https:\/\/jag.se\/opinion\/wp-content\/uploads\/sites\/3\/2023\/11\/JAG-har-talang-web-banner-NEW.jpg\" \/>\n\t<meta property=\"og:image:width\" content=\"2150\" \/>\n\t<meta property=\"og:image:height\" content=\"628\" \/>\n\t<meta property=\"og:image:type\" content=\"image\/jpeg\" \/>\n<meta name=\"twitter:card\" content=\"summary_large_image\" \/>\n<meta name=\"twitter:label1\" content=\"Ber\u00e4knad l\u00e4stid\" \/>\n\t<meta name=\"twitter:data1\" content=\"1 minut\" \/>\n<script type=\"application\/ld+json\" class=\"yoast-schema-graph\">{\"@context\":\"https:\/\/schema.org\",\"@graph\":[{\"@type\":\"WebPage\",\"@id\":\"https:\/\/jag.se\/opinion\/event\/jag-har-talang-tillbaka-i-kalmar\/\",\"url\":\"https:\/\/jag.se\/opinion\/event\/jag-har-talang-tillbaka-i-kalmar\/\",\"name\":\"JAG har talang - tillbaka i Kalmar! - JAG Opinion\",\"isPartOf\":{\"@id\":\"https:\/\/jag.se\/opinion\/#website\"},\"datePublished\":\"2024-08-15T10:14:11+00:00\",\"dateModified\":\"2024-09-13T11:05:56+00:00\",\"breadcrumb\":{\"@id\":\"https:\/\/jag.se\/opinion\/event\/jag-har-talang-tillbaka-i-kalmar\/#breadcrumb\"},\"inLanguage\":\"sv-SE\",\"potentialAction\":[{\"@type\":\"ReadAction\",\"target\":[\"https:\/\/jag.se\/opinion\/event\/jag-har-talang-tillbaka-i-kalmar\/\"]}]},{\"@type\":\"BreadcrumbList\",\"@id\":\"https:\/\/jag.se\/opinion\/event\/jag-har-talang-tillbaka-i-kalmar\/#breadcrumb\",\"itemListElement\":[{\"@type\":\"ListItem\",\"position\":1,\"name\":\"JAG start\",\"item\":\"https:\/\/jag.se\"},{\"@type\":\"ListItem\",\"position\":2,\"name\":\"Riksf\u00f6reningen JAG\",\"item\":\"https:\/\/jag.se\/opinion\/\"},{\"@type\":\"ListItem\",\"position\":3,\"name\":\"Event\",\"item\":\"https:\/\/jag.se\/opinion\/event\/\"},{\"@type\":\"ListItem\",\"position\":4,\"name\":\"JAG har talang &#8211; tillbaka i Kalmar!\"}]},{\"@type\":\"WebSite\",\"@id\":\"https:\/\/jag.se\/opinion\/#website\",\"url\":\"https:\/\/jag.se\/opinion\/\",\"name\":\"JAG Opinion\",\"description\":\"\",\"potentialAction\":[{\"@type\":\"SearchAction\",\"target\":{\"@type\":\"EntryPoint\",\"urlTemplate\":\"https:\/\/jag.se\/opinion\/?s={search_term_string}\"},\"query-input\":\"required name=search_term_string\"}],\"inLanguage\":\"sv-SE\"}]}<\/script>\n<!-- \/ Yoast SEO plugin. -->","yoast_head_json":{"title":"JAG har talang - tillbaka i Kalmar! - JAG Opinion","robots":{"index":"index","follow":"follow","max-snippet":"max-snippet:-1","max-image-preview":"max-image-preview:large","max-video-preview":"max-video-preview:-1"},"canonical":"https:\/\/jag.se\/opinion\/event\/jag-har-talang-tillbaka-i-kalmar\/","og_locale":"sv_SE","og_type":"article","og_title":"JAG har talang - tillbaka i Kalmar! - JAG Opinion","og_description":"Succen JAG har talang \u00e4r tillbaka i h\u00f6st. H\u00f6stens f\u00f6rsta stopp blir i Kalmar den 26 september kl 17.30. Samma plats som senast: IOGT:s lokal, Tr\u00e4dg\u00e5rdsgatan 12 i Kalmar.","og_url":"https:\/\/jag.se\/opinion\/event\/jag-har-talang-tillbaka-i-kalmar\/","og_site_name":"JAG Opinion","article_modified_time":"2024-09-13T11:05:56+00:00","og_image":[{"width":2150,"height":628,"url":"https:\/\/jag.se\/opinion\/wp-content\/uploads\/sites\/3\/2023\/11\/JAG-har-talang-web-banner-NEW.jpg","type":"image\/jpeg"}],"twitter_card":"summary_large_image","twitter_misc":{"Ber\u00e4knad l\u00e4stid":"1 minut"},"schema":{"@context":"https:\/\/schema.org","@graph":[{"@type":"WebPage","@id":"https:\/\/jag.se\/opinion\/event\/jag-har-talang-tillbaka-i-kalmar\/","url":"https:\/\/jag.se\/opinion\/event\/jag-har-talang-tillbaka-i-kalmar\/","name":"JAG har talang - tillbaka i Kalmar! - JAG Opinion","isPartOf":{"@id":"https:\/\/jag.se\/opinion\/#website"},"datePublished":"2024-08-15T10:14:11+00:00","dateModified":"2024-09-13T11:05:56+00:00","breadcrumb":{"@id":"https:\/\/jag.se\/opinion\/event\/jag-har-talang-tillbaka-i-kalmar\/#breadcrumb"},"inLanguage":"sv-SE","potentialAction":[{"@type":"ReadAction","target":["https:\/\/jag.se\/opinion\/event\/jag-har-talang-tillbaka-i-kalmar\/"]}]},{"@type":"BreadcrumbList","@id":"https:\/\/jag.se\/opinion\/event\/jag-har-talang-tillbaka-i-kalmar\/#breadcrumb","itemListElement":[{"@type":"ListItem","position":1,"name":"JAG start","item":"https:\/\/jag.se"},{"@type":"ListItem","position":2,"name":"Riksf\u00f6reningen JAG","item":"https:\/\/jag.se\/opinion\/"},{"@type":"ListItem","position":3,"name":"Event","item":"https:\/\/jag.se\/opinion\/event\/"},{"@type":"ListItem","position":4,"name":"JAG har talang &#8211; tillbaka i Kalmar!"}]},{"@type":"WebSite","@id":"https:\/\/jag.se\/opinion\/#website","url":"https:\/\/jag.se\/opinion\/","name":"JAG Opinion","description":"","potentialAction":[{"@type":"SearchAction","target":{"@type":"EntryPoint","urlTemplate":"https:\/\/jag.se\/opinion\/?s={search_term_string}"},"query-input":"required name=search_term_string"}],"inLanguage":"sv-SE"}]}},"_links":{"self":[{"href":"https:\/\/jag.se\/opinion\/wp-json\/wp\/v2\/events\/25325","targetHints":{"allow":["GET"]}}],"collection":[{"href":"https:\/\/jag.se\/opinion\/wp-json\/wp\/v2\/events"}],"about":[{"href":"https:\/\/jag.se\/opinion\/wp-json\/wp\/v2\/types\/events"}],"wp:featuredmedia":[{"embeddable":true,"href":"https:\/\/jag.se\/opinion\/wp-json\/wp\/v2\/media\/23076"}],"wp:attachment":[{"href":"https:\/\/jag.se\/opinion\/wp-json\/wp\/v2\/media?parent=25325"}],"curies":[{"name":"wp","href":"https:\/\/api.w.org\/{rel}","templated":true}]}}

<p>Succen JAG har talang är tillbaka i höst. Höstens första stopp blir i Kalmar den 26 september kl 17.30. Samma plats som senast: IOGT:s lokal, Trädgårdsgatan 12 i Kalmar.</p>

<!-- This site is optimized with the Yoast SEO plugin v21.3 - https://yoast.com/wordpress/plugins/seo/ -->
<title>JAG har talang - tillbaka i Kalmar! - JAG Opinion</title>
<meta name="robots" content="index, follow, max-snippet:-1, max-image-preview:large, max-video-preview:-1" />
<link rel="canonical" href="https://jag.se/opinion/event/jag-har-talang-tillbaka-i-kalmar/" />
<meta property="og:locale" content="sv_SE" />
<meta property="og:type" content="article" />
<meta property="og:title" content="JAG har talang - tillbaka i Kalmar! - JAG Opinion" />
<meta property="og:description" content="Succen JAG har talang är tillbaka i höst. Höstens första stopp blir i Kalmar den 26 september kl 17.30. Samma plats som senast: IOGT:s lokal, Trädgårdsgatan 12 i Kalmar." />
<meta property="og:url" content="https://jag.se/opinion/event/jag-har-talang-tillbaka-i-kalmar/" />
<meta property="og:site_name" content="JAG Opinion" />
<meta property="article:modified_time" content="2024-09-13T11:05:56+00:00" />
<meta property="og:image" content="https://jag.se/opinion/wp-content/uploads/sites/3/2023/11/JAG-har-talang-web-banner-NEW.jpg" />
	<meta property="og:image:width" content="2150" />
	<meta property="og:image:height" content="628" />
	<meta property="og:image:type" content="image/jpeg" />
<meta name="twitter:card" content="summary_large_image" />
<meta name="twitter:label1" content="Beräknad lästid" />
	<meta name="twitter:data1" content="1 minut" />
<script type="application/ld+json" class="yoast-schema-graph">{"@context":"https://schema.org","@graph":[{"@type":"WebPage","@id":"https://jag.se/opinion/event/jag-har-talang-tillbaka-i-kalmar/","url":"https://jag.se/opinion/event/jag-har-talang-tillbaka-i-kalmar/","name":"JAG har talang - tillbaka i Kalmar! - JAG Opinion","isPartOf":{"@id":"https://jag.se/opinion/#website"},"datePublished":"2024-08-15T10:14:11+00:00","dateModified":"2024-09-13T11:05:56+00:00","breadcrumb":{"@id":"https://jag.se/opinion/event/jag-har-talang-tillbaka-i-kalmar/#breadcrumb"},"inLanguage":"sv-SE","potentialAction":[{"@type":"ReadAction","target":["https://jag.se/opinion/event/jag-har-talang-tillbaka-i-kalmar/"]}]},{"@type":"BreadcrumbList","@id":"https://jag.se/opinion/event/jag-har-talang-tillbaka-i-kalmar/#breadcrumb","itemListElement":[{"@type":"ListItem","position":1,"name":"JAG start","item":"https://jag.se"},{"@type":"ListItem","position":2,"name":"Riksföreningen JAG","item":"https://jag.se/opinion/"},{"@type":"ListItem","position":3,"name":"Event","item":"https://jag.se/opinion/event/"},{"@type":"ListItem","position":4,"name":"JAG har talang &#8211; tillbaka i Kalmar!"}]},{"@type":"WebSite","@id":"https://jag.se/opinion/#website","url":"https://jag.se/opinion/","name":"JAG Opinion","description":"","potentialAction":[{"@type":"SearchAction","target":{"@type":"EntryPoint","urlTemplate":"https://jag.se/opinion/?s={search_term_string}"},"query-input":"required name=search_term_string"}],"inLanguage":"sv-SE"}]}</script>
<!-- / Yoast SEO plugin. -->

Succen JAG har talang är tillbaka i höst. Höstens första stopp blir i Kalmar den 26 september kl 17.30. Samma plats som senast: IOGT:s lokal, Trädgårdsgatan 12 i Kalmar.

Riksföreningen JAG
