{"id":9921,"date":"2022-07-14T08:51:28","date_gmt":"2022-07-14T08:51:28","guid":{"rendered":"https:\/\/jag.se\/opinion\/?post_type=events&#038;p=9921"},"modified":"2022-11-08T14:25:46","modified_gmt":"2022-11-08T14:25:46","slug":"nordisk-konferens-2-3-12-2022","status":"publish","type":"events","link":"https:\/\/jag.se\/opinion\/event\/nordisk-konferens-2-3-12-2022\/","title":{"rendered":"Nordisk konferens"},"content":{"rendered":"\n<p>Framg\u00e5ngssagan och utmaningarna &#8211; nordisk konferens om personlig assistans 2-3\/12. Arrangeras i Stockholm av Riksf\u00f6reningen JAG i samarbete med systerf\u00f6reningarna i Norge och Finland och med st\u00f6d av Nordens v\u00e4lf\u00e4rdscenter. Det g\u00e5r \u00e4ven att f\u00f6lja konferensen i direkts\u00e4ndning p\u00e5 youtube.<br><br><a href=\"https:\/\/sv-se.invajo.com\/event\/riksf%C3%B6reningenjag\/personligassistansinorden%E2%80%93framg%C3%A5ngssaganochutmaningarna\" target=\"_blank\" rel=\"noreferrer noopener\">L\u00e4s mer och anm\u00e4l dig h\u00e4r.<\/a><\/p>\n","protected":false},"featured_media":0,"menu_order":110,"template":"","class_list":["post-9921","events","type-events","status-publish","hentry"],"acf":[],"yoast_head":"<!-- This site is optimized with the Yoast SEO plugin v21.3 - https:\/\/yoast.com\/wordpress\/plugins\/seo\/ -->\n<title>Nordisk konferens - JAG Opinion<\/title>\n<meta name=\"robots\" content=\"index, follow, max-snippet:-1, max-image-preview:large, max-video-preview:-1\" \/>\n<link rel=\"canonical\" href=\"https:\/\/jag.se\/opinion\/event\/nordisk-konferens-2-3-12-2022\/\" \/>\n<meta property=\"og:locale\" content=\"sv_SE\" \/>\n<meta property=\"og:type\" content=\"article\" \/>\n<meta property=\"og:title\" content=\"Nordisk konferens - JAG Opinion\" \/>\n<meta property=\"og:description\" content=\"Framg\u00e5ngssagan och utmaningarna &#8211; nordisk konferens om personlig assistans 2-3\/12. Arrangeras i Stockholm av Riksf\u00f6reningen JAG i samarbete med systerf\u00f6reningarna i Norge och Finland och med st\u00f6d av Nordens v\u00e4lf\u00e4rdscenter. Det g\u00e5r \u00e4ven att f\u00f6lja konferensen i direkts\u00e4ndning p\u00e5 youtube. L\u00e4s mer och anm\u00e4l dig h\u00e4r.\" \/>\n<meta property=\"og:url\" content=\"https:\/\/jag.se\/opinion\/event\/nordisk-konferens-2-3-12-2022\/\" \/>\n<meta property=\"og:site_name\" content=\"JAG Opinion\" \/>\n<meta property=\"article:modified_time\" content=\"2022-11-08T14:25:46+00:00\" \/>\n<meta name=\"twitter:card\" content=\"summary_large_image\" \/>\n<meta name=\"twitter:label1\" content=\"Ber\u00e4knad l\u00e4stid\" \/>\n\t<meta name=\"twitter:data1\" content=\"1 minut\" \/>\n<script type=\"application\/ld+json\" class=\"yoast-schema-graph\">{\"@context\":\"https:\/\/schema.org\",\"@graph\":[{\"@type\":\"WebPage\",\"@id\":\"https:\/\/jag.se\/opinion\/event\/nordisk-konferens-2-3-12-2022\/\",\"url\":\"https:\/\/jag.se\/opinion\/event\/nordisk-konferens-2-3-12-2022\/\",\"name\":\"Nordisk konferens - JAG Opinion\",\"isPartOf\":{\"@id\":\"https:\/\/jag.se\/opinion\/#website\"},\"datePublished\":\"2022-07-14T08:51:28+00:00\",\"dateModified\":\"2022-11-08T14:25:46+00:00\",\"breadcrumb\":{\"@id\":\"https:\/\/jag.se\/opinion\/event\/nordisk-konferens-2-3-12-2022\/#breadcrumb\"},\"inLanguage\":\"sv-SE\",\"potentialAction\":[{\"@type\":\"ReadAction\",\"target\":[\"https:\/\/jag.se\/opinion\/event\/nordisk-konferens-2-3-12-2022\/\"]}]},{\"@type\":\"BreadcrumbList\",\"@id\":\"https:\/\/jag.se\/opinion\/event\/nordisk-konferens-2-3-12-2022\/#breadcrumb\",\"itemListElement\":[{\"@type\":\"ListItem\",\"position\":1,\"name\":\"JAG start\",\"item\":\"https:\/\/jag.se\"},{\"@type\":\"ListItem\",\"position\":2,\"name\":\"Riksf\u00f6reningen JAG\",\"item\":\"https:\/\/jag.se\/opinion\/\"},{\"@type\":\"ListItem\",\"position\":3,\"name\":\"Event\",\"item\":\"https:\/\/jag.se\/opinion\/event\/\"},{\"@type\":\"ListItem\",\"position\":4,\"name\":\"Nordisk konferens\"}]},{\"@type\":\"WebSite\",\"@id\":\"https:\/\/jag.se\/opinion\/#website\",\"url\":\"https:\/\/jag.se\/opinion\/\",\"name\":\"JAG Opinion\",\"description\":\"\",\"potentialAction\":[{\"@type\":\"SearchAction\",\"target\":{\"@type\":\"EntryPoint\",\"urlTemplate\":\"https:\/\/jag.se\/opinion\/?s={search_term_string}\"},\"query-input\":\"required name=search_term_string\"}],\"inLanguage\":\"sv-SE\"}]}<\/script>\n<!-- \/ Yoast SEO plugin. -->","yoast_head_json":{"title":"Nordisk konferens - JAG Opinion","robots":{"index":"index","follow":"follow","max-snippet":"max-snippet:-1","max-image-preview":"max-image-preview:large","max-video-preview":"max-video-preview:-1"},"canonical":"https:\/\/jag.se\/opinion\/event\/nordisk-konferens-2-3-12-2022\/","og_locale":"sv_SE","og_type":"article","og_title":"Nordisk konferens - JAG Opinion","og_description":"Framg\u00e5ngssagan och utmaningarna &#8211; nordisk konferens om personlig assistans 2-3\/12. Arrangeras i Stockholm av Riksf\u00f6reningen JAG i samarbete med systerf\u00f6reningarna i Norge och Finland och med st\u00f6d av Nordens v\u00e4lf\u00e4rdscenter. Det g\u00e5r \u00e4ven att f\u00f6lja konferensen i direkts\u00e4ndning p\u00e5 youtube. L\u00e4s mer och anm\u00e4l dig h\u00e4r.","og_url":"https:\/\/jag.se\/opinion\/event\/nordisk-konferens-2-3-12-2022\/","og_site_name":"JAG Opinion","article_modified_time":"2022-11-08T14:25:46+00:00","twitter_card":"summary_large_image","twitter_misc":{"Ber\u00e4knad l\u00e4stid":"1 minut"},"schema":{"@context":"https:\/\/schema.org","@graph":[{"@type":"WebPage","@id":"https:\/\/jag.se\/opinion\/event\/nordisk-konferens-2-3-12-2022\/","url":"https:\/\/jag.se\/opinion\/event\/nordisk-konferens-2-3-12-2022\/","name":"Nordisk konferens - JAG Opinion","isPartOf":{"@id":"https:\/\/jag.se\/opinion\/#website"},"datePublished":"2022-07-14T08:51:28+00:00","dateModified":"2022-11-08T14:25:46+00:00","breadcrumb":{"@id":"https:\/\/jag.se\/opinion\/event\/nordisk-konferens-2-3-12-2022\/#breadcrumb"},"inLanguage":"sv-SE","potentialAction":[{"@type":"ReadAction","target":["https:\/\/jag.se\/opinion\/event\/nordisk-konferens-2-3-12-2022\/"]}]},{"@type":"BreadcrumbList","@id":"https:\/\/jag.se\/opinion\/event\/nordisk-konferens-2-3-12-2022\/#breadcrumb","itemListElement":[{"@type":"ListItem","position":1,"name":"JAG start","item":"https:\/\/jag.se"},{"@type":"ListItem","position":2,"name":"Riksf\u00f6reningen JAG","item":"https:\/\/jag.se\/opinion\/"},{"@type":"ListItem","position":3,"name":"Event","item":"https:\/\/jag.se\/opinion\/event\/"},{"@type":"ListItem","position":4,"name":"Nordisk konferens"}]},{"@type":"WebSite","@id":"https:\/\/jag.se\/opinion\/#website","url":"https:\/\/jag.se\/opinion\/","name":"JAG Opinion","description":"","potentialAction":[{"@type":"SearchAction","target":{"@type":"EntryPoint","urlTemplate":"https:\/\/jag.se\/opinion\/?s={search_term_string}"},"query-input":"required name=search_term_string"}],"inLanguage":"sv-SE"}]}},"_links":{"self":[{"href":"https:\/\/jag.se\/opinion\/wp-json\/wp\/v2\/events\/9921","targetHints":{"allow":["GET"]}}],"collection":[{"href":"https:\/\/jag.se\/opinion\/wp-json\/wp\/v2\/events"}],"about":[{"href":"https:\/\/jag.se\/opinion\/wp-json\/wp\/v2\/types\/events"}],"wp:attachment":[{"href":"https:\/\/jag.se\/opinion\/wp-json\/wp\/v2\/media?parent=9921"}],"curies":[{"name":"wp","href":"https:\/\/api.w.org\/{rel}","templated":true}]}}

<p>Framgångssagan och utmaningarna &#8211; nordisk konferens om personlig assistans 2-3/12. Arrangeras i Stockholm av Riksföreningen JAG i samarbete med systerföreningarna i Norge och Finland och med stöd av Nordens välfärdscenter. Det går även att följa konferensen i direktsändning på youtube.<br><br><a href="https://sv-se.invajo.com/event/riksf%C3%B6reningenjag/personligassistansinorden%E2%80%93framg%C3%A5ngssaganochutmaningarna" target="_blank" rel="noreferrer noopener">Läs mer och anmäl dig här.</a></p>

<!-- This site is optimized with the Yoast SEO plugin v21.3 - https://yoast.com/wordpress/plugins/seo/ -->
<title>Nordisk konferens - JAG Opinion</title>
<meta name="robots" content="index, follow, max-snippet:-1, max-image-preview:large, max-video-preview:-1" />
<link rel="canonical" href="https://jag.se/opinion/event/nordisk-konferens-2-3-12-2022/" />
<meta property="og:locale" content="sv_SE" />
<meta property="og:type" content="article" />
<meta property="og:title" content="Nordisk konferens - JAG Opinion" />
<meta property="og:description" content="Framgångssagan och utmaningarna &#8211; nordisk konferens om personlig assistans 2-3/12. Arrangeras i Stockholm av Riksföreningen JAG i samarbete med systerföreningarna i Norge och Finland och med stöd av Nordens välfärdscenter. Det går även att följa konferensen i direktsändning på youtube. Läs mer och anmäl dig här." />
<meta property="og:url" content="https://jag.se/opinion/event/nordisk-konferens-2-3-12-2022/" />
<meta property="og:site_name" content="JAG Opinion" />
<meta property="article:modified_time" content="2022-11-08T14:25:46+00:00" />
<meta name="twitter:card" content="summary_large_image" />
<meta name="twitter:label1" content="Beräknad lästid" />
	<meta name="twitter:data1" content="1 minut" />
<script type="application/ld+json" class="yoast-schema-graph">{"@context":"https://schema.org","@graph":[{"@type":"WebPage","@id":"https://jag.se/opinion/event/nordisk-konferens-2-3-12-2022/","url":"https://jag.se/opinion/event/nordisk-konferens-2-3-12-2022/","name":"Nordisk konferens - JAG Opinion","isPartOf":{"@id":"https://jag.se/opinion/#website"},"datePublished":"2022-07-14T08:51:28+00:00","dateModified":"2022-11-08T14:25:46+00:00","breadcrumb":{"@id":"https://jag.se/opinion/event/nordisk-konferens-2-3-12-2022/#breadcrumb"},"inLanguage":"sv-SE","potentialAction":[{"@type":"ReadAction","target":["https://jag.se/opinion/event/nordisk-konferens-2-3-12-2022/"]}]},{"@type":"BreadcrumbList","@id":"https://jag.se/opinion/event/nordisk-konferens-2-3-12-2022/#breadcrumb","itemListElement":[{"@type":"ListItem","position":1,"name":"JAG start","item":"https://jag.se"},{"@type":"ListItem","position":2,"name":"Riksföreningen JAG","item":"https://jag.se/opinion/"},{"@type":"ListItem","position":3,"name":"Event","item":"https://jag.se/opinion/event/"},{"@type":"ListItem","position":4,"name":"Nordisk konferens"}]},{"@type":"WebSite","@id":"https://jag.se/opinion/#website","url":"https://jag.se/opinion/","name":"JAG Opinion","description":"","potentialAction":[{"@type":"SearchAction","target":{"@type":"EntryPoint","urlTemplate":"https://jag.se/opinion/?s={search_term_string}"},"query-input":"required name=search_term_string"}],"inLanguage":"sv-SE"}]}</script>
<!-- / Yoast SEO plugin. -->

Framgångssagan och utmaningarna &#8211; nordisk konferens om personlig assistans 2-3/12. Arrangeras i Stockholm av Riksföreningen JAG i samarbete med systerföreningarna i Norge och Finland och med stöd av Nordens välfärdscenter. Det går även att följa konferensen i direktsändning på youtube. Läs mer och anmäl dig här.

Riksföreningen JAG
