{"id":484,"date":"2022-02-15T12:39:41","date_gmt":"2022-02-15T12:39:41","guid":{"rendered":"https:\/\/jag.se\/opinion\/?page_id=484"},"modified":"2022-04-28T14:11:56","modified_gmt":"2022-04-28T14:11:56","slug":"varfor-behovs-jag","status":"publish","type":"page","link":"https:\/\/jag.se\/opinion\/varfor-behovs-jag\/","title":{"rendered":"Varf\u00f6r beh\u00f6vs JAG"},"content":{"rendered":"<div class=\"yoast-breadcrumbs\">\t<div class=\"inner\">\n\t\t<span><span><a href=\"https:\/\/jag.se\">JAG start<\/a><\/span> &gt; <span><a href=\"https:\/\/jag.se\/opinion\/\">Riksf\u00f6reningen JAG<\/a><\/span> &gt; <span class=\"breadcrumb_last\" aria-current=\"page\">Varf\u00f6r beh\u00f6vs JAG<\/span><\/span>\t<\/div>\n<\/div>\n\n\n<h1 class=\"wp-block-heading\">Varf\u00f6r beh\u00f6vs JAG?<\/h1>\n\n\n<section class=\"text-block white  \">\n    <div class=\"block-icon\"><\/div>\n\t<div class=\"inner\">\n\t\t<div class=\"text-block-content\">\n\t\t\t\t<p style=\"text-align: left;\">I en v\u00e4rld d\u00e4r m\u00e4nniskov\u00e4rdet ofta utg\u00e5r fr\u00e5n prestation och produktivitet uppm\u00e4rksammar vi livsgl\u00e4dje, bek\u00e4mpar IQ-diskriminering och lyfter alla m\u00e4nniskors v\u00e4rdighet. Oavsett funktionsf\u00f6rm\u00e5ga.<\/p>\n<p style=\"text-align: left;\">Det \u00e4r en m\u00e4nsklig r\u00e4ttighet att f\u00e5 leva sitt liv som en sj\u00e4lv vill. Med sj\u00e4lvbest\u00e4mmande. Det g\u00e4ller alla.<\/p>\n<p style=\"text-align: left;\">Personer med funktionsneds\u00e4ttning har samma r\u00e4tt som andra att leva oberoende och att delta fullt ut i alla livets omr\u00e5den.<\/p>\n<p style=\"text-align: left;\">S\u00e5 ser det tyv\u00e4rr inte alltid ut idag. Personer med intellektuell funktionsneds\u00e4ttning tvingas in i boendeformer de inte valt sj\u00e4lva. M\u00e5nga f\u00e5r inte det st\u00f6d f\u00f6r kommunikation som de beh\u00f6ver och st\u00e4lls d\u00e4rmed utanf\u00f6r samh\u00e4llet. Sm\u00e5 barn med sv\u00e5ra funktionsneds\u00e4ttningar tvingas skiljas fr\u00e5n sina familjer och ist\u00e4llet\u00a0 v\u00e4xa upp p\u00e5 institution.<\/p>\n<p style=\"text-align: left;\">Enligt FNs funktionsr\u00e4ttskonvention ska samh\u00e4llet vidta \u00e4ndam\u00e5lsenliga \u00e5tg\u00e4rder f\u00f6r att personer med funktionsneds\u00e4ttning ska kunna erh\u00e5lla sina r\u00e4ttigheter.\u00a0<\/p>\n<p style=\"text-align: left;\">Personlig assistans \u00e4r den enda insats som lever upp till artikel 19 i FN-konventionen. I Riksf\u00f6reningen JAG k\u00e4mpar vi tillsammans f\u00f6r att utveckla och framtidss\u00e4kra den personliga assistansen.<\/p>\n<p>&nbsp;<\/p>\n\t\t<\/div>\n<\/section>\n\n\n\n<div class=\"wp-block-buttons is-content-justification-center is-layout-flex wp-container-core-buttons-is-layout-16018d1d wp-block-buttons-is-layout-flex\">\n<div class=\"wp-block-button\"><a class=\"wp-block-button__link\" href=\"\/opinion\/bli-medlem\/\">Bli medlem du ocks\u00e5!<\/a><\/div>\n<\/div>\n","protected":false},"excerpt":{"rendered":"<p>Varf\u00f6r beh\u00f6vs JAG?<\/p>\n","protected":false},"author":8,"featured_media":0,"parent":0,"menu_order":18,"comment_status":"closed","ping_status":"closed","template":"","meta":{"footnotes":""},"class_list":["post-484","page","type-page","status-publish","hentry"],"acf":[],"yoast_head":"<!-- This site is optimized with the Yoast SEO plugin v21.3 - https:\/\/yoast.com\/wordpress\/plugins\/seo\/ -->\n<title>Varf\u00f6r beh\u00f6vs JAG - JAG Opinion<\/title>\n<meta name=\"robots\" content=\"index, follow, max-snippet:-1, max-image-preview:large, max-video-preview:-1\" \/>\n<link rel=\"canonical\" href=\"https:\/\/jag.se\/opinion\/varfor-behovs-jag\/\" \/>\n<meta property=\"og:locale\" content=\"sv_SE\" \/>\n<meta property=\"og:type\" content=\"article\" \/>\n<meta property=\"og:title\" content=\"Varf\u00f6r beh\u00f6vs JAG - JAG Opinion\" \/>\n<meta property=\"og:description\" content=\"Varf\u00f6r beh\u00f6vs JAG?\" \/>\n<meta property=\"og:url\" content=\"https:\/\/jag.se\/opinion\/varfor-behovs-jag\/\" \/>\n<meta property=\"og:site_name\" content=\"JAG Opinion\" \/>\n<meta property=\"article:modified_time\" content=\"2022-04-28T14:11:56+00:00\" \/>\n<meta name=\"twitter:card\" content=\"summary_large_image\" \/>\n<meta name=\"twitter:label1\" content=\"Ber\u00e4knad l\u00e4stid\" \/>\n\t<meta name=\"twitter:data1\" content=\"1 minut\" \/>\n<script type=\"application\/ld+json\" class=\"yoast-schema-graph\">{\"@context\":\"https:\/\/schema.org\",\"@graph\":[{\"@type\":\"WebPage\",\"@id\":\"https:\/\/jag.se\/opinion\/varfor-behovs-jag\/\",\"url\":\"https:\/\/jag.se\/opinion\/varfor-behovs-jag\/\",\"name\":\"Varf\u00f6r beh\u00f6vs JAG - JAG Opinion\",\"isPartOf\":{\"@id\":\"https:\/\/jag.se\/opinion\/#website\"},\"datePublished\":\"2022-02-15T12:39:41+00:00\",\"dateModified\":\"2022-04-28T14:11:56+00:00\",\"breadcrumb\":{\"@id\":\"https:\/\/jag.se\/opinion\/varfor-behovs-jag\/#breadcrumb\"},\"inLanguage\":\"sv-SE\",\"potentialAction\":[{\"@type\":\"ReadAction\",\"target\":[\"https:\/\/jag.se\/opinion\/varfor-behovs-jag\/\"]}]},{\"@type\":\"BreadcrumbList\",\"@id\":\"https:\/\/jag.se\/opinion\/varfor-behovs-jag\/#breadcrumb\",\"itemListElement\":[{\"@type\":\"ListItem\",\"position\":1,\"name\":\"JAG start\",\"item\":\"https:\/\/jag.se\"},{\"@type\":\"ListItem\",\"position\":2,\"name\":\"Riksf\u00f6reningen JAG\",\"item\":\"https:\/\/jag.se\/opinion\/\"},{\"@type\":\"ListItem\",\"position\":3,\"name\":\"Varf\u00f6r beh\u00f6vs JAG\"}]},{\"@type\":\"WebSite\",\"@id\":\"https:\/\/jag.se\/opinion\/#website\",\"url\":\"https:\/\/jag.se\/opinion\/\",\"name\":\"JAG Opinion\",\"description\":\"\",\"potentialAction\":[{\"@type\":\"SearchAction\",\"target\":{\"@type\":\"EntryPoint\",\"urlTemplate\":\"https:\/\/jag.se\/opinion\/?s={search_term_string}\"},\"query-input\":\"required name=search_term_string\"}],\"inLanguage\":\"sv-SE\"}]}<\/script>\n<!-- \/ Yoast SEO plugin. -->","yoast_head_json":{"title":"Varf\u00f6r beh\u00f6vs JAG - JAG Opinion","robots":{"index":"index","follow":"follow","max-snippet":"max-snippet:-1","max-image-preview":"max-image-preview:large","max-video-preview":"max-video-preview:-1"},"canonical":"https:\/\/jag.se\/opinion\/varfor-behovs-jag\/","og_locale":"sv_SE","og_type":"article","og_title":"Varf\u00f6r beh\u00f6vs JAG - JAG Opinion","og_description":"Varf\u00f6r beh\u00f6vs JAG?","og_url":"https:\/\/jag.se\/opinion\/varfor-behovs-jag\/","og_site_name":"JAG Opinion","article_modified_time":"2022-04-28T14:11:56+00:00","twitter_card":"summary_large_image","twitter_misc":{"Ber\u00e4knad l\u00e4stid":"1 minut"},"schema":{"@context":"https:\/\/schema.org","@graph":[{"@type":"WebPage","@id":"https:\/\/jag.se\/opinion\/varfor-behovs-jag\/","url":"https:\/\/jag.se\/opinion\/varfor-behovs-jag\/","name":"Varf\u00f6r beh\u00f6vs JAG - JAG Opinion","isPartOf":{"@id":"https:\/\/jag.se\/opinion\/#website"},"datePublished":"2022-02-15T12:39:41+00:00","dateModified":"2022-04-28T14:11:56+00:00","breadcrumb":{"@id":"https:\/\/jag.se\/opinion\/varfor-behovs-jag\/#breadcrumb"},"inLanguage":"sv-SE","potentialAction":[{"@type":"ReadAction","target":["https:\/\/jag.se\/opinion\/varfor-behovs-jag\/"]}]},{"@type":"BreadcrumbList","@id":"https:\/\/jag.se\/opinion\/varfor-behovs-jag\/#breadcrumb","itemListElement":[{"@type":"ListItem","position":1,"name":"JAG start","item":"https:\/\/jag.se"},{"@type":"ListItem","position":2,"name":"Riksf\u00f6reningen JAG","item":"https:\/\/jag.se\/opinion\/"},{"@type":"ListItem","position":3,"name":"Varf\u00f6r beh\u00f6vs JAG"}]},{"@type":"WebSite","@id":"https:\/\/jag.se\/opinion\/#website","url":"https:\/\/jag.se\/opinion\/","name":"JAG Opinion","description":"","potentialAction":[{"@type":"SearchAction","target":{"@type":"EntryPoint","urlTemplate":"https:\/\/jag.se\/opinion\/?s={search_term_string}"},"query-input":"required name=search_term_string"}],"inLanguage":"sv-SE"}]}},"_links":{"self":[{"href":"https:\/\/jag.se\/opinion\/wp-json\/wp\/v2\/pages\/484","targetHints":{"allow":["GET"]}}],"collection":[{"href":"https:\/\/jag.se\/opinion\/wp-json\/wp\/v2\/pages"}],"about":[{"href":"https:\/\/jag.se\/opinion\/wp-json\/wp\/v2\/types\/page"}],"author":[{"embeddable":true,"href":"https:\/\/jag.se\/opinion\/wp-json\/wp\/v2\/users\/8"}],"replies":[{"embeddable":true,"href":"https:\/\/jag.se\/opinion\/wp-json\/wp\/v2\/comments?post=484"}],"version-history":[{"count":25,"href":"https:\/\/jag.se\/opinion\/wp-json\/wp\/v2\/pages\/484\/revisions"}],"predecessor-version":[{"id":4694,"href":"https:\/\/jag.se\/opinion\/wp-json\/wp\/v2\/pages\/484\/revisions\/4694"}],"wp:attachment":[{"href":"https:\/\/jag.se\/opinion\/wp-json\/wp\/v2\/media?parent=484"}],"curies":[{"name":"wp","href":"https:\/\/api.w.org\/{rel}","templated":true}]}}

Varför behövs JAG

<div class="yoast-breadcrumbs">	<div class="inner">
		<span><span><a href="https://jag.se">JAG start</a></span> &gt; <span><a href="https://jag.se/opinion/">Riksföreningen JAG</a></span> &gt; <span class="breadcrumb_last" aria-current="page">Varför behövs JAG</span></span>	</div>
</div>


<h1 class="wp-block-heading">Varför behövs JAG?</h1>


<section class="text-block white  ">
    <div class="block-icon"></div>
	<div class="inner">
		<div class="text-block-content">
				<p style="text-align: left;">I en värld där människovärdet ofta utgår från prestation och produktivitet uppmärksammar vi livsglädje, bekämpar IQ-diskriminering och lyfter alla människors värdighet. Oavsett funktionsförmåga.</p>
<p style="text-align: left;">Det är en mänsklig rättighet att få leva sitt liv som en själv vill. Med självbestämmande. Det gäller alla.</p>
<p style="text-align: left;">Personer med funktionsnedsättning har samma rätt som andra att leva oberoende och att delta fullt ut i alla livets områden.</p>
<p style="text-align: left;">Så ser det tyvärr inte alltid ut idag. Personer med intellektuell funktionsnedsättning tvingas in i boendeformer de inte valt själva. Många får inte det stöd för kommunikation som de behöver och ställs därmed utanför samhället. Små barn med svåra funktionsnedsättningar tvingas skiljas från sina familjer och istället  växa upp på institution.</p>
<p style="text-align: left;">Enligt FNs funktionsrättskonvention ska samhället vidta ändamålsenliga åtgärder för att personer med funktionsnedsättning ska kunna erhålla sina rättigheter. </p>
<p style="text-align: left;">Personlig assistans är den enda insats som lever upp till artikel 19 i FN-konventionen. I Riksföreningen JAG kämpar vi tillsammans för att utveckla och framtidssäkra den personliga assistansen.</p>
<p>&nbsp;</p>
		</div>
</section>



<div class="wp-block-buttons is-content-justification-center is-layout-flex wp-container-core-buttons-is-layout-16018d1d wp-block-buttons-is-layout-flex">
<div class="wp-block-button"><a class="wp-block-button__link" href="/opinion/bli-medlem/">Bli medlem du också!</a></div>
</div>

<p>Varför behövs JAG?</p>

<!-- This site is optimized with the Yoast SEO plugin v21.3 - https://yoast.com/wordpress/plugins/seo/ -->
<title>Varför behövs JAG - JAG Opinion</title>
<meta name="robots" content="index, follow, max-snippet:-1, max-image-preview:large, max-video-preview:-1" />
<link rel="canonical" href="https://jag.se/opinion/varfor-behovs-jag/" />
<meta property="og:locale" content="sv_SE" />
<meta property="og:type" content="article" />
<meta property="og:title" content="Varför behövs JAG - JAG Opinion" />
<meta property="og:description" content="Varför behövs JAG?" />
<meta property="og:url" content="https://jag.se/opinion/varfor-behovs-jag/" />
<meta property="og:site_name" content="JAG Opinion" />
<meta property="article:modified_time" content="2022-04-28T14:11:56+00:00" />
<meta name="twitter:card" content="summary_large_image" />
<meta name="twitter:label1" content="Beräknad lästid" />
	<meta name="twitter:data1" content="1 minut" />
<script type="application/ld+json" class="yoast-schema-graph">{"@context":"https://schema.org","@graph":[{"@type":"WebPage","@id":"https://jag.se/opinion/varfor-behovs-jag/","url":"https://jag.se/opinion/varfor-behovs-jag/","name":"Varför behövs JAG - JAG Opinion","isPartOf":{"@id":"https://jag.se/opinion/#website"},"datePublished":"2022-02-15T12:39:41+00:00","dateModified":"2022-04-28T14:11:56+00:00","breadcrumb":{"@id":"https://jag.se/opinion/varfor-behovs-jag/#breadcrumb"},"inLanguage":"sv-SE","potentialAction":[{"@type":"ReadAction","target":["https://jag.se/opinion/varfor-behovs-jag/"]}]},{"@type":"BreadcrumbList","@id":"https://jag.se/opinion/varfor-behovs-jag/#breadcrumb","itemListElement":[{"@type":"ListItem","position":1,"name":"JAG start","item":"https://jag.se"},{"@type":"ListItem","position":2,"name":"Riksföreningen JAG","item":"https://jag.se/opinion/"},{"@type":"ListItem","position":3,"name":"Varför behövs JAG"}]},{"@type":"WebSite","@id":"https://jag.se/opinion/#website","url":"https://jag.se/opinion/","name":"JAG Opinion","description":"","potentialAction":[{"@type":"SearchAction","target":{"@type":"EntryPoint","urlTemplate":"https://jag.se/opinion/?s={search_term_string}"},"query-input":"required name=search_term_string"}],"inLanguage":"sv-SE"}]}</script>
<!-- / Yoast SEO plugin. -->

Varför behövs JAG - JAG Opinion

Varför behövs JAG?

Riksföreningen JAG
