{"id":497,"date":"2022-02-15T13:41:15","date_gmt":"2022-02-15T13:41:15","guid":{"rendered":"https:\/\/jag.se\/opinion\/?page_id=497"},"modified":"2026-03-13T08:56:22","modified_gmt":"2026-03-13T08:56:22","slug":"arsmote","status":"publish","type":"page","link":"https:\/\/jag.se\/opinion\/arsmote\/","title":{"rendered":"\u00c5rsm\u00f6te"},"content":{"rendered":"<div class=\"yoast-breadcrumbs\">\t<div class=\"inner\">\n\t\t<span><span><a href=\"https:\/\/jag.se\">JAG start<\/a><\/span> &gt; <span><a href=\"https:\/\/jag.se\/opinion\/\">Riksf\u00f6reningen JAG<\/a><\/span> &gt; <span class=\"breadcrumb_last\" aria-current=\"page\">\u00c5rsm\u00f6te<\/span><\/span>\t<\/div>\n<\/div>\n\n\n<h1 class=\"wp-block-heading\">\u00c5rsm\u00f6te<\/h1>\n\n\n<section class=\"text-block white  \">\n    <div class=\"block-icon\"><\/div>\n\t<div class=\"inner\">\n\t\t<div class=\"text-block-content\">\n\t\t\t\t\t<h2 class=\"\">JAGs \u00e5rsm\u00f6teshelg 9-10 maj p\u00e5 Quality Hotel Strawberry Arena i Solna<\/h2>\n\t\t\t\t\t<p>\u00c5rsm\u00f6teshandlingarna f\u00f6r Riksf\u00f6reningen JAG publiceras h\u00e4r 14 dagar f\u00f6re m\u00f6tet.<\/p>\n\t\t<\/div>\n<\/section>\n\n\n\n<div class=\"wp-block-buttons is-content-justification-center is-layout-flex wp-container-core-buttons-is-layout-16018d1d wp-block-buttons-is-layout-flex\">\n<div class=\"wp-block-button has-custom-width wp-block-button__width-25\"><a class=\"wp-block-button__link wp-element-button\" href=\"https:\/\/sv-se.eu.invajo.com\/event\/riksforeningenjagochbrukarkooperativetjag\/jagsarsmoteshelg2026\">Programinformation<\/a><\/div>\n<\/div>\n\n\n<div class=\"wp-block-image\">\n<figure class=\"aligncenter size-large\"><img loading=\"lazy\" decoding=\"async\" width=\"1024\" height=\"581\" src=\"https:\/\/jag.se\/opinion\/wp-content\/uploads\/sites\/3\/2024\/04\/picto-arsmote-1024x581.png\" alt=\"Pictogramkarta med bild och ord v\u00e4lkommen, f\u00f6rening, best\u00e4mma, hotell, musik, kalas, diskotek och demokrati.\" class=\"wp-image-23509\" srcset=\"https:\/\/jag.se\/opinion\/wp-content\/uploads\/sites\/3\/2024\/04\/picto-arsmote-1024x581.png 1024w, https:\/\/jag.se\/opinion\/wp-content\/uploads\/sites\/3\/2024\/04\/picto-arsmote-300x170.png 300w, https:\/\/jag.se\/opinion\/wp-content\/uploads\/sites\/3\/2024\/04\/picto-arsmote-768x436.png 768w, https:\/\/jag.se\/opinion\/wp-content\/uploads\/sites\/3\/2024\/04\/picto-arsmote-176x100.png 176w, https:\/\/jag.se\/opinion\/wp-content\/uploads\/sites\/3\/2024\/04\/picto-arsmote-120x68.png 120w, https:\/\/jag.se\/opinion\/wp-content\/uploads\/sites\/3\/2024\/04\/picto-arsmote-540x306.png 540w, https:\/\/jag.se\/opinion\/wp-content\/uploads\/sites\/3\/2024\/04\/picto-arsmote-601x341.png 601w, https:\/\/jag.se\/opinion\/wp-content\/uploads\/sites\/3\/2024\/04\/picto-arsmote-150x85.png 150w, https:\/\/jag.se\/opinion\/wp-content\/uploads\/sites\/3\/2024\/04\/picto-arsmote-311x176.png 311w, https:\/\/jag.se\/opinion\/wp-content\/uploads\/sites\/3\/2024\/04\/picto-arsmote-369x209.png 369w, https:\/\/jag.se\/opinion\/wp-content\/uploads\/sites\/3\/2024\/04\/picto-arsmote-374x212.png 374w, https:\/\/jag.se\/opinion\/wp-content\/uploads\/sites\/3\/2024\/04\/picto-arsmote-88x50.png 88w, https:\/\/jag.se\/opinion\/wp-content\/uploads\/sites\/3\/2024\/04\/picto-arsmote-987x560.png 987w, https:\/\/jag.se\/opinion\/wp-content\/uploads\/sites\/3\/2024\/04\/picto-arsmote.png 1026w\" sizes=\"auto, (max-width: 1024px) 100vw, 1024px\" \/><\/figure>\n<\/div>","protected":false},"excerpt":{"rendered":"<p>\u00c5rsm\u00f6te<\/p>\n","protected":false},"author":8,"featured_media":0,"parent":0,"menu_order":15,"comment_status":"closed","ping_status":"closed","template":"","meta":{"footnotes":""},"class_list":["post-497","page","type-page","status-publish","hentry"],"acf":[],"yoast_head":"<!-- This site is optimized with the Yoast SEO plugin v21.3 - https:\/\/yoast.com\/wordpress\/plugins\/seo\/ -->\n<title>\u00c5rsm\u00f6te - JAG Opinion<\/title>\n<meta name=\"robots\" content=\"index, follow, max-snippet:-1, max-image-preview:large, max-video-preview:-1\" \/>\n<link rel=\"canonical\" href=\"https:\/\/jag.se\/opinion\/arsmote\/\" \/>\n<meta property=\"og:locale\" content=\"sv_SE\" \/>\n<meta property=\"og:type\" content=\"article\" \/>\n<meta property=\"og:title\" content=\"\u00c5rsm\u00f6te - JAG Opinion\" \/>\n<meta property=\"og:description\" content=\"\u00c5rsm\u00f6te\" \/>\n<meta property=\"og:url\" content=\"https:\/\/jag.se\/opinion\/arsmote\/\" \/>\n<meta property=\"og:site_name\" content=\"JAG Opinion\" \/>\n<meta property=\"article:modified_time\" content=\"2026-03-13T08:56:22+00:00\" \/>\n<meta property=\"og:image\" content=\"https:\/\/jag.se\/opinion\/wp-content\/uploads\/sites\/3\/2024\/04\/picto-arsmote-1024x581.png\" \/>\n<meta name=\"twitter:card\" content=\"summary_large_image\" \/>\n<meta name=\"twitter:label1\" content=\"Ber\u00e4knad l\u00e4stid\" \/>\n\t<meta name=\"twitter:data1\" content=\"1 minut\" \/>\n<script type=\"application\/ld+json\" class=\"yoast-schema-graph\">{\"@context\":\"https:\/\/schema.org\",\"@graph\":[{\"@type\":\"WebPage\",\"@id\":\"https:\/\/jag.se\/opinion\/arsmote\/\",\"url\":\"https:\/\/jag.se\/opinion\/arsmote\/\",\"name\":\"\u00c5rsm\u00f6te - JAG Opinion\",\"isPartOf\":{\"@id\":\"https:\/\/jag.se\/opinion\/#website\"},\"datePublished\":\"2022-02-15T13:41:15+00:00\",\"dateModified\":\"2026-03-13T08:56:22+00:00\",\"breadcrumb\":{\"@id\":\"https:\/\/jag.se\/opinion\/arsmote\/#breadcrumb\"},\"inLanguage\":\"sv-SE\",\"potentialAction\":[{\"@type\":\"ReadAction\",\"target\":[\"https:\/\/jag.se\/opinion\/arsmote\/\"]}]},{\"@type\":\"BreadcrumbList\",\"@id\":\"https:\/\/jag.se\/opinion\/arsmote\/#breadcrumb\",\"itemListElement\":[{\"@type\":\"ListItem\",\"position\":1,\"name\":\"JAG start\",\"item\":\"https:\/\/jag.se\"},{\"@type\":\"ListItem\",\"position\":2,\"name\":\"Riksf\u00f6reningen JAG\",\"item\":\"https:\/\/jag.se\/opinion\/\"},{\"@type\":\"ListItem\",\"position\":3,\"name\":\"\u00c5rsm\u00f6te\"}]},{\"@type\":\"WebSite\",\"@id\":\"https:\/\/jag.se\/opinion\/#website\",\"url\":\"https:\/\/jag.se\/opinion\/\",\"name\":\"JAG Opinion\",\"description\":\"\",\"potentialAction\":[{\"@type\":\"SearchAction\",\"target\":{\"@type\":\"EntryPoint\",\"urlTemplate\":\"https:\/\/jag.se\/opinion\/?s={search_term_string}\"},\"query-input\":\"required name=search_term_string\"}],\"inLanguage\":\"sv-SE\"}]}<\/script>\n<!-- \/ Yoast SEO plugin. -->","yoast_head_json":{"title":"\u00c5rsm\u00f6te - JAG Opinion","robots":{"index":"index","follow":"follow","max-snippet":"max-snippet:-1","max-image-preview":"max-image-preview:large","max-video-preview":"max-video-preview:-1"},"canonical":"https:\/\/jag.se\/opinion\/arsmote\/","og_locale":"sv_SE","og_type":"article","og_title":"\u00c5rsm\u00f6te - JAG Opinion","og_description":"\u00c5rsm\u00f6te","og_url":"https:\/\/jag.se\/opinion\/arsmote\/","og_site_name":"JAG Opinion","article_modified_time":"2026-03-13T08:56:22+00:00","og_image":[{"url":"https:\/\/jag.se\/opinion\/wp-content\/uploads\/sites\/3\/2024\/04\/picto-arsmote-1024x581.png"}],"twitter_card":"summary_large_image","twitter_misc":{"Ber\u00e4knad l\u00e4stid":"1 minut"},"schema":{"@context":"https:\/\/schema.org","@graph":[{"@type":"WebPage","@id":"https:\/\/jag.se\/opinion\/arsmote\/","url":"https:\/\/jag.se\/opinion\/arsmote\/","name":"\u00c5rsm\u00f6te - JAG Opinion","isPartOf":{"@id":"https:\/\/jag.se\/opinion\/#website"},"datePublished":"2022-02-15T13:41:15+00:00","dateModified":"2026-03-13T08:56:22+00:00","breadcrumb":{"@id":"https:\/\/jag.se\/opinion\/arsmote\/#breadcrumb"},"inLanguage":"sv-SE","potentialAction":[{"@type":"ReadAction","target":["https:\/\/jag.se\/opinion\/arsmote\/"]}]},{"@type":"BreadcrumbList","@id":"https:\/\/jag.se\/opinion\/arsmote\/#breadcrumb","itemListElement":[{"@type":"ListItem","position":1,"name":"JAG start","item":"https:\/\/jag.se"},{"@type":"ListItem","position":2,"name":"Riksf\u00f6reningen JAG","item":"https:\/\/jag.se\/opinion\/"},{"@type":"ListItem","position":3,"name":"\u00c5rsm\u00f6te"}]},{"@type":"WebSite","@id":"https:\/\/jag.se\/opinion\/#website","url":"https:\/\/jag.se\/opinion\/","name":"JAG Opinion","description":"","potentialAction":[{"@type":"SearchAction","target":{"@type":"EntryPoint","urlTemplate":"https:\/\/jag.se\/opinion\/?s={search_term_string}"},"query-input":"required name=search_term_string"}],"inLanguage":"sv-SE"}]}},"_links":{"self":[{"href":"https:\/\/jag.se\/opinion\/wp-json\/wp\/v2\/pages\/497","targetHints":{"allow":["GET"]}}],"collection":[{"href":"https:\/\/jag.se\/opinion\/wp-json\/wp\/v2\/pages"}],"about":[{"href":"https:\/\/jag.se\/opinion\/wp-json\/wp\/v2\/types\/page"}],"author":[{"embeddable":true,"href":"https:\/\/jag.se\/opinion\/wp-json\/wp\/v2\/users\/8"}],"replies":[{"embeddable":true,"href":"https:\/\/jag.se\/opinion\/wp-json\/wp\/v2\/comments?post=497"}],"version-history":[{"count":109,"href":"https:\/\/jag.se\/opinion\/wp-json\/wp\/v2\/pages\/497\/revisions"}],"predecessor-version":[{"id":27765,"href":"https:\/\/jag.se\/opinion\/wp-json\/wp\/v2\/pages\/497\/revisions\/27765"}],"wp:attachment":[{"href":"https:\/\/jag.se\/opinion\/wp-json\/wp\/v2\/media?parent=497"}],"curies":[{"name":"wp","href":"https:\/\/api.w.org\/{rel}","templated":true}]}}